{"id":5836,"date":"2017-10-17T17:24:43","date_gmt":"2017-10-17T15:24:43","guid":{"rendered":"https:\/\/test.imprimetresde.com\/?post_type=product&#038;p=5836\/"},"modified":"2025-11-05T12:26:41","modified_gmt":"2025-11-05T10:26:41","slug":"broche-rosalia","status":"publish","type":"product","link":"https:\/\/test.imprimetresde.com\/gl\/produto\/broche-rosalia\/","title":{"rendered":"Broche Rosal\u00eda"},"content":{"rendered":"<p>Broche Rosal\u00eda en homenaxe \u00e1 escritora galega m\u00e1is universal, <a href=\"https:\/\/gl.wikipedia.org\/wiki\/Rosal%C3%ADa_de_Castro\">Rosal\u00eda de Castro<\/a>. Dese\u00f1ado pola equipa de <a href=\"https:\/\/test.imprimetresde.com\/gl\/\">Imprimetresde<\/a>, este fermoso broche podes atopalo en varias cores: branco e lila, branco e negro e branco e azul, ca forza que transmite a s\u00faa imaxe. Podes adquirir tam\u00e9n o colar e os brincos para completar a t\u00faa colecci\u00f3n. Dalle un toque feminista e reivindicativo ao teu look!<\/p>\n<p>Di\u00e1metro do broche: 35 mm<\/p>\n<p>Di\u00e1metro do broche XL:\u00a050 mm<\/p>\n<p>*O material no que est\u00e1 realizado \u00e9 <a href=\"https:\/\/test.imprimetresde.com\/gl\/o-noso-material-de-impresion-o-pla-polimero-biodegradabel-procedente-de-recursos-vexetais\/\">PLA<\/a>, material procedente de materia vexetal, biodegrad\u00e1bel, non t\u00f3xico e ecol\u00f3xico.<\/p>\n","protected":false},"excerpt":{"rendered":"<p>Broche Rosal\u00eda en homenaxe \u00e1 escritora galega m\u00e1is universal, <a href=\"https:\/\/gl.wikipedia.org\/wiki\/Rosal%C3%ADa_de_Castro\">Rosal\u00eda de Castro<\/a>. Dese\u00f1ado pola equipa de <a href=\"https:\/\/test.imprimetresde.com\/gl\/\">Imprimetresde<\/a>, este fermoso broche podes atopalo en varias cores: branco e lila, branco e negro e branco e azul, ca forza que transmite a s\u00faa imaxe. Podes adquirir tam\u00e9n o colar e os brincos para completar a t\u00faa colecci\u00f3n. Dalle un toque feminista e reivindicativo ao teu look!<\/p>\n<p>&nbsp;<\/p>\n","protected":false},"featured_media":5875,"comment_status":"open","ping_status":"closed","template":"","meta":{"_vp_format_video_url":"","_vp_image_focal_point":[]},"product_brand":[],"product_cat":[421,315,316],"product_tag":[970,541,365,485,1114,1115,469,2122,357,354,484,409,410,479,463,481,755,464,1165,969,281,1384,411],"class_list":{"0":"post-5836","1":"product","2":"type-product","3":"status-publish","4":"has-post-thumbnail","6":"product_cat-activismo","7":"product_cat-complementos-gl","8":"product_cat-cultura-gl","9":"product_tag-25n","10":"product_tag-8m","11":"product_tag-broche","12":"product_tag-cantares-gallegos","13":"product_tag-dia-da-nai","14":"product_tag-dia-do-pai","15":"product_tag-escritora","16":"product_tag-eu-son-libre","17":"product_tag-feminismo-gl","18":"product_tag-feminista-gl","19":"product_tag-follas-novas","20":"product_tag-galega","21":"product_tag-galego","22":"product_tag-galicia","23":"product_tag-galiza","24":"product_tag-libros","25":"product_tag-literatura","26":"product_tag-pais","27":"product_tag-rexurdimento","28":"product_tag-rosalia","29":"product_tag-rosalia-de-castro-gl","30":"product_tag-souvenir","31":"product_tag-violeta","33":"first","34":"instock","35":"taxable","36":"shipping-taxable","37":"purchasable","38":"product-type-variable"},"exclude_global_add_ons":[],"addons":[],"_links":{"self":[{"href":"https:\/\/test.imprimetresde.com\/gl\/wp-json\/wp\/v2\/product\/5836","targetHints":{"allow":["GET"]}}],"collection":[{"href":"https:\/\/test.imprimetresde.com\/gl\/wp-json\/wp\/v2\/product"}],"about":[{"href":"https:\/\/test.imprimetresde.com\/gl\/wp-json\/wp\/v2\/types\/product"}],"replies":[{"embeddable":true,"href":"https:\/\/test.imprimetresde.com\/gl\/wp-json\/wp\/v2\/comments?post=5836"}],"wp:featuredmedia":[{"embeddable":true,"href":"https:\/\/test.imprimetresde.com\/gl\/wp-json\/wp\/v2\/media\/5875"}],"wp:attachment":[{"href":"https:\/\/test.imprimetresde.com\/gl\/wp-json\/wp\/v2\/media?parent=5836"}],"wp:term":[{"taxonomy":"product_brand","embeddable":true,"href":"https:\/\/test.imprimetresde.com\/gl\/wp-json\/wp\/v2\/product_brand?post=5836"},{"taxonomy":"product_cat","embeddable":true,"href":"https:\/\/test.imprimetresde.com\/gl\/wp-json\/wp\/v2\/product_cat?post=5836"},{"taxonomy":"product_tag","embeddable":true,"href":"https:\/\/test.imprimetresde.com\/gl\/wp-json\/wp\/v2\/product_tag?post=5836"}],"curies":[{"name":"wp","href":"https:\/\/api.w.org\/{rel}","templated":true}]}}

Broche Rosalía

<p>Broche Rosalía en homenaxe á escritora galega máis universal, <a href="https://gl.wikipedia.org/wiki/Rosal%C3%ADa_de_Castro">Rosalía de Castro</a>. Deseñado pola equipa de <a href="https://test.imprimetresde.com/gl/">Imprimetresde</a>, este fermoso broche podes atopalo en varias cores: branco e lila, branco e negro e branco e azul, ca forza que transmite a súa imaxe. Podes adquirir tamén o colar e os brincos para completar a túa colección. Dalle un toque feminista e reivindicativo ao teu look!</p>
<p>Diámetro do broche: 35 mm</p>
<p>Diámetro do broche XL: 50 mm</p>
<p>*O material no que está realizado é <a href="https://test.imprimetresde.com/gl/o-noso-material-de-impresion-o-pla-polimero-biodegradabel-procedente-de-recursos-vexetais/">PLA</a>, material procedente de materia vexetal, biodegradábel, non tóxico e ecolóxico.</p>

<p>Broche Rosalía en homenaxe á escritora galega máis universal, <a href="https://gl.wikipedia.org/wiki/Rosal%C3%ADa_de_Castro">Rosalía de Castro</a>. Deseñado pola equipa de <a href="https://test.imprimetresde.com/gl/">Imprimetresde</a>, este fermoso broche podes atopalo en varias cores: branco e lila, branco e negro e branco e azul, ca forza que transmite a súa imaxe. Podes adquirir tamén o colar e os brincos para completar a túa colección. Dalle un toque feminista e reivindicativo ao teu look!</p>
<p>&nbsp;</p>
