{"id":5838,"date":"2017-10-17T13:08:53","date_gmt":"2017-10-17T11:08:53","guid":{"rendered":"https:\/\/test.imprimetresde.com\/?post_type=product&#038;p=5838\/"},"modified":"2025-06-27T11:48:54","modified_gmt":"2025-06-27T09:48:54","slug":"iman-rosalia","status":"publish","type":"product","link":"https:\/\/test.imprimetresde.com\/gl\/produto\/iman-rosalia\/","title":{"rendered":"Im\u00e1n Rosal\u00eda"},"content":{"rendered":"<p>Im\u00e1n Rosal\u00eda dese\u00f1ado desde <a href=\"https:\/\/test.imprimetresde.com\/gl\/\">Imprimetresde<\/a>\u00a0en homenaxe \u00e1 escritora galega m\u00e1is universal, <a href=\"https:\/\/gl.wikipedia.org\/wiki\/Rosal%C3%ADa_de_Castro\">Rosal\u00eda de Castro<\/a> . Podes facerte con el en d\u00faas cores, branco e lila e branco e negro, con toda a forza da imaxe dunha das mulleres m\u00e1is reivindicativas e revolucionarias da historia, adem\u00e1is de feminista e adiantada \u00e1 s\u00faa \u00e9poca.<\/p>\n<p>*O material no que est\u00e1 realizado \u00e9 <a href=\"https:\/\/test.imprimetresde.com\/gl\/o-noso-material-de-impresion-o-pla-polimero-biodegradabel-procedente-de-recursos-vexetais\/\">PLA<\/a>, material procedente de materia vexetal, biodegrad\u00e1bel, non t\u00f3xico e ecol\u00f3xico<\/p>\n","protected":false},"excerpt":{"rendered":"<p>Im\u00e1n Rosal\u00eda dese\u00f1ado desde <a href=\"https:\/\/test.imprimetresde.com\/gl\/\">Imprimetresde<\/a> en homenaxe \u00e1 escritora galega m\u00e1is universal, <a href=\"https:\/\/gl.wikipedia.org\/wiki\/Rosal%C3%ADa_de_Castro\">Rosal\u00eda de Castr<\/a>o . Podes facerte con el en d\u00faas cores, branco e lila e branco e negro, con toda a forza da imaxe dunha das mulleres m\u00e1is reivindicativas e revolucionarias da historia, adem\u00e1is de feminista e adiantada \u00e1 s\u00faa \u00e9poca.<\/p>\n<p>&nbsp;<\/p>\n","protected":false},"featured_media":9735,"comment_status":"open","ping_status":"closed","template":"","meta":{"_vp_format_video_url":"","_vp_image_focal_point":[]},"product_brand":[],"product_cat":[421,315,316,313],"product_tag":[577,485,1114,1115,469,357,354,484,409,410,479,463,415,377,1553,755,416,1552,969,281,1384,411],"class_list":{"0":"post-5838","1":"product","2":"type-product","3":"status-publish","4":"has-post-thumbnail","6":"product_cat-activismo","7":"product_cat-complementos-gl","8":"product_cat-cultura-gl","9":"product_cat-ambiente-gl","10":"product_tag-autora-internacional","11":"product_tag-cantares-gallegos","12":"product_tag-dia-da-nai","13":"product_tag-dia-do-pai","14":"product_tag-escritora","15":"product_tag-feminismo-gl","16":"product_tag-feminista-gl","17":"product_tag-follas-novas","18":"product_tag-galega","19":"product_tag-galego","20":"product_tag-galicia","21":"product_tag-galiza","22":"product_tag-iman","23":"product_tag-iman-de-neveira","24":"product_tag-lieders","25":"product_tag-literatura","26":"product_tag-neveira","27":"product_tag-padron","28":"product_tag-rosalia","29":"product_tag-rosalia-de-castro-gl","30":"product_tag-souvenir","31":"product_tag-violeta","33":"first","34":"instock","35":"taxable","36":"shipping-taxable","37":"purchasable","38":"product-type-variable"},"exclude_global_add_ons":[],"addons":[],"_links":{"self":[{"href":"https:\/\/test.imprimetresde.com\/gl\/wp-json\/wp\/v2\/product\/5838","targetHints":{"allow":["GET"]}}],"collection":[{"href":"https:\/\/test.imprimetresde.com\/gl\/wp-json\/wp\/v2\/product"}],"about":[{"href":"https:\/\/test.imprimetresde.com\/gl\/wp-json\/wp\/v2\/types\/product"}],"replies":[{"embeddable":true,"href":"https:\/\/test.imprimetresde.com\/gl\/wp-json\/wp\/v2\/comments?post=5838"}],"wp:featuredmedia":[{"embeddable":true,"href":"https:\/\/test.imprimetresde.com\/gl\/wp-json\/wp\/v2\/media\/9735"}],"wp:attachment":[{"href":"https:\/\/test.imprimetresde.com\/gl\/wp-json\/wp\/v2\/media?parent=5838"}],"wp:term":[{"taxonomy":"product_brand","embeddable":true,"href":"https:\/\/test.imprimetresde.com\/gl\/wp-json\/wp\/v2\/product_brand?post=5838"},{"taxonomy":"product_cat","embeddable":true,"href":"https:\/\/test.imprimetresde.com\/gl\/wp-json\/wp\/v2\/product_cat?post=5838"},{"taxonomy":"product_tag","embeddable":true,"href":"https:\/\/test.imprimetresde.com\/gl\/wp-json\/wp\/v2\/product_tag?post=5838"}],"curies":[{"name":"wp","href":"https:\/\/api.w.org\/{rel}","templated":true}]}}

Imán Rosalía

<p>Imán Rosalía deseñado desde <a href="https://test.imprimetresde.com/gl/">Imprimetresde</a> en homenaxe á escritora galega máis universal, <a href="https://gl.wikipedia.org/wiki/Rosal%C3%ADa_de_Castro">Rosalía de Castro</a> . Podes facerte con el en dúas cores, branco e lila e branco e negro, con toda a forza da imaxe dunha das mulleres máis reivindicativas e revolucionarias da historia, ademáis de feminista e adiantada á súa época.</p>
<p>*O material no que está realizado é <a href="https://test.imprimetresde.com/gl/o-noso-material-de-impresion-o-pla-polimero-biodegradabel-procedente-de-recursos-vexetais/">PLA</a>, material procedente de materia vexetal, biodegradábel, non tóxico e ecolóxico</p>

<p>Imán Rosalía deseñado desde <a href="https://test.imprimetresde.com/gl/">Imprimetresde</a> en homenaxe á escritora galega máis universal, <a href="https://gl.wikipedia.org/wiki/Rosal%C3%ADa_de_Castro">Rosalía de Castr</a>o . Podes facerte con el en dúas cores, branco e lila e branco e negro, con toda a forza da imaxe dunha das mulleres máis reivindicativas e revolucionarias da historia, ademáis de feminista e adiantada á súa época.</p>
<p>&nbsp;</p>
