{"id":5900,"date":"2017-10-24T13:29:31","date_gmt":"2017-10-26T09:47:30","guid":{"rendered":"https:\/\/test.imprimetresde.com\/?post_type=product&#038;p=5900\/"},"modified":"2025-04-03T16:22:39","modified_gmt":"2025-04-03T14:22:39","slug":"colgante-folla-de-carballo","status":"publish","type":"product","link":"https:\/\/test.imprimetresde.com\/gl\/produto\/colgante-folla-de-carballo\/","title":{"rendered":"Colar Folla de Carballo"},"content":{"rendered":"<p>Colar Folla de <a href=\"https:\/\/gl.wikipedia.org\/wiki\/Carballo_com%C3%BAn\">Carballo<\/a>, dese\u00f1o orixinal de I3D. Feito madeira, con moito estilo e leva unha elegante cadea inox ou prata<\/p>\n<p>*O material no que est\u00e1 realizado \u00e9 <a href=\"https:\/\/test.imprimetresde.com\/gl\/o-noso-material-de-impresion-o-pla-polimero-biodegradabel-procedente-de-recursos-vexetais\/\">PLA<\/a> (material procedente de materia vexetal, biodegrad\u00e1bel, non t\u00f3xico e ecol\u00f3xico) e m\u00e1is un 80% de madeira.<\/p>\n","protected":false},"excerpt":{"rendered":"<p>Colar Folla de <a href=\"https:\/\/gl.wikipedia.org\/wiki\/Carballo_com%C3%BAn\">Carballo<\/a>, dese\u00f1o orixinal de I3D. Feito en madeira, con moito estilo e leva unha elegante cadea inox ou prata.<\/p>\n","protected":false},"featured_media":5903,"comment_status":"open","ping_status":"closed","template":"","meta":{"_vp_format_video_url":"","_vp_image_focal_point":[]},"product_brand":[],"product_cat":[1312,315],"product_tag":[550,2224,431,2223,358,213,430,429,268,1384,387],"class_list":{"0":"post-5900","1":"product","2":"type-product","3":"status-publish","4":"has-post-thumbnail","6":"product_cat-colgantes-gl","7":"product_cat-complementos-gl","8":"product_tag-arbore","9":"product_tag-bosque-gl","10":"product_tag-carballo-gl","11":"product_tag-colar-gl","12":"product_tag-colgante-gl","13":"product_tag-complemento-gl","14":"product_tag-folla-gl","15":"product_tag-madeira-gl","16":"product_tag-moda-gl","17":"product_tag-souvenir","18":"product_tag-tipico","20":"first","21":"instock","22":"taxable","23":"shipping-taxable","24":"purchasable","25":"product-type-simple"},"exclude_global_add_ons":false,"addons":[{"name":"Material da Cadea (opcional)","type":"checkbox","position":0,"required":false,"title_format":"label","default":"","description_enable":true,"description":"Opci\u00f3n de facer a peza con cadea e accesorios de prata 925, de primera lei.","placeholder_enable":false,"placeholder":"","display":"select","restrictions_type":"any_text","adjust_price":false,"price":"","price_type":"flat_fee","restrictions":false,"min":"0","max":"0","options":[{"label":"Prata","price":"10","price_type":"flat_fee","image":0,"visibility":true}]}],"_links":{"self":[{"href":"https:\/\/test.imprimetresde.com\/gl\/wp-json\/wp\/v2\/product\/5900","targetHints":{"allow":["GET"]}}],"collection":[{"href":"https:\/\/test.imprimetresde.com\/gl\/wp-json\/wp\/v2\/product"}],"about":[{"href":"https:\/\/test.imprimetresde.com\/gl\/wp-json\/wp\/v2\/types\/product"}],"replies":[{"embeddable":true,"href":"https:\/\/test.imprimetresde.com\/gl\/wp-json\/wp\/v2\/comments?post=5900"}],"wp:featuredmedia":[{"embeddable":true,"href":"https:\/\/test.imprimetresde.com\/gl\/wp-json\/wp\/v2\/media\/5903"}],"wp:attachment":[{"href":"https:\/\/test.imprimetresde.com\/gl\/wp-json\/wp\/v2\/media?parent=5900"}],"wp:term":[{"taxonomy":"product_brand","embeddable":true,"href":"https:\/\/test.imprimetresde.com\/gl\/wp-json\/wp\/v2\/product_brand?post=5900"},{"taxonomy":"product_cat","embeddable":true,"href":"https:\/\/test.imprimetresde.com\/gl\/wp-json\/wp\/v2\/product_cat?post=5900"},{"taxonomy":"product_tag","embeddable":true,"href":"https:\/\/test.imprimetresde.com\/gl\/wp-json\/wp\/v2\/product_tag?post=5900"}],"curies":[{"name":"wp","href":"https:\/\/api.w.org\/{rel}","templated":true}]}}

<p>Colar Folla de <a href="https://gl.wikipedia.org/wiki/Carballo_com%C3%BAn">Carballo</a>, deseño orixinal de I3D. Feito madeira, con moito estilo e leva unha elegante cadea inox ou prata</p>
<p>*O material no que está realizado é <a href="https://test.imprimetresde.com/gl/o-noso-material-de-impresion-o-pla-polimero-biodegradabel-procedente-de-recursos-vexetais/">PLA</a> (material procedente de materia vexetal, biodegradábel, non tóxico e ecolóxico) e máis un 80% de madeira.</p>

<p>Colar Folla de <a href="https://gl.wikipedia.org/wiki/Carballo_com%C3%BAn">Carballo</a>, deseño orixinal de I3D. Feito en madeira, con moito estilo e leva unha elegante cadea inox ou prata.</p>

Opción de facer a peza con cadea e accesorios de prata 925, de primera lei.
