{"id":5920,"date":"2017-10-26T16:39:25","date_gmt":"2017-10-26T14:39:25","guid":{"rendered":"https:\/\/test.imprimetresde.com\/?post_type=product&#038;p=5920\/"},"modified":"2025-09-28T02:41:33","modified_gmt":"2025-09-28T00:41:33","slug":"marcapaxinas-samain","status":"publish","type":"product","link":"https:\/\/test.imprimetresde.com\/gl\/produto\/marcapaxinas-samain\/","title":{"rendered":"Marcap\u00e1xinas Sama\u00edn"},"content":{"rendered":"<p>Marcap\u00e1xinas Sama\u00edn. Figura conmemorativa do <a href=\"https:\/\/gl.wikipedia.org\/wiki\/Sama%C3%ADn\">Sama\u00edn<\/a> en cor laranxa, unha festa asociada ao ciclo anual do sol que xa forma parte do Patrimonio Inmaterial de Galicia e o Norte de Portugal. A recuperaci\u00f3n da tradici\u00f3n involucra a varias escolas que promoven actividades que \u00e1 s\u00faa vez son inseridas na promoci\u00f3n da candidatura a Patrimonio Inmaterial.<\/p>\n<p>O material no que est\u00e1n realizados \u00e9\u00a0<a href=\"https:\/\/test.imprimetresde.com\/gl\/o-noso-material-de-impresion-o-pla-polimero-biodegradabel-procedente-de-recursos-vexetais\/\">PLA<\/a>, material procedente de materia vexetal, biodegrad\u00e1bel, non t\u00f3xico e ecol\u00f3xico<\/p>\n","protected":false},"excerpt":{"rendered":"<p>Marcap\u00e1xinas Sama\u00edn. Figura conmemorativa do <a href=\"https:\/\/gl.wikipedia.org\/wiki\/Sama%C3%ADn\">Sama\u00edn<\/a> en cor laranxa, unha festa asociada ao ciclo anual do sol que xa forma parte do Patrimonio Inmaterial de Galicia e o Norte de Portugal. A recuperaci\u00f3n da tradici\u00f3n involucra a varias escolas que promoven actividades que \u00e1 s\u00faa vez son inseridas na promoci\u00f3n da candidatura a Patrimonio Inmaterial.<\/p>\n<p>&nbsp;<\/p>\n","protected":false},"featured_media":8614,"comment_status":"open","ping_status":"closed","template":"","meta":{"_vp_format_video_url":"","_vp_image_focal_point":[]},"product_brand":[],"product_cat":[315,316],"product_tag":[2061,441,438,446,443,439,289,1384,447,445],"class_list":{"0":"post-5920","1":"product","2":"type-product","3":"status-publish","4":"has-post-thumbnail","6":"product_cat-complementos-gl","7":"product_cat-cultura-gl","8":"product_tag-calacu","9":"product_tag-festa","10":"product_tag-halloween","11":"product_tag-medo","12":"product_tag-noite-de-defuntos","13":"product_tag-outono","14":"product_tag-samain-gl","15":"product_tag-souvenir","16":"product_tag-tradicion","17":"product_tag-truco-o-trato","19":"first","20":"instock","21":"sale","22":"featured","23":"taxable","24":"shipping-taxable","25":"purchasable","26":"product-type-simple"},"exclude_global_add_ons":[],"addons":[],"_links":{"self":[{"href":"https:\/\/test.imprimetresde.com\/gl\/wp-json\/wp\/v2\/product\/5920","targetHints":{"allow":["GET"]}}],"collection":[{"href":"https:\/\/test.imprimetresde.com\/gl\/wp-json\/wp\/v2\/product"}],"about":[{"href":"https:\/\/test.imprimetresde.com\/gl\/wp-json\/wp\/v2\/types\/product"}],"replies":[{"embeddable":true,"href":"https:\/\/test.imprimetresde.com\/gl\/wp-json\/wp\/v2\/comments?post=5920"}],"wp:featuredmedia":[{"embeddable":true,"href":"https:\/\/test.imprimetresde.com\/gl\/wp-json\/wp\/v2\/media\/8614"}],"wp:attachment":[{"href":"https:\/\/test.imprimetresde.com\/gl\/wp-json\/wp\/v2\/media?parent=5920"}],"wp:term":[{"taxonomy":"product_brand","embeddable":true,"href":"https:\/\/test.imprimetresde.com\/gl\/wp-json\/wp\/v2\/product_brand?post=5920"},{"taxonomy":"product_cat","embeddable":true,"href":"https:\/\/test.imprimetresde.com\/gl\/wp-json\/wp\/v2\/product_cat?post=5920"},{"taxonomy":"product_tag","embeddable":true,"href":"https:\/\/test.imprimetresde.com\/gl\/wp-json\/wp\/v2\/product_tag?post=5920"}],"curies":[{"name":"wp","href":"https:\/\/api.w.org\/{rel}","templated":true}]}}

Marcapáxinas Samaín

<p>Marcapáxinas Samaín. Figura conmemorativa do <a href="https://gl.wikipedia.org/wiki/Sama%C3%ADn">Samaín</a> en cor laranxa, unha festa asociada ao ciclo anual do sol que xa forma parte do Patrimonio Inmaterial de Galicia e o Norte de Portugal. A recuperación da tradición involucra a varias escolas que promoven actividades que á súa vez son inseridas na promoción da candidatura a Patrimonio Inmaterial.</p>
<p>O material no que están realizados é <a href="https://test.imprimetresde.com/gl/o-noso-material-de-impresion-o-pla-polimero-biodegradabel-procedente-de-recursos-vexetais/">PLA</a>, material procedente de materia vexetal, biodegradábel, non tóxico e ecolóxico</p>

<p>Marcapáxinas Samaín. Figura conmemorativa do <a href="https://gl.wikipedia.org/wiki/Sama%C3%ADn">Samaín</a> en cor laranxa, unha festa asociada ao ciclo anual do sol que xa forma parte do Patrimonio Inmaterial de Galicia e o Norte de Portugal. A recuperación da tradición involucra a varias escolas que promoven actividades que á súa vez son inseridas na promoción da candidatura a Patrimonio Inmaterial.</p>
<p>&nbsp;</p>
