{"id":5925,"date":"2017-10-26T09:25:47","date_gmt":"2017-10-26T07:25:47","guid":{"rendered":"https:\/\/test.imprimetresde.com\/?post_type=product&#038;p=5925\/"},"modified":"2025-04-03T23:47:05","modified_gmt":"2025-04-03T21:47:05","slug":"pin-gz","status":"publish","type":"product","link":"https:\/\/test.imprimetresde.com\/gl\/produto\/pin-gz\/","title":{"rendered":"Pin GZ"},"content":{"rendered":"<p>Pin GZ dese\u00f1ado por <a href=\"https:\/\/test.imprimetresde.com\/gl\/\">Imprimetresde<\/a> vai en cor branca e podes adquirir tam\u00e9n o brinco GZ (<a href=\"https:\/\/gl.wikipedia.org\/wiki\/Galicia\">Galiza<\/a>) para completar a t\u00faa colecci\u00f3n.<\/p>\n<p>Para env\u00edos de 5 uds ou m\u00e1is, os gastos de env\u00edo son de balde, INTRODUCINDO ESTE C\u00d3DIGO CUP\u00d3N AO FINALIZAR A COMPRA: pinGZ<\/p>\n<p>*O material no que est\u00e1 realizado \u00e9 <a href=\"https:\/\/test.imprimetresde.com\/nuestro-material-de-impresion-el-pla-polimero-biodegradable-procedente-de-recursos-vegetales\/\">PLA<\/a>, material procedente de materia vexetal, biodegrad\u00e1bel, non t\u00f3xico e ecol\u00f3xico.<\/p>\n<p>&nbsp;<\/p>\n<p><script src=\"moz-extension:\/\/5bdaac7b-9cd7-491b-8ff4-ed31f89b43b7\/js\/app.js\" type=\"text\/javascript\"><\/script><\/p>\n","protected":false},"excerpt":{"rendered":"<p>Pin GZ dese\u00f1ado por <a href=\"https:\/\/test.imprimetresde.com\/gl\/\">Imprimetresde<\/a> vai en cor branca e podes adquirir tam\u00e9n o brinco GZ (Galiza) para completar a t\u00faa colecci\u00f3n.<\/p>\n<p>&nbsp;<\/p>\n<p><script src=\"moz-extension:\/\/5bdaac7b-9cd7-491b-8ff4-ed31f89b43b7\/js\/app.js\" type=\"text\/javascript\"><\/script><\/p>\n","protected":false},"featured_media":6177,"comment_status":"open","ping_status":"closed","template":"","meta":{"_vp_format_video_url":"","_vp_image_focal_point":[]},"product_brand":[],"product_cat":[421,315,316],"product_tag":[1962,1963,378,1208,1149,463,462,578,464,2195,562],"class_list":{"0":"post-5925","1":"product","2":"type-product","3":"status-publish","4":"has-post-thumbnail","6":"product_cat-activismo","7":"product_cat-complementos-gl","8":"product_cat-cultura-gl","9":"product_tag-17-de-maio","10":"product_tag-17m","11":"product_tag-castelao","12":"product_tag-dia-da-patria","13":"product_tag-dia-das-letras","14":"product_tag-galiza","15":"product_tag-gz","16":"product_tag-nazon","17":"product_tag-pais","18":"product_tag-pin-gl","19":"product_tag-sempre-en-galiza","21":"first","22":"instock","23":"taxable","24":"shipping-taxable","25":"purchasable","26":"product-type-simple"},"exclude_global_add_ons":[],"addons":[],"_links":{"self":[{"href":"https:\/\/test.imprimetresde.com\/gl\/wp-json\/wp\/v2\/product\/5925","targetHints":{"allow":["GET"]}}],"collection":[{"href":"https:\/\/test.imprimetresde.com\/gl\/wp-json\/wp\/v2\/product"}],"about":[{"href":"https:\/\/test.imprimetresde.com\/gl\/wp-json\/wp\/v2\/types\/product"}],"replies":[{"embeddable":true,"href":"https:\/\/test.imprimetresde.com\/gl\/wp-json\/wp\/v2\/comments?post=5925"}],"wp:featuredmedia":[{"embeddable":true,"href":"https:\/\/test.imprimetresde.com\/gl\/wp-json\/wp\/v2\/media\/6177"}],"wp:attachment":[{"href":"https:\/\/test.imprimetresde.com\/gl\/wp-json\/wp\/v2\/media?parent=5925"}],"wp:term":[{"taxonomy":"product_brand","embeddable":true,"href":"https:\/\/test.imprimetresde.com\/gl\/wp-json\/wp\/v2\/product_brand?post=5925"},{"taxonomy":"product_cat","embeddable":true,"href":"https:\/\/test.imprimetresde.com\/gl\/wp-json\/wp\/v2\/product_cat?post=5925"},{"taxonomy":"product_tag","embeddable":true,"href":"https:\/\/test.imprimetresde.com\/gl\/wp-json\/wp\/v2\/product_tag?post=5925"}],"curies":[{"name":"wp","href":"https:\/\/api.w.org\/{rel}","templated":true}]}}

<p>Pin GZ deseñado por <a href="https://test.imprimetresde.com/gl/">Imprimetresde</a> vai en cor branca e podes adquirir tamén o brinco GZ (<a href="https://gl.wikipedia.org/wiki/Galicia">Galiza</a>) para completar a túa colección.</p>
<p>Para envíos de 5 uds ou máis, os gastos de envío son de balde, INTRODUCINDO ESTE CÓDIGO CUPÓN AO FINALIZAR A COMPRA: pinGZ</p>
<p>*O material no que está realizado é <a href="https://test.imprimetresde.com/nuestro-material-de-impresion-el-pla-polimero-biodegradable-procedente-de-recursos-vegetales/">PLA</a>, material procedente de materia vexetal, biodegradábel, non tóxico e ecolóxico.</p>
<p>&nbsp;</p>
<p><script src="moz-extension://5bdaac7b-9cd7-491b-8ff4-ed31f89b43b7/js/app.js" type="text/javascript"></script></p>

<p>Pin GZ deseñado por <a href="https://test.imprimetresde.com/gl/">Imprimetresde</a> vai en cor branca e podes adquirir tamén o brinco GZ (Galiza) para completar a túa colección.</p>
<p>&nbsp;</p>
<p><script src="moz-extension://5bdaac7b-9cd7-491b-8ff4-ed31f89b43b7/js/app.js" type="text/javascript"></script></p>
