{"id":5927,"date":"2018-03-27T11:42:05","date_gmt":"2018-03-27T11:42:05","guid":{"rendered":"https:\/\/test.imprimetresde.com\/?post_type=product&#038;p=5927\/"},"modified":"2021-03-11T19:49:58","modified_gmt":"2021-03-11T17:49:58","slug":"colar-airinos","status":"publish","type":"product","link":"https:\/\/test.imprimetresde.com\/gl\/produto\/colar-airinos\/","title":{"rendered":"Colar Airi\u00f1os"},"content":{"rendered":"<p>Colar Airi\u00f1os airi\u00f1os, aires, dese\u00f1ado pola equipa de <a href=\"https:\/\/test.imprimetresde.com\/gl\/\">Imprimetresde <\/a>dentro da Colecci\u00f3n Rosal\u00eda, en cor branca e leva unha elegante cadena. Extracto dun poema de Cantares Gallegos (1863) en homenaxe \u00e1 nosa escritora m\u00e1is internacional:<\/p>\n<p><em>&#8220;Airi\u00f1os, airi\u00f1os aires,<br \/>\nairi\u00f1os da mi\u00f1a terra;<br \/>\nairi\u00f1os, airi\u00f1os aires,<br \/>\nairi\u00f1os, levaime a ela.&#8221;<\/em><\/p>\n<p><a href=\"https:\/\/gl.wikipedia.org\/wiki\/Rosal%C3%ADa_de_Castro\">Rosal\u00eda de Castro<\/a>, Cantares Gallegos.<\/p>\n","protected":false},"excerpt":{"rendered":"<p>Colar Airi\u00f1os airi\u00f1os, aires, dese\u00f1ado pola equipa de Imprimetresde dentro da Colecci\u00f3n Rosal\u00eda, en cor branca e leva unha elegante cadena. Extracto dun poema de Cantares Gallegos (1863) en homenaxe \u00e1 nosa escritora m\u00e1is internacional:<\/p>\n<p><em>&#8220;Airi\u00f1os, airi\u00f1os aires,<br \/>\nairi\u00f1os da mi\u00f1a terra;<br \/>\nairi\u00f1os, airi\u00f1os aires,<br \/>\nairi\u00f1os, levaime a ela.&#8221;<\/em><br \/>\n<a href=\"https:\/\/gl.wikipedia.org\/wiki\/Rosal%C3%ADa_de_Castro\">Rosal\u00eda de Castro<\/a>, Cantares Gallegos.<\/p>\n","protected":false},"featured_media":9597,"comment_status":"open","ping_status":"closed","template":"","meta":{"_vp_format_video_url":"","_vp_image_focal_point":[]},"product_brand":[],"product_cat":[421,1312,315,316],"product_tag":[978,888,471,485,388,225,469,410,470,472,969,281],"class_list":{"0":"post-5927","1":"product","2":"type-product","3":"status-publish","4":"has-post-thumbnail","6":"product_cat-activismo","7":"product_cat-colgantes-gl","8":"product_cat-complementos-gl","9":"product_cat-cultura-gl","10":"product_tag-24-de-febreiro","11":"product_tag-24f","12":"product_tag-airinos","13":"product_tag-cantares-gallegos","14":"product_tag-colar","15":"product_tag-dia-de-rosalia-gl","16":"product_tag-escritora","17":"product_tag-galego","18":"product_tag-lingua-galega","19":"product_tag-poema","20":"product_tag-rosalia","21":"product_tag-rosalia-de-castro-gl","23":"first","24":"instock","25":"taxable","26":"shipping-taxable","27":"purchasable","28":"product-type-simple"},"exclude_global_add_ons":false,"addons":[{"name":"Material da Cadea (opcional)","type":"checkbox","position":0,"required":false,"title_format":"label","default":"","description_enable":true,"description":"Opci\u00f3n de facer a peza con cadea e accesorios de prata 925, de primera lei.","placeholder_enable":false,"placeholder":"","display":"select","restrictions_type":"any_text","adjust_price":false,"price":"","price_type":"flat_fee","restrictions":false,"min":"0","max":"0","options":[{"label":"Prata","price":"10","price_type":"flat_fee","image":0,"visibility":true}]}],"_links":{"self":[{"href":"https:\/\/test.imprimetresde.com\/gl\/wp-json\/wp\/v2\/product\/5927","targetHints":{"allow":["GET"]}}],"collection":[{"href":"https:\/\/test.imprimetresde.com\/gl\/wp-json\/wp\/v2\/product"}],"about":[{"href":"https:\/\/test.imprimetresde.com\/gl\/wp-json\/wp\/v2\/types\/product"}],"replies":[{"embeddable":true,"href":"https:\/\/test.imprimetresde.com\/gl\/wp-json\/wp\/v2\/comments?post=5927"}],"wp:featuredmedia":[{"embeddable":true,"href":"https:\/\/test.imprimetresde.com\/gl\/wp-json\/wp\/v2\/media\/9597"}],"wp:attachment":[{"href":"https:\/\/test.imprimetresde.com\/gl\/wp-json\/wp\/v2\/media?parent=5927"}],"wp:term":[{"taxonomy":"product_brand","embeddable":true,"href":"https:\/\/test.imprimetresde.com\/gl\/wp-json\/wp\/v2\/product_brand?post=5927"},{"taxonomy":"product_cat","embeddable":true,"href":"https:\/\/test.imprimetresde.com\/gl\/wp-json\/wp\/v2\/product_cat?post=5927"},{"taxonomy":"product_tag","embeddable":true,"href":"https:\/\/test.imprimetresde.com\/gl\/wp-json\/wp\/v2\/product_tag?post=5927"}],"curies":[{"name":"wp","href":"https:\/\/api.w.org\/{rel}","templated":true}]}}

Colar Airiños

<p>Colar Airiños airiños, aires, deseñado pola equipa de <a href="https://test.imprimetresde.com/gl/">Imprimetresde </a>dentro da Colección Rosalía, en cor branca e leva unha elegante cadena. Extracto dun poema de Cantares Gallegos (1863) en homenaxe á nosa escritora máis internacional:</p>
<p><em>&#8220;Airiños, airiños aires,<br />
airiños da miña terra;<br />
airiños, airiños aires,<br />
airiños, levaime a ela.&#8221;</em></p>
<p><a href="https://gl.wikipedia.org/wiki/Rosal%C3%ADa_de_Castro">Rosalía de Castro</a>, Cantares Gallegos.</p>

<p>Colar Airiños airiños, aires, deseñado pola equipa de Imprimetresde dentro da Colección Rosalía, en cor branca e leva unha elegante cadena. Extracto dun poema de Cantares Gallegos (1863) en homenaxe á nosa escritora máis internacional:</p>
<p><em>&#8220;Airiños, airiños aires,<br />
airiños da miña terra;<br />
airiños, airiños aires,<br />
airiños, levaime a ela.&#8221;</em><br />
<a href="https://gl.wikipedia.org/wiki/Rosal%C3%ADa_de_Castro">Rosalía de Castro</a>, Cantares Gallegos.</p>

Opción de facer a peza con cadea e accesorios de prata 925, de primera lei.
