{"id":5929,"date":"2017-12-04T09:38:06","date_gmt":"2017-12-04T09:38:06","guid":{"rendered":"https:\/\/test.imprimetresde.com\/?post_type=product&#038;p=5929\/"},"modified":"2025-09-29T11:38:50","modified_gmt":"2025-09-29T09:38:50","slug":"colar-no-bico-un-cantar","status":"publish","type":"product","link":"https:\/\/test.imprimetresde.com\/gl\/produto\/colar-no-bico-un-cantar\/","title":{"rendered":"Colar No bico un cantar"},"content":{"rendered":"<p>Colar No bico un cantar, orixinal peza dese\u00f1ada pola equipa de <a href=\"https:\/\/test.imprimetresde.com\">Imprimetresde<\/a> dentro da Colecci\u00f3n Rosal\u00eda e leva unha elegante cadena. Extracto dun poema que adicou Curros Enr\u00edquez \u00e1 nosa escritora m\u00e1is internacional:<\/p>\n<p>&#8220;<em>Do mar pola orela<br \/>\nmireina pasar,<br \/>\nna frente unha estrela,<br \/>\nno bico un cantar.<\/em><\/p>\n<p>E vina tan sola<br \/>\nna noite sin fin,<br \/>\n\u00a1que inda recei pola probe da tola<br \/>\neu, que non te\u00f1o quen rece por min!<\/p>\n<p>A musa dos pobos<br \/>\nque vin pasar eu,<br \/>\ncomesta dos lobos,<br \/>\ncomesta se veu\u2026<\/p>\n<p>Os \u00f3sos son dela<br \/>\nque vades gardar.<br \/>\n\u00a1Ai, dos que levan na frente unha estrela!<br \/>\n\u00a1Ai, dos que levan no bico un cantar!&#8221;<br \/>\nCurros Enr\u00edquez, A Rosal\u00eda (1885)<\/p>\n","protected":false},"excerpt":{"rendered":"<p>Colar No bico un cantar, orixinal peza dese\u00f1ada pola equipa de Imprimetresde dentro da Colecci\u00f3n Rosal\u00eda e leva unha elegante cadena. Extracto dun poema que adicou Curros Enr\u00edquez \u00e1 nosa escritora m\u00e1is internacional:<\/p>\n<p>&#8220;<em>Do mar pola orela<br \/>\nmireina pasar,<br \/>\nna frente unha estrela,<br \/>\nno bico un cantar.&#8221;<\/em><br \/>\nCurros Enr\u00edquez, A Rosal\u00eda (1885)<\/p>\n","protected":false},"featured_media":8344,"comment_status":"open","ping_status":"closed","template":"","meta":{"_vp_format_video_url":"","_vp_image_focal_point":[]},"product_brand":[],"product_cat":[421,1312,315,316],"product_tag":[451,388,473,476,410,429,396,474,475,472,969,281,1384],"class_list":{"0":"post-5929","1":"product","2":"type-product","3":"status-publish","4":"has-post-thumbnail","6":"product_cat-activismo","7":"product_cat-colgantes-gl","8":"product_cat-complementos-gl","9":"product_cat-cultura-gl","10":"product_tag-bixuteria","11":"product_tag-colar","12":"product_tag-curros-enriquez","13":"product_tag-escritora-galega","14":"product_tag-galego","15":"product_tag-madeira-gl","16":"product_tag-madera","17":"product_tag-no-bico-un-cantar","18":"product_tag-obra","19":"product_tag-poema","20":"product_tag-rosalia","21":"product_tag-rosalia-de-castro-gl","22":"product_tag-souvenir","24":"first","25":"onbackorder","26":"taxable","27":"shipping-taxable","28":"purchasable","29":"product-type-simple"},"exclude_global_add_ons":false,"addons":[{"name":"Material da Cadea (opcional)","type":"checkbox","position":0,"required":false,"title_format":"label","default":"","description_enable":true,"description":"Opci\u00f3n de facer a peza con cadea e accesorios de prata 925, de primera lei.","placeholder_enable":false,"placeholder":"","display":"select","restrictions_type":"any_text","adjust_price":false,"price":"","price_type":"flat_fee","restrictions":false,"min":"0","max":"0","options":[{"label":"Prata","price":"10","price_type":"flat_fee","image":0,"visibility":true}]}],"_links":{"self":[{"href":"https:\/\/test.imprimetresde.com\/gl\/wp-json\/wp\/v2\/product\/5929","targetHints":{"allow":["GET"]}}],"collection":[{"href":"https:\/\/test.imprimetresde.com\/gl\/wp-json\/wp\/v2\/product"}],"about":[{"href":"https:\/\/test.imprimetresde.com\/gl\/wp-json\/wp\/v2\/types\/product"}],"replies":[{"embeddable":true,"href":"https:\/\/test.imprimetresde.com\/gl\/wp-json\/wp\/v2\/comments?post=5929"}],"wp:featuredmedia":[{"embeddable":true,"href":"https:\/\/test.imprimetresde.com\/gl\/wp-json\/wp\/v2\/media\/8344"}],"wp:attachment":[{"href":"https:\/\/test.imprimetresde.com\/gl\/wp-json\/wp\/v2\/media?parent=5929"}],"wp:term":[{"taxonomy":"product_brand","embeddable":true,"href":"https:\/\/test.imprimetresde.com\/gl\/wp-json\/wp\/v2\/product_brand?post=5929"},{"taxonomy":"product_cat","embeddable":true,"href":"https:\/\/test.imprimetresde.com\/gl\/wp-json\/wp\/v2\/product_cat?post=5929"},{"taxonomy":"product_tag","embeddable":true,"href":"https:\/\/test.imprimetresde.com\/gl\/wp-json\/wp\/v2\/product_tag?post=5929"}],"curies":[{"name":"wp","href":"https:\/\/api.w.org\/{rel}","templated":true}]}}

<p>Colar No bico un cantar, orixinal peza deseñada pola equipa de <a href="https://test.imprimetresde.com">Imprimetresde</a> dentro da Colección Rosalía e leva unha elegante cadena. Extracto dun poema que adicou Curros Enríquez á nosa escritora máis internacional:</p>
<p>&#8220;<em>Do mar pola orela<br />
mireina pasar,<br />
na frente unha estrela,<br />
no bico un cantar.</em></p>
<p>E vina tan sola<br />
na noite sin fin,<br />
¡que inda recei pola probe da tola<br />
eu, que non teño quen rece por min!</p>
<p>A musa dos pobos<br />
que vin pasar eu,<br />
comesta dos lobos,<br />
comesta se veu…</p>
<p>Os ósos son dela<br />
que vades gardar.<br />
¡Ai, dos que levan na frente unha estrela!<br />
¡Ai, dos que levan no bico un cantar!&#8221;<br />
Curros Enríquez, A Rosalía (1885)</p>

<p>Colar No bico un cantar, orixinal peza deseñada pola equipa de Imprimetresde dentro da Colección Rosalía e leva unha elegante cadena. Extracto dun poema que adicou Curros Enríquez á nosa escritora máis internacional:</p>
<p>&#8220;<em>Do mar pola orela<br />
mireina pasar,<br />
na frente unha estrela,<br />
no bico un cantar.&#8221;</em><br />
Curros Enríquez, A Rosalía (1885)</p>

Opción de facer a peza con cadea e accesorios de prata 925, de primera lei.
