{"id":5930,"date":"2020-08-11T12:29:05","date_gmt":"2020-08-11T10:29:05","guid":{"rendered":"https:\/\/test.imprimetresde.com\/?post_type=product&#038;p=5930\/"},"modified":"2024-05-06T11:22:42","modified_gmt":"2024-05-06T09:22:42","slug":"chaveiro-rosalia","status":"publish","type":"product","link":"https:\/\/test.imprimetresde.com\/gl\/produto\/chaveiro-rosalia\/","title":{"rendered":"Chaveiro Rosal\u00eda"},"content":{"rendered":"<p>Chaveiro Rosal\u00eda coa imaxe de Rosal\u00eda de Castro en formato Litofan\u00eda, dentro da Colecci\u00f3n <a href=\"https:\/\/gl.wikipedia.org\/wiki\/Rosal%C3%ADa_de_Castro\">Rosal\u00eda<\/a> en homenaxe \u00e1 nosa escritora m\u00e1is universal. En cor branca.<\/p>\n<p>*O material no que est\u00e1 realizado \u00e9\u00a0<a href=\"https:\/\/test.imprimetresde.com\/gl\/o-noso-material-de-impresion-o-pla-polimero-biodegradabel-procedente-de-recursos-vexetais\/\">PLA<\/a>, material procedente de materia vexetal, biodegrad\u00e1bel, non t\u00f3xico e ecol\u00f3xico<\/p>\n","protected":false},"excerpt":{"rendered":"<p>Chaveiro coa imaxe de Rosal\u00eda de Castro en formato Litofan\u00eda, dentro da Colecci\u00f3n <a href=\"https:\/\/gl.wikipedia.org\/wiki\/Rosal%C3%ADa_de_Castro\">Rosal\u00eda<\/a> en homenaxe \u00e1 nosa escritora m\u00e1is universal. En cor branca.<\/p>\n","protected":false},"featured_media":7925,"comment_status":"open","ping_status":"closed","template":"","meta":{"_vp_format_video_url":"","_vp_image_focal_point":[]},"product_brand":[],"product_cat":[421,315,316],"product_tag":[469,410,477,2508,2507,470,2300,969,281],"class_list":{"0":"post-5930","1":"product","2":"type-product","3":"status-publish","4":"has-post-thumbnail","6":"product_cat-activismo","7":"product_cat-complementos-gl","8":"product_cat-cultura-gl","9":"product_tag-escritora","10":"product_tag-galego","11":"product_tag-imaxe","12":"product_tag-impresion-3d-a-coruna","13":"product_tag-impresion-3d-coruna","14":"product_tag-lingua-galega","15":"product_tag-llavero-gl","16":"product_tag-rosalia","17":"product_tag-rosalia-de-castro-gl","19":"first","20":"instock","21":"taxable","22":"shipping-taxable","23":"purchasable","24":"product-type-simple"},"exclude_global_add_ons":[],"addons":[],"_links":{"self":[{"href":"https:\/\/test.imprimetresde.com\/gl\/wp-json\/wp\/v2\/product\/5930","targetHints":{"allow":["GET"]}}],"collection":[{"href":"https:\/\/test.imprimetresde.com\/gl\/wp-json\/wp\/v2\/product"}],"about":[{"href":"https:\/\/test.imprimetresde.com\/gl\/wp-json\/wp\/v2\/types\/product"}],"replies":[{"embeddable":true,"href":"https:\/\/test.imprimetresde.com\/gl\/wp-json\/wp\/v2\/comments?post=5930"}],"wp:featuredmedia":[{"embeddable":true,"href":"https:\/\/test.imprimetresde.com\/gl\/wp-json\/wp\/v2\/media\/7925"}],"wp:attachment":[{"href":"https:\/\/test.imprimetresde.com\/gl\/wp-json\/wp\/v2\/media?parent=5930"}],"wp:term":[{"taxonomy":"product_brand","embeddable":true,"href":"https:\/\/test.imprimetresde.com\/gl\/wp-json\/wp\/v2\/product_brand?post=5930"},{"taxonomy":"product_cat","embeddable":true,"href":"https:\/\/test.imprimetresde.com\/gl\/wp-json\/wp\/v2\/product_cat?post=5930"},{"taxonomy":"product_tag","embeddable":true,"href":"https:\/\/test.imprimetresde.com\/gl\/wp-json\/wp\/v2\/product_tag?post=5930"}],"curies":[{"name":"wp","href":"https:\/\/api.w.org\/{rel}","templated":true}]}}

Chaveiro Rosalía

<p>Chaveiro Rosalía coa imaxe de Rosalía de Castro en formato Litofanía, dentro da Colección <a href="https://gl.wikipedia.org/wiki/Rosal%C3%ADa_de_Castro">Rosalía</a> en homenaxe á nosa escritora máis universal. En cor branca.</p>
<p>*O material no que está realizado é <a href="https://test.imprimetresde.com/gl/o-noso-material-de-impresion-o-pla-polimero-biodegradabel-procedente-de-recursos-vexetais/">PLA</a>, material procedente de materia vexetal, biodegradábel, non tóxico e ecolóxico</p>

<p>Chaveiro coa imaxe de Rosalía de Castro en formato Litofanía, dentro da Colección <a href="https://gl.wikipedia.org/wiki/Rosal%C3%ADa_de_Castro">Rosalía</a> en homenaxe á nosa escritora máis universal. En cor branca.</p>
