{"id":5931,"date":"2017-10-26T10:57:22","date_gmt":"2017-10-26T08:57:22","guid":{"rendered":"https:\/\/test.imprimetresde.com\/?post_type=product&#038;p=5931\/"},"modified":"2023-02-23T13:52:52","modified_gmt":"2023-02-23T11:52:52","slug":"chaveiro-probe-galicia","status":"publish","type":"product","link":"https:\/\/test.imprimetresde.com\/gl\/produto\/chaveiro-probe-galicia\/","title":{"rendered":"Chaveiro Probe Galicia"},"content":{"rendered":"<p>Chaveiro Probe Galicia, dese\u00f1ado pola equipa de <a href=\"https:\/\/test.imprimetresde.com\/gl\/\">Imprimetresde<\/a> dentro da Colecci\u00f3n Rosal\u00eda, en cor azul. Extracto dun poema de Cantares Gallegos e en homenaxe \u00e1 nosa escritora m\u00e1is internacional:<\/p>\n<p>&#8220;<em>Probe Galicia, non debes<br \/>\nchamarte nunca espa\u00f1ola,<br \/>\nque Espa\u00f1a de ti se olvida<br \/>\ncando eres, \u00a1ai!, tan hermosa. do eres, \u00a1ai!, tan hermosa<\/em>.&#8221;<\/p>\n<p><a href=\"https:\/\/gl.wikipedia.org\/wiki\/Rosal%C3%ADa_de_Castro\">Rosal\u00eda de Castro<\/a>. Cantares Gallegos, poema IV (1863)<\/p>\n<p>*O material no que est\u00e1 realizado \u00e9\u00a0<a href=\"https:\/\/test.imprimetresde.com\/gl\/o-noso-material-de-impresion-o-pla-polimero-biodegradabel-procedente-de-recursos-vexetais\/\">PLA<\/a>, material procedente de materia vexetal, biodegrad\u00e1bel, non t\u00f3xico e ecol\u00f3xico<\/p>\n","protected":false},"excerpt":{"rendered":"<p>Chaveiro Probe Galicia, dese\u00f1ado pola equipa de <a href=\"https:\/\/test.imprimetresde.com\/gl\/\">Imprimetresde<\/a> dentro da Colecci\u00f3n Rosal\u00eda, en cor azul. Extracto dun poema de Cantares Gallegos e en homenaxe \u00e1 nosa escritora m\u00e1is internacional:<\/p>\n<p>&#8220;<em>Probe Galicia, non debes<br \/>\nchamarte nunca espa\u00f1ola,<br \/>\nque Espa\u00f1a de ti se olvida<br \/>\ncando eres, \u00a1ai!, tan hermosa. do eres, \u00a1ai!, tan hermosa<\/em>.&#8221;<\/p>\n<p><a href=\"https:\/\/gl.wikipedia.org\/wiki\/Rosal%C3%ADa_de_Castro\">Rosal\u00eda de Castro<\/a>. Cantares Gallegos, poema IV (1863)<\/p>\n","protected":false},"featured_media":9773,"comment_status":"open","ping_status":"closed","template":"","meta":{"_vp_format_video_url":"","_vp_image_focal_point":[]},"product_brand":[],"product_cat":[421,315,316],"product_tag":[2229,485,256,1208,225,476,410,479,463,470,478,969,281,1384],"class_list":{"0":"post-5931","1":"product","2":"type-product","3":"status-publish","4":"has-post-thumbnail","6":"product_cat-activismo","7":"product_cat-complementos-gl","8":"product_cat-cultura-gl","9":"product_tag-23f","10":"product_tag-cantares-gallegos","11":"product_tag-chaveiro","12":"product_tag-dia-da-patria","13":"product_tag-dia-de-rosalia-gl","14":"product_tag-escritora-galega","15":"product_tag-galego","16":"product_tag-galicia","17":"product_tag-galiza","18":"product_tag-lingua-galega","19":"product_tag-probe-galicia","20":"product_tag-rosalia","21":"product_tag-rosalia-de-castro-gl","22":"product_tag-souvenir","24":"first","25":"instock","26":"sale","27":"taxable","28":"shipping-taxable","29":"purchasable","30":"product-type-simple"},"exclude_global_add_ons":[],"addons":[],"_links":{"self":[{"href":"https:\/\/test.imprimetresde.com\/gl\/wp-json\/wp\/v2\/product\/5931","targetHints":{"allow":["GET"]}}],"collection":[{"href":"https:\/\/test.imprimetresde.com\/gl\/wp-json\/wp\/v2\/product"}],"about":[{"href":"https:\/\/test.imprimetresde.com\/gl\/wp-json\/wp\/v2\/types\/product"}],"replies":[{"embeddable":true,"href":"https:\/\/test.imprimetresde.com\/gl\/wp-json\/wp\/v2\/comments?post=5931"}],"wp:featuredmedia":[{"embeddable":true,"href":"https:\/\/test.imprimetresde.com\/gl\/wp-json\/wp\/v2\/media\/9773"}],"wp:attachment":[{"href":"https:\/\/test.imprimetresde.com\/gl\/wp-json\/wp\/v2\/media?parent=5931"}],"wp:term":[{"taxonomy":"product_brand","embeddable":true,"href":"https:\/\/test.imprimetresde.com\/gl\/wp-json\/wp\/v2\/product_brand?post=5931"},{"taxonomy":"product_cat","embeddable":true,"href":"https:\/\/test.imprimetresde.com\/gl\/wp-json\/wp\/v2\/product_cat?post=5931"},{"taxonomy":"product_tag","embeddable":true,"href":"https:\/\/test.imprimetresde.com\/gl\/wp-json\/wp\/v2\/product_tag?post=5931"}],"curies":[{"name":"wp","href":"https:\/\/api.w.org\/{rel}","templated":true}]}}

<p>Chaveiro Probe Galicia, deseñado pola equipa de <a href="https://test.imprimetresde.com/gl/">Imprimetresde</a> dentro da Colección Rosalía, en cor azul. Extracto dun poema de Cantares Gallegos e en homenaxe á nosa escritora máis internacional:</p>
<p>&#8220;<em>Probe Galicia, non debes<br />
chamarte nunca española,<br />
que España de ti se olvida<br />
cando eres, ¡ai!, tan hermosa. do eres, ¡ai!, tan hermosa</em>.&#8221;</p>
<p><a href="https://gl.wikipedia.org/wiki/Rosal%C3%ADa_de_Castro">Rosalía de Castro</a>. Cantares Gallegos, poema IV (1863)</p>
<p>*O material no que está realizado é <a href="https://test.imprimetresde.com/gl/o-noso-material-de-impresion-o-pla-polimero-biodegradabel-procedente-de-recursos-vexetais/">PLA</a>, material procedente de materia vexetal, biodegradábel, non tóxico e ecolóxico</p>

<p>Chaveiro Probe Galicia, deseñado pola equipa de <a href="https://test.imprimetresde.com/gl/">Imprimetresde</a> dentro da Colección Rosalía, en cor azul. Extracto dun poema de Cantares Gallegos e en homenaxe á nosa escritora máis internacional:</p>
<p>&#8220;<em>Probe Galicia, non debes<br />
chamarte nunca española,<br />
que España de ti se olvida<br />
cando eres, ¡ai!, tan hermosa. do eres, ¡ai!, tan hermosa</em>.&#8221;</p>
<p><a href="https://gl.wikipedia.org/wiki/Rosal%C3%ADa_de_Castro">Rosalía de Castro</a>. Cantares Gallegos, poema IV (1863)</p>
