{"id":5935,"date":"2018-03-21T11:57:48","date_gmt":"2018-03-21T10:57:48","guid":{"rendered":"https:\/\/test.imprimetresde.com\/?post_type=product&#038;p=5935\/"},"modified":"2021-01-18T15:01:26","modified_gmt":"2021-01-18T13:01:26","slug":"marco-xustiza-pola-man","status":"publish","type":"product","link":"https:\/\/test.imprimetresde.com\/gl\/produto\/marco-xustiza-pola-man\/","title":{"rendered":"Marco Xustiza pola Man"},"content":{"rendered":"<h2>Marco Xustiza pola Man<\/h2>\n<p>Marco Xustiza pola Man, dese\u00f1ado pola equipa de <a href=\"https:\/\/test.imprimetresde.com\/gl\/\">Imprimetresde <\/a>dentro da Colecci\u00f3n Rosal\u00eda e en cor branca. Incorpora os dous \u00faltimos versos do poema A Xustiza pola Man (Follas Novas), en homenaxe \u00e1 nosa escritora m\u00e1is universal:<\/p>\n<p>&#8220;<em>Mireinos con calma, i as mans estendidas,<br \/>\ndun golpe \u00a1dun soio! deixeinos sin vida.<br \/>\nI \u00f3 lado, contenta, senteime das v\u00edtimas,<br \/>\ntranquila, esperando pola alba do d\u00eda.<\/em><\/p>\n<p>I estonces&#8230; estonces cumpreuse a xusticia:<br \/>\neu, neles; i as leises, na man qu&#8217; os ferira.&#8221;<\/p>\n<p><a href=\"https:\/\/gl.wikipedia.org\/wiki\/Rosal%C3%ADa_de_Castro\">Rosal\u00eda de Castro<\/a>. Follas Novas.<\/p>\n<p>*O material no que est\u00e1 realizado \u00e9 <a href=\"https:\/\/test.imprimetresde.com\/nuestro-material-de-impresion-el-pla-polimero-biodegradable-procedente-de-recursos-vegetales\/\">PLA<\/a>, material procedente de materia vexetal, biodegrad\u00e1bel, non t\u00f3xico e ecol\u00f3xico<\/p>\n<p>&nbsp;<\/p>\n","protected":false},"excerpt":{"rendered":"<p>Orixinal Marco Xustiza pola Man, dese\u00f1ado pola equipa de <a href=\"https:\/\/test.imprimetresde.com\/gl\/\">Imprimetresde <\/a>dentro da Colecci\u00f3n Rosal\u00eda e en cor branca. Incorpora os dous \u00faltimos versos do poema A Xustiza pola Man (Follas Novas), en homenaxe \u00e1 nosa escritora m\u00e1is universal:<\/p>\n<p>&#8220;<em>Mireinos con calma, i as mans estendidas,<br \/>\ndun golpe \u00a1dun soio! deixeinos sin vida.<br \/>\nI \u00f3 lado, contenta, senteime das v\u00edtimas,<br \/>\ntranquila, esperando pola alba do d\u00eda.<\/em><\/p>\n<p>I estonces&#8230; estonces cumpreuse a xusticia:<br \/>\neu, neles; i as leises, na man qu&#8217; os ferira.&#8221;<\/p>\n<p>Rosal\u00eda de Castro. Follas Novas.<\/p>\n<p>*O material no que est\u00e1 realizado \u00e9 <a href=\"https:\/\/test.imprimetresde.com\/nuestro-material-de-impresion-el-pla-polimero-biodegradable-procedente-de-recursos-vegetales\/\">PLA<\/a>, material procedente de materia vexetal, biodegrad\u00e1bel, non t\u00f3xico e ecol\u00f3xico<\/p>\n","protected":false},"featured_media":6165,"comment_status":"open","ping_status":"closed","template":"","meta":{"_vp_format_video_url":"","_vp_image_focal_point":[]},"product_brand":[],"product_cat":[421,316,313],"product_tag":[577,469,484,410,470,486,487],"class_list":{"0":"post-5935","1":"product","2":"type-product","3":"status-publish","4":"has-post-thumbnail","6":"product_cat-activismo","7":"product_cat-cultura-gl","8":"product_cat-ambiente-gl","9":"product_tag-autora-internacional","10":"product_tag-escritora","11":"product_tag-follas-novas","12":"product_tag-galego","13":"product_tag-lingua-galega","14":"product_tag-poemas","15":"product_tag-poesia","17":"first","18":"instock","19":"sale","20":"taxable","21":"shipping-taxable","22":"purchasable","23":"product-type-simple"},"exclude_global_add_ons":[],"addons":[],"_links":{"self":[{"href":"https:\/\/test.imprimetresde.com\/gl\/wp-json\/wp\/v2\/product\/5935","targetHints":{"allow":["GET"]}}],"collection":[{"href":"https:\/\/test.imprimetresde.com\/gl\/wp-json\/wp\/v2\/product"}],"about":[{"href":"https:\/\/test.imprimetresde.com\/gl\/wp-json\/wp\/v2\/types\/product"}],"replies":[{"embeddable":true,"href":"https:\/\/test.imprimetresde.com\/gl\/wp-json\/wp\/v2\/comments?post=5935"}],"wp:featuredmedia":[{"embeddable":true,"href":"https:\/\/test.imprimetresde.com\/gl\/wp-json\/wp\/v2\/media\/6165"}],"wp:attachment":[{"href":"https:\/\/test.imprimetresde.com\/gl\/wp-json\/wp\/v2\/media?parent=5935"}],"wp:term":[{"taxonomy":"product_brand","embeddable":true,"href":"https:\/\/test.imprimetresde.com\/gl\/wp-json\/wp\/v2\/product_brand?post=5935"},{"taxonomy":"product_cat","embeddable":true,"href":"https:\/\/test.imprimetresde.com\/gl\/wp-json\/wp\/v2\/product_cat?post=5935"},{"taxonomy":"product_tag","embeddable":true,"href":"https:\/\/test.imprimetresde.com\/gl\/wp-json\/wp\/v2\/product_tag?post=5935"}],"curies":[{"name":"wp","href":"https:\/\/api.w.org\/{rel}","templated":true}]}}

<h2>Marco Xustiza pola Man</h2>
<p>Marco Xustiza pola Man, deseñado pola equipa de <a href="https://test.imprimetresde.com/gl/">Imprimetresde </a>dentro da Colección Rosalía e en cor branca. Incorpora os dous últimos versos do poema A Xustiza pola Man (Follas Novas), en homenaxe á nosa escritora máis universal:</p>
<p>&#8220;<em>Mireinos con calma, i as mans estendidas,<br />
dun golpe ¡dun soio! deixeinos sin vida.<br />
I ó lado, contenta, senteime das vítimas,<br />
tranquila, esperando pola alba do día.</em></p>
<p>I estonces&#8230; estonces cumpreuse a xusticia:<br />
eu, neles; i as leises, na man qu&#8217; os ferira.&#8221;</p>
<p><a href="https://gl.wikipedia.org/wiki/Rosal%C3%ADa_de_Castro">Rosalía de Castro</a>. Follas Novas.</p>
<p>*O material no que está realizado é <a href="https://test.imprimetresde.com/nuestro-material-de-impresion-el-pla-polimero-biodegradable-procedente-de-recursos-vegetales/">PLA</a>, material procedente de materia vexetal, biodegradábel, non tóxico e ecolóxico</p>
<p>&nbsp;</p>

<p>Orixinal Marco Xustiza pola Man, deseñado pola equipa de <a href="https://test.imprimetresde.com/gl/">Imprimetresde </a>dentro da Colección Rosalía e en cor branca. Incorpora os dous últimos versos do poema A Xustiza pola Man (Follas Novas), en homenaxe á nosa escritora máis universal:</p>
<p>&#8220;<em>Mireinos con calma, i as mans estendidas,<br />
dun golpe ¡dun soio! deixeinos sin vida.<br />
I ó lado, contenta, senteime das vítimas,<br />
tranquila, esperando pola alba do día.</em></p>
<p>I estonces&#8230; estonces cumpreuse a xusticia:<br />
eu, neles; i as leises, na man qu&#8217; os ferira.&#8221;</p>
<p>Rosalía de Castro. Follas Novas.</p>
<p>*O material no que está realizado é <a href="https://test.imprimetresde.com/nuestro-material-de-impresion-el-pla-polimero-biodegradable-procedente-de-recursos-vegetales/">PLA</a>, material procedente de materia vexetal, biodegradábel, non tóxico e ecolóxico</p>
