{"id":5974,"date":"2018-04-05T20:12:53","date_gmt":"2018-04-05T19:12:53","guid":{"rendered":"https:\/\/test.imprimetresde.com\/?post_type=product&#038;p=5974\/"},"modified":"2025-09-28T02:37:39","modified_gmt":"2025-09-28T00:37:39","slug":"broche-negra-sombra","status":"publish","type":"product","link":"https:\/\/test.imprimetresde.com\/gl\/produto\/broche-negra-sombra\/","title":{"rendered":"Broche Negra Sombra"},"content":{"rendered":"<p>Broche Negra Sombra feito en homenaxe \u00e1 escritora galega m\u00e1is universal, <a href=\"https:\/\/gl.wikipedia.org\/wiki\/Rosal%C3%ADa_de_Castro\">Rosal\u00eda de Castro<\/a>. Desde <a href=\"https:\/\/test.imprimetresde.com\/gl\/\">Imprimetresde<\/a> dese\u00f1amos este broche en madeira escollendo o verso do seu poema do mesmo nome e publicado en Follas Novas.<\/p>\n<p>Cando penso que te fuches,<br \/>\nnegra sombra que me asombras,<br \/>\n\u00f3 p\u00e9 dos meus cabezales<br \/>\ntornas fac\u00e9ndome mofa.<br \/>\nRosal\u00eda de Castro, Follas Novas, 1880<\/p>\n<ul>\n<li>O material no que est\u00e1n realizados \u00e9 <a href=\"https:\/\/test.imprimetresde.com\/gl\/o-noso-material-de-impresion-o-pla-polimero-biodegradabel-procedente-de-recursos-vexetais\/\">PLA<\/a> (material procedente de materia vexetal, biodegrad\u00e1bel, non t\u00f3xico e ecol\u00f3xico) e m\u00e1is un 80% de madeira.<\/li>\n<\/ul>\n","protected":false},"excerpt":{"rendered":"<p>Broche Negra Sombra feito en homenaxe \u00e1 escritora galega m\u00e1is universal, Rosal\u00eda de Castro. Desde <a href=\"https:\/\/test.imprimetresde.com\/gl\/\">Imprimetresde<\/a> dese\u00f1amos este broche en madeira escollendo o verso do seu poema do mesmo nome e publicado en Follas Novas.<\/p>\n","protected":false},"featured_media":6220,"comment_status":"open","ping_status":"closed","template":"","meta":{"_vp_format_video_url":"","_vp_image_focal_point":[]},"product_brand":[],"product_cat":[421,315,316],"product_tag":[365,225,469,484,409,410,479,463,470,755,1559,514,472,487,754,969,281,515],"class_list":{"0":"post-5974","1":"product","2":"type-product","3":"status-publish","4":"has-post-thumbnail","6":"product_cat-activismo","7":"product_cat-complementos-gl","8":"product_cat-cultura-gl","9":"product_tag-broche","10":"product_tag-dia-de-rosalia-gl","11":"product_tag-escritora","12":"product_tag-follas-novas","13":"product_tag-galega","14":"product_tag-galego","15":"product_tag-galicia","16":"product_tag-galiza","17":"product_tag-lingua-galega","18":"product_tag-literatura","19":"product_tag-nacional","20":"product_tag-negra-sombra","21":"product_tag-poema","22":"product_tag-poesia","23":"product_tag-poeta","24":"product_tag-rosalia","25":"product_tag-rosalia-de-castro-gl","26":"product_tag-universal","28":"first","29":"instock","30":"taxable","31":"shipping-taxable","32":"purchasable","33":"product-type-simple"},"exclude_global_add_ons":[],"addons":[],"_links":{"self":[{"href":"https:\/\/test.imprimetresde.com\/gl\/wp-json\/wp\/v2\/product\/5974","targetHints":{"allow":["GET"]}}],"collection":[{"href":"https:\/\/test.imprimetresde.com\/gl\/wp-json\/wp\/v2\/product"}],"about":[{"href":"https:\/\/test.imprimetresde.com\/gl\/wp-json\/wp\/v2\/types\/product"}],"replies":[{"embeddable":true,"href":"https:\/\/test.imprimetresde.com\/gl\/wp-json\/wp\/v2\/comments?post=5974"}],"wp:featuredmedia":[{"embeddable":true,"href":"https:\/\/test.imprimetresde.com\/gl\/wp-json\/wp\/v2\/media\/6220"}],"wp:attachment":[{"href":"https:\/\/test.imprimetresde.com\/gl\/wp-json\/wp\/v2\/media?parent=5974"}],"wp:term":[{"taxonomy":"product_brand","embeddable":true,"href":"https:\/\/test.imprimetresde.com\/gl\/wp-json\/wp\/v2\/product_brand?post=5974"},{"taxonomy":"product_cat","embeddable":true,"href":"https:\/\/test.imprimetresde.com\/gl\/wp-json\/wp\/v2\/product_cat?post=5974"},{"taxonomy":"product_tag","embeddable":true,"href":"https:\/\/test.imprimetresde.com\/gl\/wp-json\/wp\/v2\/product_tag?post=5974"}],"curies":[{"name":"wp","href":"https:\/\/api.w.org\/{rel}","templated":true}]}}

<p>Broche Negra Sombra feito en homenaxe á escritora galega máis universal, <a href="https://gl.wikipedia.org/wiki/Rosal%C3%ADa_de_Castro">Rosalía de Castro</a>. Desde <a href="https://test.imprimetresde.com/gl/">Imprimetresde</a> deseñamos este broche en madeira escollendo o verso do seu poema do mesmo nome e publicado en Follas Novas.</p>
<p>Cando penso que te fuches,<br />
negra sombra que me asombras,<br />
ó pé dos meus cabezales<br />
tornas facéndome mofa.<br />
Rosalía de Castro, Follas Novas, 1880</p>
<ul>
<li>O material no que están realizados é <a href="https://test.imprimetresde.com/gl/o-noso-material-de-impresion-o-pla-polimero-biodegradabel-procedente-de-recursos-vexetais/">PLA</a> (material procedente de materia vexetal, biodegradábel, non tóxico e ecolóxico) e máis un 80% de madeira.</li>
</ul>

<p>Broche Negra Sombra feito en homenaxe á escritora galega máis universal, Rosalía de Castro. Desde <a href="https://test.imprimetresde.com/gl/">Imprimetresde</a> deseñamos este broche en madeira escollendo o verso do seu poema do mesmo nome e publicado en Follas Novas.</p>
