{"id":5975,"date":"2018-04-09T22:00:32","date_gmt":"2018-04-09T20:00:32","guid":{"rendered":"https:\/\/test.imprimetresde.com\/?post_type=product&#038;p=5975\/"},"modified":"2025-07-15T12:59:43","modified_gmt":"2025-07-15T10:59:43","slug":"coleccion-pandeireta","status":"publish","type":"product","link":"https:\/\/test.imprimetresde.com\/gl\/produto\/coleccion-pandeireta\/","title":{"rendered":"Colecci\u00f3n Pandeireta"},"content":{"rendered":"<p>Colecci\u00f3n <a href=\"https:\/\/gl.wikipedia.org\/wiki\/Pandeireta\">Pandeireta<\/a> dese\u00f1ada pola equipa de <a href=\"https:\/\/test.imprimetresde.com\/gl\/\">Imprimetresde<\/a>, \u00e9 unha homenaxe \u00e1 nosa pandeireta, ese precioso instrumento que constit\u00fae a base da m\u00fasica tradicional galega. Realizado en Madeira imprim\u00edbel (wooden <a href=\"https:\/\/test.imprimetresde.com\/gl\/o-noso-material-de-impresion-o-pla-polimero-biodegradabel-procedente-de-recursos-vexetais\/\">PLA<\/a>) e PLA, disp\u00f3n dunhas ferre\u00f1as met\u00e1licas que far\u00e1n as delicias de calquer mel\u00f3man@.<\/p>\n<p>*O material no que est\u00e1 realizado \u00e9 PLA, material procedente de materia vexetal, biodegrad\u00e1bel, non t\u00f3xico e ecol\u00f3xico<\/p>\n","protected":false},"excerpt":{"rendered":"<p>Colecci\u00f3n <a href=\"https:\/\/gl.wikipedia.org\/wiki\/Pandeireta\">Pandeireta<\/a> dese\u00f1ada pola equipa de <a href=\"https:\/\/test.imprimetresde.com\/gl\/\">Imprimetresde<\/a>, \u00e9 unha homenaxe \u00e1 nosa pandeireta, ese precioso instrumento que constit\u00fae a base da m\u00fasica tradicional galega. Realizado en Madeira imprim\u00edbel (wooden <a href=\"https:\/\/test.imprimetresde.com\/gl\/o-noso-material-de-impresion-o-pla-polimero-biodegradabel-procedente-de-recursos-vexetais\/\">PLA<\/a>) e PLA, disp\u00f3n dunhas ferre\u00f1as met\u00e1licas que far\u00e1n as delicias de calquer mel\u00f3man@.<\/p>\n<p>*O material no que est\u00e1 realizado \u00e9 PLA, material procedente de materia vexetal, biodegrad\u00e1bel, non t\u00f3xico e ecol\u00f3xico<\/p>\n","protected":false},"featured_media":10572,"comment_status":"open","ping_status":"closed","template":"","meta":{"_vp_format_video_url":"","_vp_image_focal_point":[]},"product_brand":[],"product_cat":[315,316,1290],"product_tag":[566,365,358,498,1114,409,410,463,2508,2507,499,1328,1205,532,962,968],"class_list":{"0":"post-5975","1":"product","2":"type-product","3":"status-publish","4":"has-post-thumbnail","6":"product_cat-complementos-gl","7":"product_cat-cultura-gl","8":"product_cat-pendentes","9":"product_tag-agasallo","10":"product_tag-broche","11":"product_tag-colgante-gl","12":"product_tag-complementos","13":"product_tag-dia-da-nai","14":"product_tag-galega","15":"product_tag-galego","16":"product_tag-galiza","17":"product_tag-impresion-3d-a-coruna","18":"product_tag-impresion-3d-coruna","19":"product_tag-musica-tradicional","20":"product_tag-orixinal","21":"product_tag-pandeireta-gl","22":"product_tag-pandereta","23":"product_tag-pendientes-gl","24":"product_tag-regalo-gl","26":"first","27":"instock","28":"sale","29":"taxable","30":"shipping-taxable","31":"product-type-grouped"},"exclude_global_add_ons":false,"addons":[{"name":"Material de las fornituras (opcional)","type":"checkbox","position":0,"required":false,"title_format":"label","default":"","description_enable":true,"description":"Opci\u00f3n de incorporar fornituras de plata 925, de primera ley.","placeholder_enable":false,"placeholder":"","display":"select","restrictions_type":"any_text","adjust_price":false,"price":"","price_type":"flat_fee","restrictions":false,"min":"0","max":"0","options":[{"label":"Plata","price":"5","price_type":"flat_fee","image":0,"visibility":true}]}],"_links":{"self":[{"href":"https:\/\/test.imprimetresde.com\/gl\/wp-json\/wp\/v2\/product\/5975","targetHints":{"allow":["GET"]}}],"collection":[{"href":"https:\/\/test.imprimetresde.com\/gl\/wp-json\/wp\/v2\/product"}],"about":[{"href":"https:\/\/test.imprimetresde.com\/gl\/wp-json\/wp\/v2\/types\/product"}],"replies":[{"embeddable":true,"href":"https:\/\/test.imprimetresde.com\/gl\/wp-json\/wp\/v2\/comments?post=5975"}],"wp:featuredmedia":[{"embeddable":true,"href":"https:\/\/test.imprimetresde.com\/gl\/wp-json\/wp\/v2\/media\/10572"}],"wp:attachment":[{"href":"https:\/\/test.imprimetresde.com\/gl\/wp-json\/wp\/v2\/media?parent=5975"}],"wp:term":[{"taxonomy":"product_brand","embeddable":true,"href":"https:\/\/test.imprimetresde.com\/gl\/wp-json\/wp\/v2\/product_brand?post=5975"},{"taxonomy":"product_cat","embeddable":true,"href":"https:\/\/test.imprimetresde.com\/gl\/wp-json\/wp\/v2\/product_cat?post=5975"},{"taxonomy":"product_tag","embeddable":true,"href":"https:\/\/test.imprimetresde.com\/gl\/wp-json\/wp\/v2\/product_tag?post=5975"}],"curies":[{"name":"wp","href":"https:\/\/api.w.org\/{rel}","templated":true}]}}

Colección Pandeireta

<p>Colección <a href="https://gl.wikipedia.org/wiki/Pandeireta">Pandeireta</a> deseñada pola equipa de <a href="https://test.imprimetresde.com/gl/">Imprimetresde</a>, é unha homenaxe á nosa pandeireta, ese precioso instrumento que constitúe a base da música tradicional galega. Realizado en Madeira imprimíbel (wooden <a href="https://test.imprimetresde.com/gl/o-noso-material-de-impresion-o-pla-polimero-biodegradabel-procedente-de-recursos-vexetais/">PLA</a>) e PLA, dispón dunhas ferreñas metálicas que farán as delicias de calquer melóman@.</p>
<p>*O material no que está realizado é PLA, material procedente de materia vexetal, biodegradábel, non tóxico e ecolóxico</p>

Opción de incorporar fornituras de plata 925, de primera ley.
