{"id":6065,"date":"2018-02-15T19:32:58","date_gmt":"2018-02-15T19:32:58","guid":{"rendered":"https:\/\/test.imprimetresde.com\/?post_type=product&#038;p=6065\/"},"modified":"2023-10-19T13:44:33","modified_gmt":"2023-10-19T11:44:33","slug":"brincos-fouce-e-martelo","status":"publish","type":"product","link":"https:\/\/test.imprimetresde.com\/gl\/produto\/brincos-fouce-e-martelo\/","title":{"rendered":"Brincos Fouce e Martelo"},"content":{"rendered":"<p>Brincos Fouce e Martelo: A fouce e martelo (\u262d) \u00e9 un s\u00edmbolo empregado para representar ao comunismo e aos partidos pol\u00edticos comunistas. Os brincos dese\u00f1ados pola equipa <a href=\"https:\/\/test.imprimetresde.com\">imprimetresde<\/a> presentan unha fouce e un martelo independentemente.<\/p>\n","protected":false},"excerpt":{"rendered":"<p>Brincos Fouce e Martelo:\u00a0A fouce e martelo (\u262d) \u00e9 un s\u00edmbolo empregado para representar ao comunismo e aos partidos pol\u00edticos comunistas. Os brincos dese\u00f1ados pola equipa <a href=\"https:\/\/test.imprimetresde.com\">imprimetresde<\/a> presentan unha fouce e un martelo independentemente.<\/p>\n<p>*O material no que est\u00e1 realizado \u00e9 <a href=\"https:\/\/test.imprimetresde.com\/nuestro-material-de-impresion-el-pla-polimero-biodegradable-procedente-de-recursos-vegetales\/\">PLA<\/a>, material procedente de materia vexetal, biodegrad\u00e1bel, non t\u00f3xico e ecol\u00f3xico<\/p>\n","protected":false},"featured_media":6068,"comment_status":"open","ping_status":"closed","template":"","meta":{"_vp_format_video_url":"","_vp_image_focal_point":[]},"product_brand":[],"product_cat":[421,315,1290],"product_tag":[504,528,502,405,402,404,527,406,531,530,529],"class_list":{"0":"post-6065","1":"product","2":"type-product","3":"status-publish","4":"has-post-thumbnail","6":"product_cat-activismo","7":"product_cat-complementos-gl","8":"product_cat-pendentes","9":"product_tag-bolchevique","10":"product_tag-centenario","11":"product_tag-comunismo","12":"product_tag-comunista","13":"product_tag-martelo","14":"product_tag-martillo","15":"product_tag-revolucion","16":"product_tag-rojo","17":"product_tag-sovieticas","18":"product_tag-sovietico","19":"product_tag-vermello","21":"first","22":"instock","23":"sale","24":"taxable","25":"shipping-taxable","26":"purchasable","27":"product-type-simple"},"exclude_global_add_ons":false,"addons":[{"name":"Material de las fornituras (opcional)","type":"checkbox","position":0,"required":false,"title_format":"label","default":"","description_enable":true,"description":"Opci\u00f3n de incorporar fornituras de plata 925, de primera ley.","placeholder_enable":false,"placeholder":"","display":"select","restrictions_type":"any_text","adjust_price":false,"price":"","price_type":"flat_fee","restrictions":false,"min":"0","max":"0","options":[{"label":"Plata","price":"5","price_type":"flat_fee","image":0,"visibility":true}]}],"_links":{"self":[{"href":"https:\/\/test.imprimetresde.com\/gl\/wp-json\/wp\/v2\/product\/6065","targetHints":{"allow":["GET"]}}],"collection":[{"href":"https:\/\/test.imprimetresde.com\/gl\/wp-json\/wp\/v2\/product"}],"about":[{"href":"https:\/\/test.imprimetresde.com\/gl\/wp-json\/wp\/v2\/types\/product"}],"replies":[{"embeddable":true,"href":"https:\/\/test.imprimetresde.com\/gl\/wp-json\/wp\/v2\/comments?post=6065"}],"wp:featuredmedia":[{"embeddable":true,"href":"https:\/\/test.imprimetresde.com\/gl\/wp-json\/wp\/v2\/media\/6068"}],"wp:attachment":[{"href":"https:\/\/test.imprimetresde.com\/gl\/wp-json\/wp\/v2\/media?parent=6065"}],"wp:term":[{"taxonomy":"product_brand","embeddable":true,"href":"https:\/\/test.imprimetresde.com\/gl\/wp-json\/wp\/v2\/product_brand?post=6065"},{"taxonomy":"product_cat","embeddable":true,"href":"https:\/\/test.imprimetresde.com\/gl\/wp-json\/wp\/v2\/product_cat?post=6065"},{"taxonomy":"product_tag","embeddable":true,"href":"https:\/\/test.imprimetresde.com\/gl\/wp-json\/wp\/v2\/product_tag?post=6065"}],"curies":[{"name":"wp","href":"https:\/\/api.w.org\/{rel}","templated":true}]}}

<p>Brincos Fouce e Martelo: A fouce e martelo (☭) é un símbolo empregado para representar ao comunismo e aos partidos políticos comunistas. Os brincos deseñados pola equipa <a href="https://test.imprimetresde.com">imprimetresde</a> presentan unha fouce e un martelo independentemente.</p>

<p>Brincos Fouce e Martelo: A fouce e martelo (☭) é un símbolo empregado para representar ao comunismo e aos partidos políticos comunistas. Os brincos deseñados pola equipa <a href="https://test.imprimetresde.com">imprimetresde</a> presentan unha fouce e un martelo independentemente.</p>
<p>*O material no que está realizado é <a href="https://test.imprimetresde.com/nuestro-material-de-impresion-el-pla-polimero-biodegradable-procedente-de-recursos-vegetales/">PLA</a>, material procedente de materia vexetal, biodegradábel, non tóxico e ecolóxico</p>

Opción de incorporar fornituras de plata 925, de primera ley.
