{"id":6096,"date":"2018-03-06T13:56:34","date_gmt":"2018-03-06T11:56:34","guid":{"rendered":"https:\/\/test.imprimetresde.com\/?post_type=product&#038;p=6096\/"},"modified":"2025-10-04T16:21:34","modified_gmt":"2025-10-04T14:21:34","slug":"pin-woman-power","status":"publish","type":"product","link":"https:\/\/test.imprimetresde.com\/gl\/produto\/pin-woman-power\/","title":{"rendered":"PIN WOMAN POWER"},"content":{"rendered":"<p>PIN WOMAN POWER dese\u00f1ado pola equipa de<a href=\"https:\/\/test.imprimetresde.com\/gl\/\"> I3D<\/a> e dentro da colecci\u00f3n Woman Power podes atopar este pin co s\u00edmbolo feminista. Asimesmo, fix\u00e9molo na cor que identifica mundialmente a <a href=\"https:\/\/gl.wikipedia.org\/wiki\/Feminismo\">loita feminista<\/a> e est\u00e1 impreso con <a href=\"https:\/\/test.imprimetresde.com\/gl\/o-noso-material-de-impresion-o-pla-polimero-biodegradabel-procedente-de-recursos-vexetais\/\">PLA<\/a>.<\/p>\n","protected":false},"excerpt":{"rendered":"<p>PIN WOMAN POWER dese\u00f1ado pola equipa de<a href=\"https:\/\/test.imprimetresde.com\/gl\/\"> I3D<\/a> e dentro da colecci\u00f3n Woman Power podes atopar este pin co s\u00edmbolo feminista. Asimesmo, fix\u00e9molo na cor que identifica mundialmente a<a href=\"https:\/\/gl.wikipedia.org\/wiki\/Feminismo\"> loita feminista<\/a> e est\u00e1 impreso con <a href=\"https:\/\/test.imprimetresde.com\/gl\/o-noso-material-de-impresion-o-pla-polimero-biodegradabel-procedente-de-recursos-vexetais\/\">PLA<\/a>.<\/p>\n","protected":false},"featured_media":6097,"comment_status":"open","ping_status":"closed","template":"","meta":{"_vp_format_video_url":"","_vp_image_focal_point":[]},"product_brand":[],"product_cat":[421,315],"product_tag":[970,541,467,213,542,357,354,410,356,973,1441,2195,355],"class_list":{"0":"post-6096","1":"product","2":"type-product","3":"status-publish","4":"has-post-thumbnail","6":"product_cat-activismo","7":"product_cat-complementos-gl","8":"product_tag-25n","9":"product_tag-8m","10":"product_tag-activismo","11":"product_tag-complemento-gl","12":"product_tag-dia-internacional-da-muller","13":"product_tag-feminismo-gl","14":"product_tag-feminista-gl","15":"product_tag-galego","16":"product_tag-lila-gl","17":"product_tag-muller-gl","18":"product_tag-mulleres-gl","19":"product_tag-pin-gl","20":"product_tag-woman-power-gl","22":"first","23":"instock","24":"taxable","25":"shipping-taxable","26":"purchasable","27":"product-type-simple"},"exclude_global_add_ons":[],"addons":[],"_links":{"self":[{"href":"https:\/\/test.imprimetresde.com\/gl\/wp-json\/wp\/v2\/product\/6096","targetHints":{"allow":["GET"]}}],"collection":[{"href":"https:\/\/test.imprimetresde.com\/gl\/wp-json\/wp\/v2\/product"}],"about":[{"href":"https:\/\/test.imprimetresde.com\/gl\/wp-json\/wp\/v2\/types\/product"}],"replies":[{"embeddable":true,"href":"https:\/\/test.imprimetresde.com\/gl\/wp-json\/wp\/v2\/comments?post=6096"}],"wp:featuredmedia":[{"embeddable":true,"href":"https:\/\/test.imprimetresde.com\/gl\/wp-json\/wp\/v2\/media\/6097"}],"wp:attachment":[{"href":"https:\/\/test.imprimetresde.com\/gl\/wp-json\/wp\/v2\/media?parent=6096"}],"wp:term":[{"taxonomy":"product_brand","embeddable":true,"href":"https:\/\/test.imprimetresde.com\/gl\/wp-json\/wp\/v2\/product_brand?post=6096"},{"taxonomy":"product_cat","embeddable":true,"href":"https:\/\/test.imprimetresde.com\/gl\/wp-json\/wp\/v2\/product_cat?post=6096"},{"taxonomy":"product_tag","embeddable":true,"href":"https:\/\/test.imprimetresde.com\/gl\/wp-json\/wp\/v2\/product_tag?post=6096"}],"curies":[{"name":"wp","href":"https:\/\/api.w.org\/{rel}","templated":true}]}}

<p>PIN WOMAN POWER deseñado pola equipa de<a href="https://test.imprimetresde.com/gl/"> I3D</a> e dentro da colección Woman Power podes atopar este pin co símbolo feminista. Asimesmo, fixémolo na cor que identifica mundialmente a <a href="https://gl.wikipedia.org/wiki/Feminismo">loita feminista</a> e está impreso con <a href="https://test.imprimetresde.com/gl/o-noso-material-de-impresion-o-pla-polimero-biodegradabel-procedente-de-recursos-vexetais/">PLA</a>.</p>

<p>PIN WOMAN POWER deseñado pola equipa de<a href="https://test.imprimetresde.com/gl/"> I3D</a> e dentro da colección Woman Power podes atopar este pin co símbolo feminista. Asimesmo, fixémolo na cor que identifica mundialmente a<a href="https://gl.wikipedia.org/wiki/Feminismo"> loita feminista</a> e está impreso con <a href="https://test.imprimetresde.com/gl/o-noso-material-de-impresion-o-pla-polimero-biodegradabel-procedente-de-recursos-vexetais/">PLA</a>.</p>
