{"id":6110,"date":"2018-03-13T19:07:36","date_gmt":"2018-03-13T17:07:36","guid":{"rendered":"https:\/\/test.imprimetresde.com\/?post_type=product&#038;p=6110\/"},"modified":"2025-10-04T16:21:35","modified_gmt":"2025-10-04T14:21:35","slug":"brincos-folla-carballo","status":"publish","type":"product","link":"https:\/\/test.imprimetresde.com\/gl\/produto\/brincos-folla-carballo\/","title":{"rendered":"Brincos Folla de Carballo"},"content":{"rendered":"<p>Brincos Folla de Carballo, fermosos brincos dese\u00f1o orixinal de <a href=\"https:\/\/test.imprimetresde.com\/gl\/\">Imprimetresde<\/a>. Feitos en madeira, con moito estilo e en homenaxe a unha das nosas \u00e1rbores m\u00e1is representativas, o <a href=\"https:\/\/gl.wikipedia.org\/wiki\/Carballo_com%C3%BAn\">carballo<\/a>.<\/p>\n<p>*O material no que est\u00e1n realizados \u00e9 <a href=\"https:\/\/test.imprimetresde.com\/gl\/o-noso-material-de-impresion-o-pla-polimero-biodegradabel-procedente-de-recursos-vexetais\/\">PLA<\/a> (material procedente de materia vexetal, biodegrad\u00e1bel, non t\u00f3xico e ecol\u00f3xico) e m\u00e1is un 80% de madeira.<\/p>\n<p><script src=\"moz-extension:\/\/5bdaac7b-9cd7-491b-8ff4-ed31f89b43b7\/js\/app.js\" type=\"text\/javascript\"><\/script><\/p>\n<p><script src=\"moz-extension:\/\/5bdaac7b-9cd7-491b-8ff4-ed31f89b43b7\/js\/app.js\" type=\"text\/javascript\"><\/script><\/p>\n","protected":false},"excerpt":{"rendered":"<p>Brincos Folla de Carballo, fermosos brincos dese\u00f1o orixinal de <a href=\"https:\/\/test.imprimetresde.com\/gl\/\">Imprimetresde<\/a>. Feitos en madeira, con moito estilo e en homenaxe a unha das nosas \u00e1rbores m\u00e1is representativas, o <a href=\"https:\/\/gl.wikipedia.org\/wiki\/Carballo_com%C3%BAn\">carballo<\/a>.<\/p>\n<p>&nbsp;<\/p>\n<p><script src=\"moz-extension:\/\/5bdaac7b-9cd7-491b-8ff4-ed31f89b43b7\/js\/app.js\" type=\"text\/javascript\"><\/script><\/p>\n<p><script src=\"moz-extension:\/\/5bdaac7b-9cd7-491b-8ff4-ed31f89b43b7\/js\/app.js\" type=\"text\/javascript\"><\/script><\/p>\n","protected":false},"featured_media":8249,"comment_status":"open","ping_status":"closed","template":"","meta":{"_vp_format_video_url":"","_vp_image_focal_point":[]},"product_brand":[],"product_cat":[315,316,1290],"product_tag":[566,550,2833,353,431,498,549,479,463,2508,429,962,968],"class_list":{"0":"post-6110","1":"product","2":"type-product","3":"status-publish","4":"has-post-thumbnail","6":"product_cat-complementos-gl","7":"product_cat-cultura-gl","8":"product_cat-pendentes","9":"product_tag-agasallo","10":"product_tag-arbore","11":"product_tag-autoctona","12":"product_tag-brincos","13":"product_tag-carballo-gl","14":"product_tag-complementos","15":"product_tag-folla-de-carballo","16":"product_tag-galicia","17":"product_tag-galiza","18":"product_tag-impresion-3d-a-coruna","19":"product_tag-madeira-gl","20":"product_tag-pendientes-gl","21":"product_tag-regalo-gl","23":"first","24":"instock","25":"sale","26":"taxable","27":"shipping-taxable","28":"purchasable","29":"product-type-simple"},"exclude_global_add_ons":false,"addons":[{"name":"Material de las fornituras (opcional)","type":"checkbox","position":0,"required":false,"title_format":"label","default":"","description_enable":true,"description":"Opci\u00f3n de incorporar fornituras de plata 925, de primera ley.","placeholder_enable":false,"placeholder":"","display":"select","restrictions_type":"any_text","adjust_price":false,"price":"","price_type":"flat_fee","restrictions":false,"min":"0","max":"0","options":[{"label":"Plata","price":"5","price_type":"flat_fee","image":0,"visibility":true}]}],"_links":{"self":[{"href":"https:\/\/test.imprimetresde.com\/gl\/wp-json\/wp\/v2\/product\/6110","targetHints":{"allow":["GET"]}}],"collection":[{"href":"https:\/\/test.imprimetresde.com\/gl\/wp-json\/wp\/v2\/product"}],"about":[{"href":"https:\/\/test.imprimetresde.com\/gl\/wp-json\/wp\/v2\/types\/product"}],"replies":[{"embeddable":true,"href":"https:\/\/test.imprimetresde.com\/gl\/wp-json\/wp\/v2\/comments?post=6110"}],"wp:featuredmedia":[{"embeddable":true,"href":"https:\/\/test.imprimetresde.com\/gl\/wp-json\/wp\/v2\/media\/8249"}],"wp:attachment":[{"href":"https:\/\/test.imprimetresde.com\/gl\/wp-json\/wp\/v2\/media?parent=6110"}],"wp:term":[{"taxonomy":"product_brand","embeddable":true,"href":"https:\/\/test.imprimetresde.com\/gl\/wp-json\/wp\/v2\/product_brand?post=6110"},{"taxonomy":"product_cat","embeddable":true,"href":"https:\/\/test.imprimetresde.com\/gl\/wp-json\/wp\/v2\/product_cat?post=6110"},{"taxonomy":"product_tag","embeddable":true,"href":"https:\/\/test.imprimetresde.com\/gl\/wp-json\/wp\/v2\/product_tag?post=6110"}],"curies":[{"name":"wp","href":"https:\/\/api.w.org\/{rel}","templated":true}]}}

<p>Brincos Folla de Carballo, fermosos brincos deseño orixinal de <a href="https://test.imprimetresde.com/gl/">Imprimetresde</a>. Feitos en madeira, con moito estilo e en homenaxe a unha das nosas árbores máis representativas, o <a href="https://gl.wikipedia.org/wiki/Carballo_com%C3%BAn">carballo</a>.</p>
<p>*O material no que están realizados é <a href="https://test.imprimetresde.com/gl/o-noso-material-de-impresion-o-pla-polimero-biodegradabel-procedente-de-recursos-vexetais/">PLA</a> (material procedente de materia vexetal, biodegradábel, non tóxico e ecolóxico) e máis un 80% de madeira.</p>
<p><script src="moz-extension://5bdaac7b-9cd7-491b-8ff4-ed31f89b43b7/js/app.js" type="text/javascript"></script></p>
<p><script src="moz-extension://5bdaac7b-9cd7-491b-8ff4-ed31f89b43b7/js/app.js" type="text/javascript"></script></p>

<p>Brincos Folla de Carballo, fermosos brincos deseño orixinal de <a href="https://test.imprimetresde.com/gl/">Imprimetresde</a>. Feitos en madeira, con moito estilo e en homenaxe a unha das nosas árbores máis representativas, o <a href="https://gl.wikipedia.org/wiki/Carballo_com%C3%BAn">carballo</a>.</p>
<p>&nbsp;</p>
<p><script src="moz-extension://5bdaac7b-9cd7-491b-8ff4-ed31f89b43b7/js/app.js" type="text/javascript"></script></p>
<p><script src="moz-extension://5bdaac7b-9cd7-491b-8ff4-ed31f89b43b7/js/app.js" type="text/javascript"></script></p>

Opción de incorporar fornituras de plata 925, de primera ley.
