{"id":6269,"date":"2018-04-18T17:44:52","date_gmt":"2018-04-18T15:44:52","guid":{"rendered":"https:\/\/test.imprimetresde.com\/?post_type=product&#038;p=6269\/"},"modified":"2024-07-17T19:39:50","modified_gmt":"2024-07-17T17:39:50","slug":"xoieiro-festina","status":"publish","type":"product","link":"https:\/\/test.imprimetresde.com\/gl\/produto\/xoieiro-festina\/","title":{"rendered":"Xoieiro Festi\u00f1a"},"content":{"rendered":"<h2>Xoieiro Festi\u00f1a<\/h2>\n<p>O Xoieiro Festi\u00f1a por F\u00f3ra, Festi\u00f1a por Dentro \u00e9 unha idea orixinal dese\u00f1ada pola equipa de <a href=\"https:\/\/test.imprimetresde.com\/gl\/\">Imprimetresde<\/a>, e que fai referencia a uns versos do poema I recollidos en Cantares Gallegos de <a href=\"https:\/\/gl.wikipedia.org\/wiki\/Rosal%C3%ADa_de_Castro\">Rosal\u00eda de Castro<\/a>.<\/p>\n<p><em>&#8220;\u00a1Que feira, rapaza, <\/em><br \/>\n<em>si cantas faremos&#8230;! <\/em><br \/>\n<em>Festi\u00f1a por f\u00f3ra, <\/em><br \/>\n<em>festi\u00f1a por dentro&#8221;<\/em>.<\/p>\n<p>*O material no que est\u00e1n realizados \u00e9 <a href=\"https:\/\/test.imprimetresde.com\/gl\/o-noso-material-de-impresion-o-pla-polimero-biodegradabel-procedente-de-recursos-vexetais\/\">PLA<\/a> (material procedente de materia vexetal, biodegrad\u00e1bel, non t\u00f3xico e ecol\u00f3xico) e m\u00e1is un 80% de madeira.<\/p>\n","protected":false},"excerpt":{"rendered":"<p>O Xoieiro Festi\u00f1a por F\u00f3ra, Festi\u00f1a por Dentro \u00e9 unha idea orixinal dese\u00f1ada pola equipa de Imprimetresde, e que fai referencia a uns versos do poema I recollidos en Cantares Gallegos de <a href=\"https:\/\/gl.wikipedia.org\/wiki\/Rosal%C3%ADa_de_Castro\">Rosal\u00eda de Castro<\/a>.<\/p>\n<p>*O material no que est\u00e1n realizados \u00e9 <a href=\"https:\/\/test.imprimetresde.com\/gl\/o-noso-material-de-impresion-o-pla-polimero-biodegradabel-procedente-de-recursos-vexetais\/\">PLA<\/a> (material procedente de materia vexetal, biodegrad\u00e1bel, non t\u00f3xico e ecol\u00f3xico) e m\u00e1is un 80% de madeira.<\/p>\n","protected":false},"featured_media":6270,"comment_status":"open","ping_status":"closed","template":"","meta":{"_vp_format_video_url":"","_vp_image_focal_point":[]},"product_brand":[],"product_cat":[421,315,316,313],"product_tag":[978,485,225,469,589,484,409,479,463,2508,2507,481,755,1559,487,754,969,281,1384,588],"class_list":{"0":"post-6269","1":"product","2":"type-product","3":"status-publish","4":"has-post-thumbnail","6":"product_cat-activismo","7":"product_cat-complementos-gl","8":"product_cat-cultura-gl","9":"product_cat-ambiente-gl","10":"product_tag-24-de-febreiro","11":"product_tag-cantares-gallegos","12":"product_tag-dia-de-rosalia-gl","13":"product_tag-escritora","14":"product_tag-festina","15":"product_tag-follas-novas","16":"product_tag-galega","17":"product_tag-galicia","18":"product_tag-galiza","19":"product_tag-impresion-3d-a-coruna","20":"product_tag-impresion-3d-coruna","21":"product_tag-libros","22":"product_tag-literatura","23":"product_tag-nacional","24":"product_tag-poesia","25":"product_tag-poeta","26":"product_tag-rosalia","27":"product_tag-rosalia-de-castro-gl","28":"product_tag-souvenir","29":"product_tag-xoieiro","31":"first","32":"instock","33":"sale","34":"taxable","35":"shipping-taxable","36":"purchasable","37":"product-type-simple"},"exclude_global_add_ons":[],"addons":[],"_links":{"self":[{"href":"https:\/\/test.imprimetresde.com\/gl\/wp-json\/wp\/v2\/product\/6269","targetHints":{"allow":["GET"]}}],"collection":[{"href":"https:\/\/test.imprimetresde.com\/gl\/wp-json\/wp\/v2\/product"}],"about":[{"href":"https:\/\/test.imprimetresde.com\/gl\/wp-json\/wp\/v2\/types\/product"}],"replies":[{"embeddable":true,"href":"https:\/\/test.imprimetresde.com\/gl\/wp-json\/wp\/v2\/comments?post=6269"}],"wp:featuredmedia":[{"embeddable":true,"href":"https:\/\/test.imprimetresde.com\/gl\/wp-json\/wp\/v2\/media\/6270"}],"wp:attachment":[{"href":"https:\/\/test.imprimetresde.com\/gl\/wp-json\/wp\/v2\/media?parent=6269"}],"wp:term":[{"taxonomy":"product_brand","embeddable":true,"href":"https:\/\/test.imprimetresde.com\/gl\/wp-json\/wp\/v2\/product_brand?post=6269"},{"taxonomy":"product_cat","embeddable":true,"href":"https:\/\/test.imprimetresde.com\/gl\/wp-json\/wp\/v2\/product_cat?post=6269"},{"taxonomy":"product_tag","embeddable":true,"href":"https:\/\/test.imprimetresde.com\/gl\/wp-json\/wp\/v2\/product_tag?post=6269"}],"curies":[{"name":"wp","href":"https:\/\/api.w.org\/{rel}","templated":true}]}}

Xoieiro Festiña

<h2>Xoieiro Festiña</h2>
<p>O Xoieiro Festiña por Fóra, Festiña por Dentro é unha idea orixinal deseñada pola equipa de <a href="https://test.imprimetresde.com/gl/">Imprimetresde</a>, e que fai referencia a uns versos do poema I recollidos en Cantares Gallegos de <a href="https://gl.wikipedia.org/wiki/Rosal%C3%ADa_de_Castro">Rosalía de Castro</a>.</p>
<p><em>&#8220;¡Que feira, rapaza, </em><br />
<em>si cantas faremos&#8230;! </em><br />
<em>Festiña por fóra, </em><br />
<em>festiña por dentro&#8221;</em>.</p>
<p>*O material no que están realizados é <a href="https://test.imprimetresde.com/gl/o-noso-material-de-impresion-o-pla-polimero-biodegradabel-procedente-de-recursos-vexetais/">PLA</a> (material procedente de materia vexetal, biodegradábel, non tóxico e ecolóxico) e máis un 80% de madeira.</p>

<p>O Xoieiro Festiña por Fóra, Festiña por Dentro é unha idea orixinal deseñada pola equipa de Imprimetresde, e que fai referencia a uns versos do poema I recollidos en Cantares Gallegos de <a href="https://gl.wikipedia.org/wiki/Rosal%C3%ADa_de_Castro">Rosalía de Castro</a>.</p>
<p>*O material no que están realizados é <a href="https://test.imprimetresde.com/gl/o-noso-material-de-impresion-o-pla-polimero-biodegradabel-procedente-de-recursos-vexetais/">PLA</a> (material procedente de materia vexetal, biodegradábel, non tóxico e ecolóxico) e máis un 80% de madeira.</p>
