{"id":6335,"date":"2018-08-09T13:06:46","date_gmt":"2018-08-09T11:06:46","guid":{"rendered":"https:\/\/test.imprimetresde.com\/?post_type=product&#038;p=6335\/"},"modified":"2025-10-14T18:47:08","modified_gmt":"2025-10-14T16:47:08","slug":"chaveiro-castelao","status":"publish","type":"product","link":"https:\/\/test.imprimetresde.com\/gl\/produto\/chaveiro-castelao\/","title":{"rendered":"Chaveiro Castelao"},"content":{"rendered":"<div class=\"product_description\">\n<p>Chaveiro Castelao, dese\u00f1o de\u00a0<a href=\"https:\/\/test.imprimetresde.com\/gl\/\">Imprimetresde<\/a>, baseado nun dese\u00f1o do propio Daniel A. Rodr\u00edguez <a href=\"https:\/\/gl.wikipedia.org\/wiki\/Alfonso_Daniel_Rodr%C3%ADguez_Castelao\">Castelao<\/a> sobre a s\u00faa imaxe: \u201cAutocaricatura\u201d de 1914.<\/p>\n<\/div>\n<p>Preg\u00fantanos para mercalo en m\u00e1is cores diferentes!<\/p>\n<div class=\"product_description\">\n<p>*O material no que est\u00e1 realizado \u00e9 <a href=\"https:\/\/test.imprimetresde.com\/gl\/o-noso-material-de-impresion-o-pla-polimero-biodegradabel-procedente-de-recursos-vexetais\/\">PLA<\/a>\u00a0que \u00e9 un material procedente de materia vexetal, biodegrad\u00e1bel, non t\u00f3xico e ecol\u00f3xico<\/p>\n<\/div>\n","protected":false},"excerpt":{"rendered":"<p>Chaveiro Castelao, dese\u00f1o de\u00a0<a href=\"https:\/\/test.imprimetresde.com\/gl\/\">Imprimetresde<\/a>, baseado nun dese\u00f1o do propio <a href=\"https:\/\/gl.wikipedia.org\/wiki\/Alfonso_Daniel_Rodr%C3%ADguez_Castelao\">Daniel A. Rodr\u00edguez Castela<\/a>o sobre a s\u00faa imaxe: \u201cAutocaricatura\u201d de 1914.<\/p>\n<p>&nbsp;<\/p>\n","protected":false},"featured_media":6336,"comment_status":"open","ping_status":"closed","template":"","meta":{"_vp_format_video_url":"","_vp_image_focal_point":[]},"product_brand":[],"product_cat":[421,315,316],"product_tag":[1962,1963,378,256,513,1114,1208,1149,1115,601,479,463,2508,2507,602,562],"class_list":{"0":"post-6335","1":"product","2":"type-product","3":"status-publish","4":"has-post-thumbnail","6":"product_cat-activismo","7":"product_cat-complementos-gl","8":"product_cat-cultura-gl","9":"product_tag-17-de-maio","10":"product_tag-17m","11":"product_tag-castelao","12":"product_tag-chaveiro","13":"product_tag-cultura","14":"product_tag-dia-da-nai","15":"product_tag-dia-da-patria","16":"product_tag-dia-das-letras","17":"product_tag-dia-do-pai","18":"product_tag-escritor","19":"product_tag-galicia","20":"product_tag-galiza","21":"product_tag-impresion-3d-a-coruna","22":"product_tag-impresion-3d-coruna","23":"product_tag-patria","24":"product_tag-sempre-en-galiza","26":"first","27":"instock","28":"sale","29":"taxable","30":"shipping-taxable","31":"purchasable","32":"product-type-simple"},"exclude_global_add_ons":[],"addons":[],"_links":{"self":[{"href":"https:\/\/test.imprimetresde.com\/gl\/wp-json\/wp\/v2\/product\/6335","targetHints":{"allow":["GET"]}}],"collection":[{"href":"https:\/\/test.imprimetresde.com\/gl\/wp-json\/wp\/v2\/product"}],"about":[{"href":"https:\/\/test.imprimetresde.com\/gl\/wp-json\/wp\/v2\/types\/product"}],"replies":[{"embeddable":true,"href":"https:\/\/test.imprimetresde.com\/gl\/wp-json\/wp\/v2\/comments?post=6335"}],"wp:featuredmedia":[{"embeddable":true,"href":"https:\/\/test.imprimetresde.com\/gl\/wp-json\/wp\/v2\/media\/6336"}],"wp:attachment":[{"href":"https:\/\/test.imprimetresde.com\/gl\/wp-json\/wp\/v2\/media?parent=6335"}],"wp:term":[{"taxonomy":"product_brand","embeddable":true,"href":"https:\/\/test.imprimetresde.com\/gl\/wp-json\/wp\/v2\/product_brand?post=6335"},{"taxonomy":"product_cat","embeddable":true,"href":"https:\/\/test.imprimetresde.com\/gl\/wp-json\/wp\/v2\/product_cat?post=6335"},{"taxonomy":"product_tag","embeddable":true,"href":"https:\/\/test.imprimetresde.com\/gl\/wp-json\/wp\/v2\/product_tag?post=6335"}],"curies":[{"name":"wp","href":"https:\/\/api.w.org\/{rel}","templated":true}]}}

<div class="product_description">
<p>Chaveiro Castelao, deseño de <a href="https://test.imprimetresde.com/gl/">Imprimetresde</a>, baseado nun deseño do propio Daniel A. Rodríguez <a href="https://gl.wikipedia.org/wiki/Alfonso_Daniel_Rodr%C3%ADguez_Castelao">Castelao</a> sobre a súa imaxe: “Autocaricatura” de 1914.</p>
</div>
<p>Pregúntanos para mercalo en máis cores diferentes!</p>
<div class="product_description">
<p>*O material no que está realizado é <a href="https://test.imprimetresde.com/gl/o-noso-material-de-impresion-o-pla-polimero-biodegradabel-procedente-de-recursos-vexetais/">PLA</a> que é un material procedente de materia vexetal, biodegradábel, non tóxico e ecolóxico</p>
</div>

<p>Chaveiro Castelao, deseño de <a href="https://test.imprimetresde.com/gl/">Imprimetresde</a>, baseado nun deseño do propio <a href="https://gl.wikipedia.org/wiki/Alfonso_Daniel_Rodr%C3%ADguez_Castelao">Daniel A. Rodríguez Castela</a>o sobre a súa imaxe: “Autocaricatura” de 1914.</p>
<p>&nbsp;</p>
