{"id":6361,"date":"2018-08-28T16:09:43","date_gmt":"2018-08-28T14:09:43","guid":{"rendered":"https:\/\/test.imprimetresde.com\/?post_type=product&#038;p=6361\/"},"modified":"2024-03-15T20:38:47","modified_gmt":"2024-03-15T18:38:47","slug":"chaveiro-gz-galiza","status":"publish","type":"product","link":"https:\/\/test.imprimetresde.com\/gl\/produto\/chaveiro-gz-galiza\/","title":{"rendered":"Chaveiro GZ (Galiza)"},"content":{"rendered":"<p>Chaveiro GZ (<a href=\"https:\/\/gl.wikipedia.org\/wiki\/Galicia\">Galiza<\/a>) dese\u00f1ado por <a href=\"https:\/\/test.imprimetresde.com\/gl\/\">I3D<\/a>, en cor branca.<\/p>\n<p>*O material no que est\u00e1 realizado \u00e9 <a href=\"https:\/\/test.imprimetresde.com\/gl\/o-noso-material-de-impresion-o-pla-polimero-biodegradabel-procedente-de-recursos-vexetais\/\">PLA<\/a>, material procedente de materia vexetal, biodegrad\u00e1bel, non t\u00f3xico e ecol\u00f3xico<\/p>\n","protected":false},"excerpt":{"rendered":"<p>Chaveiro GZ (<a href=\"https:\/\/gl.wikipedia.org\/wiki\/Galicia\">Galiza<\/a>) dese\u00f1ado por <a href=\"https:\/\/test.imprimetresde.com\/gl\/\">I3D<\/a>, en cor branca.<\/p>\n<p>&nbsp;<\/p>\n","protected":false},"featured_media":6362,"comment_status":"open","ping_status":"closed","template":"","meta":{"_vp_format_video_url":"","_vp_image_focal_point":[]},"product_brand":[],"product_cat":[421,315,316],"product_tag":[1962,1963,566,378,256,1208,1149,1115,1652,1651,463,462,1167,2508,2507,565,1650,1320,464,602,968,562,1964],"class_list":{"0":"post-6361","1":"product","2":"type-product","3":"status-publish","4":"has-post-thumbnail","6":"product_cat-activismo","7":"product_cat-complementos-gl","8":"product_cat-cultura-gl","9":"product_tag-17-de-maio","10":"product_tag-17m","11":"product_tag-agasallo","12":"product_tag-castelao","13":"product_tag-chaveiro","14":"product_tag-dia-da-patria","15":"product_tag-dia-das-letras","16":"product_tag-dia-do-pai","17":"product_tag-eduardo-pondal-gl","18":"product_tag-fogar-de-breogan-gl","19":"product_tag-galiza","20":"product_tag-gz","21":"product_tag-himno-galego","22":"product_tag-impresion-3d-a-coruna","23":"product_tag-impresion-3d-coruna","24":"product_tag-nacionalismo","25":"product_tag-nazon-de-breogan-gl","26":"product_tag-os-pinos","27":"product_tag-pais","28":"product_tag-patria","29":"product_tag-regalo-gl","30":"product_tag-sempre-en-galiza","31":"product_tag-souvenirs","33":"first","34":"instock","35":"sale","36":"taxable","37":"shipping-taxable","38":"purchasable","39":"product-type-simple"},"exclude_global_add_ons":[],"addons":[],"_links":{"self":[{"href":"https:\/\/test.imprimetresde.com\/gl\/wp-json\/wp\/v2\/product\/6361","targetHints":{"allow":["GET"]}}],"collection":[{"href":"https:\/\/test.imprimetresde.com\/gl\/wp-json\/wp\/v2\/product"}],"about":[{"href":"https:\/\/test.imprimetresde.com\/gl\/wp-json\/wp\/v2\/types\/product"}],"replies":[{"embeddable":true,"href":"https:\/\/test.imprimetresde.com\/gl\/wp-json\/wp\/v2\/comments?post=6361"}],"wp:featuredmedia":[{"embeddable":true,"href":"https:\/\/test.imprimetresde.com\/gl\/wp-json\/wp\/v2\/media\/6362"}],"wp:attachment":[{"href":"https:\/\/test.imprimetresde.com\/gl\/wp-json\/wp\/v2\/media?parent=6361"}],"wp:term":[{"taxonomy":"product_brand","embeddable":true,"href":"https:\/\/test.imprimetresde.com\/gl\/wp-json\/wp\/v2\/product_brand?post=6361"},{"taxonomy":"product_cat","embeddable":true,"href":"https:\/\/test.imprimetresde.com\/gl\/wp-json\/wp\/v2\/product_cat?post=6361"},{"taxonomy":"product_tag","embeddable":true,"href":"https:\/\/test.imprimetresde.com\/gl\/wp-json\/wp\/v2\/product_tag?post=6361"}],"curies":[{"name":"wp","href":"https:\/\/api.w.org\/{rel}","templated":true}]}}

<p>Chaveiro GZ (<a href="https://gl.wikipedia.org/wiki/Galicia">Galiza</a>) deseñado por <a href="https://test.imprimetresde.com/gl/">I3D</a>, en cor branca.</p>
<p>*O material no que está realizado é <a href="https://test.imprimetresde.com/gl/o-noso-material-de-impresion-o-pla-polimero-biodegradabel-procedente-de-recursos-vexetais/">PLA</a>, material procedente de materia vexetal, biodegradábel, non tóxico e ecolóxico</p>

<p>Chaveiro GZ (<a href="https://gl.wikipedia.org/wiki/Galicia">Galiza</a>) deseñado por <a href="https://test.imprimetresde.com/gl/">I3D</a>, en cor branca.</p>
<p>&nbsp;</p>
