{"id":6416,"date":"2018-09-26T16:32:11","date_gmt":"2018-09-26T14:32:11","guid":{"rendered":"https:\/\/test.imprimetresde.com\/?post_type=product&#038;p=6416"},"modified":"2025-04-04T13:14:42","modified_gmt":"2025-04-04T11:14:42","slug":"testo-hortina","status":"publish","type":"product","link":"https:\/\/test.imprimetresde.com\/gl\/produto\/testo-hortina\/","title":{"rendered":"Testo Horti\u00f1a"},"content":{"rendered":"<p>Testo Horti\u00f1a pertencente \u00e1 colecci\u00f3n en homenaxe \u00e1 escritora galega m\u00e1is universal, <a href=\"https:\/\/gl.wikipedia.org\/wiki\/Rosal%C3%ADa_de_Castro\">Rosal\u00eda de Castro<\/a>. Dese\u00f1ado pola equipa de <a href=\"https:\/\/test.imprimetresde.com\/gl\/\">Imprimetresde<\/a>, este testo leva uns versos en cor verde do seu famoso poema &#8220;Adi\u00f3s r\u00edos, adi\u00f3s fontes&#8221;.<\/p>\n<p><span style=\"color: #666699;\">Mi\u00f1a terra, mi\u00f1a terra,<\/span><br \/>\n<span style=\"color: #666699;\">terra donde m\u2019eu criei,<\/span><br \/>\n<span style=\"color: #666699;\">horti\u00f1a que quero tanto,<\/span><br \/>\n<span style=\"color: #666699;\">figueiri\u00f1as que prantei.<\/span><\/p>\n<p>Cantares Gallegos, Rosal\u00eda de Castro (1863)<\/p>\n","protected":false},"excerpt":{"rendered":"<p>Testo Horti\u00f1a pertencente \u00e1 colecci\u00f3n en homenaxe \u00e1 escritora galega m\u00e1is universal, <a href=\"https:\/\/gl.wikipedia.org\/wiki\/Rosal%C3%ADa_de_Castro\">Rosal\u00eda de Castro<\/a>. Dese\u00f1ado pola equipa de <a href=\"https:\/\/test.imprimetresde.com\/gl\/\">Imprimetresde<\/a>, este testo leva uns versos en cor verde do seu famoso poema &#8220;Adi\u00f3s r\u00edos, adi\u00f3s fontes&#8221;.<\/p>\n<p>Mi\u00f1a terra, mi\u00f1a terra,<br \/>\nterra donde m\u2019eu criei,<br \/>\nhorti\u00f1a que quero tanto,<br \/>\nfigueiri\u00f1as que prantei.<\/p>\n<p>Cantares Gallegos, Rosal\u00eda de Castro (1863)<\/p>\n","protected":false},"featured_media":6417,"comment_status":"open","ping_status":"closed","template":"","meta":{"_vp_format_video_url":"","_vp_image_focal_point":[]},"product_brand":[],"product_cat":[315,316,313],"product_tag":[485,1114,1115,469,484,409,479,463,753,2508,2507,755,751,752,472,754,969,281,1384,750],"class_list":{"0":"post-6416","1":"product","2":"type-product","3":"status-publish","4":"has-post-thumbnail","6":"product_cat-complementos-gl","7":"product_cat-cultura-gl","8":"product_cat-ambiente-gl","9":"product_tag-cantares-gallegos","10":"product_tag-dia-da-nai","11":"product_tag-dia-do-pai","12":"product_tag-escritora","13":"product_tag-follas-novas","14":"product_tag-galega","15":"product_tag-galicia","16":"product_tag-galiza","17":"product_tag-hortina","18":"product_tag-impresion-3d-a-coruna","19":"product_tag-impresion-3d-coruna","20":"product_tag-literatura","21":"product_tag-maceta","22":"product_tag-macetero","23":"product_tag-poema","24":"product_tag-poeta","25":"product_tag-rosalia","26":"product_tag-rosalia-de-castro-gl","27":"product_tag-souvenir","28":"product_tag-testo","30":"first","31":"instock","32":"taxable","33":"shipping-taxable","34":"purchasable","35":"product-type-simple"},"exclude_global_add_ons":[],"addons":[],"_links":{"self":[{"href":"https:\/\/test.imprimetresde.com\/gl\/wp-json\/wp\/v2\/product\/6416","targetHints":{"allow":["GET"]}}],"collection":[{"href":"https:\/\/test.imprimetresde.com\/gl\/wp-json\/wp\/v2\/product"}],"about":[{"href":"https:\/\/test.imprimetresde.com\/gl\/wp-json\/wp\/v2\/types\/product"}],"replies":[{"embeddable":true,"href":"https:\/\/test.imprimetresde.com\/gl\/wp-json\/wp\/v2\/comments?post=6416"}],"wp:featuredmedia":[{"embeddable":true,"href":"https:\/\/test.imprimetresde.com\/gl\/wp-json\/wp\/v2\/media\/6417"}],"wp:attachment":[{"href":"https:\/\/test.imprimetresde.com\/gl\/wp-json\/wp\/v2\/media?parent=6416"}],"wp:term":[{"taxonomy":"product_brand","embeddable":true,"href":"https:\/\/test.imprimetresde.com\/gl\/wp-json\/wp\/v2\/product_brand?post=6416"},{"taxonomy":"product_cat","embeddable":true,"href":"https:\/\/test.imprimetresde.com\/gl\/wp-json\/wp\/v2\/product_cat?post=6416"},{"taxonomy":"product_tag","embeddable":true,"href":"https:\/\/test.imprimetresde.com\/gl\/wp-json\/wp\/v2\/product_tag?post=6416"}],"curies":[{"name":"wp","href":"https:\/\/api.w.org\/{rel}","templated":true}]}}

Testo Hortiña

<p>Testo Hortiña pertencente á colección en homenaxe á escritora galega máis universal, <a href="https://gl.wikipedia.org/wiki/Rosal%C3%ADa_de_Castro">Rosalía de Castro</a>. Deseñado pola equipa de <a href="https://test.imprimetresde.com/gl/">Imprimetresde</a>, este testo leva uns versos en cor verde do seu famoso poema &#8220;Adiós ríos, adiós fontes&#8221;.</p>
<p><span style="color: #666699;">Miña terra, miña terra,</span><br />
<span style="color: #666699;">terra donde m’eu criei,</span><br />
<span style="color: #666699;">hortiña que quero tanto,</span><br />
<span style="color: #666699;">figueiriñas que prantei.</span></p>
<p>Cantares Gallegos, Rosalía de Castro (1863)</p>

<p>Testo Hortiña pertencente á colección en homenaxe á escritora galega máis universal, <a href="https://gl.wikipedia.org/wiki/Rosal%C3%ADa_de_Castro">Rosalía de Castro</a>. Deseñado pola equipa de <a href="https://test.imprimetresde.com/gl/">Imprimetresde</a>, este testo leva uns versos en cor verde do seu famoso poema &#8220;Adiós ríos, adiós fontes&#8221;.</p>
<p>Miña terra, miña terra,<br />
terra donde m’eu criei,<br />
hortiña que quero tanto,<br />
figueiriñas que prantei.</p>
<p>Cantares Gallegos, Rosalía de Castro (1863)</p>
