{"id":6443,"date":"2018-10-09T17:32:38","date_gmt":"2018-10-09T15:32:38","guid":{"rendered":"https:\/\/test.imprimetresde.com\/?post_type=product&#038;p=6443"},"modified":"2025-04-04T13:40:42","modified_gmt":"2025-04-04T11:40:42","slug":"marcapaxinas-castelao","status":"publish","type":"product","link":"https:\/\/test.imprimetresde.com\/gl\/produto\/marcapaxinas-castelao\/","title":{"rendered":"Marcap\u00e1xinas Castelao"},"content":{"rendered":"<p>Marcap\u00e1xinas Castelao en formato Litofan\u00eda idea orixinal da equipa de <a href=\"https:\/\/test.imprimetresde.com\/gl\/\">Imprimetresde<\/a> en homenaxe a <a href=\"https:\/\/gl.wikipedia.org\/wiki\/Alfonso_Daniel_Rodr%C3%ADguez_Castelao\">Castelao<\/a>, considerado o Pai do nacionalismo galego. Foi un <a title=\"Intelectual\" href=\"https:\/\/gl.wikipedia.org\/wiki\/Intelectual\">intelectual<\/a> comprometido coa terra e co pa\u00eds. Na s\u00faa persoa reun\u00edanse as facetas de <a title=\"Narraci\u00f3n\" href=\"https:\/\/gl.wikipedia.org\/wiki\/Narraci%C3%B3n\">narrador<\/a>, <a title=\"Ensaio (literatura)\" href=\"https:\/\/gl.wikipedia.org\/wiki\/Ensaio_(literatura)\">ensa\u00edsta<\/a>, <a title=\"Teatro\" href=\"https:\/\/gl.wikipedia.org\/wiki\/Teatro\">dramaturgo<\/a>, <a title=\"Debuxo\" href=\"https:\/\/gl.wikipedia.org\/wiki\/Debuxo\">debuxante<\/a> e pol\u00edtico <a title=\"Pobo galego\" href=\"https:\/\/gl.wikipedia.org\/wiki\/Pobo_galego\">galego<\/a>, chegando a ser a figura m\u00e1is importante da <a title=\"Cultura de Galicia\" href=\"https:\/\/gl.wikipedia.org\/wiki\/Cultura_de_Galicia\">cultura galega<\/a> do <a title=\"S\u00e9culo XX\" href=\"https:\/\/gl.wikipedia.org\/wiki\/S%C3%A9culo_XX\">s\u00e9culo XX<\/a>.<\/p>\n<p>*O material no que est\u00e1 realizado \u00e9 <a href=\"https:\/\/test.imprimetresde.com\/gl\/o-noso-material-de-impresion-o-pla-polimero-biodegradabel-procedente-de-recursos-vexetais\/\">PLA<\/a>, material procedente de materia vexetal, biodegrad\u00e1bel, non t\u00f3xico e ecol\u00f3xico<\/p>\n<p>&nbsp;<\/p>\n","protected":false},"excerpt":{"rendered":"<p>Marcap\u00e1xinas Castelao en formato Litofan\u00eda idea orixinal da equipa de <a href=\"https:\/\/test.imprimetresde.com\/gl\/\">Imprimetresde<\/a> en homenaxe a <a href=\"https:\/\/gl.wikipedia.org\/wiki\/Alfonso_Daniel_Rodr%C3%ADguez_Castelao\">Castelao<\/a>, considerado o Pai do nacionalismo galego. Foi un <a title=\"Intelectual\" href=\"https:\/\/gl.wikipedia.org\/wiki\/Intelectual\">intelectual<\/a> comprometido coa terra e co pa\u00eds. Na s\u00faa persoa reun\u00edanse as facetas de <a title=\"Narraci\u00f3n\" href=\"https:\/\/gl.wikipedia.org\/wiki\/Narraci%C3%B3n\">narrador<\/a>, <a title=\"Ensaio (literatura)\" href=\"https:\/\/gl.wikipedia.org\/wiki\/Ensaio_(literatura)\">ensa\u00edsta<\/a>, <a title=\"Teatro\" href=\"https:\/\/gl.wikipedia.org\/wiki\/Teatro\">dramaturgo<\/a>, <a title=\"Debuxo\" href=\"https:\/\/gl.wikipedia.org\/wiki\/Debuxo\">debuxante<\/a> e pol\u00edtico <a title=\"Pobo galego\" href=\"https:\/\/gl.wikipedia.org\/wiki\/Pobo_galego\">galego<\/a>, chegando a ser a figura m\u00e1is importante da <a title=\"Cultura de Galicia\" href=\"https:\/\/gl.wikipedia.org\/wiki\/Cultura_de_Galicia\">cultura galega<\/a> do <a title=\"S\u00e9culo XX\" href=\"https:\/\/gl.wikipedia.org\/wiki\/S%C3%A9culo_XX\">s\u00e9culo XX<\/a>.<\/p>\n<p>&nbsp;<\/p>\n<p>&nbsp;<\/p>\n","protected":false},"featured_media":6445,"comment_status":"open","ping_status":"closed","template":"","meta":{"_vp_format_video_url":"","_vp_image_focal_point":[]},"product_brand":[],"product_cat":[421,316],"product_tag":[1962,1963,378,1114,1149,1115,601,410,463,2508,2507,560,805,804,252,565,803,562],"class_list":{"0":"post-6443","1":"product","2":"type-product","3":"status-publish","4":"has-post-thumbnail","6":"product_cat-activismo","7":"product_cat-cultura-gl","8":"product_tag-17-de-maio","9":"product_tag-17m","10":"product_tag-castelao","11":"product_tag-dia-da-nai","12":"product_tag-dia-das-letras","13":"product_tag-dia-do-pai","14":"product_tag-escritor","15":"product_tag-galego","16":"product_tag-galiza","17":"product_tag-impresion-3d-a-coruna","18":"product_tag-impresion-3d-coruna","19":"product_tag-irmao-daniel","20":"product_tag-lectura","21":"product_tag-libro","22":"product_tag-marcapaxinas-gl","23":"product_tag-nacionalismo","24":"product_tag-pai","25":"product_tag-sempre-en-galiza","27":"first","28":"instock","29":"taxable","30":"shipping-taxable","31":"purchasable","32":"product-type-simple"},"exclude_global_add_ons":[],"addons":[],"_links":{"self":[{"href":"https:\/\/test.imprimetresde.com\/gl\/wp-json\/wp\/v2\/product\/6443","targetHints":{"allow":["GET"]}}],"collection":[{"href":"https:\/\/test.imprimetresde.com\/gl\/wp-json\/wp\/v2\/product"}],"about":[{"href":"https:\/\/test.imprimetresde.com\/gl\/wp-json\/wp\/v2\/types\/product"}],"replies":[{"embeddable":true,"href":"https:\/\/test.imprimetresde.com\/gl\/wp-json\/wp\/v2\/comments?post=6443"}],"wp:featuredmedia":[{"embeddable":true,"href":"https:\/\/test.imprimetresde.com\/gl\/wp-json\/wp\/v2\/media\/6445"}],"wp:attachment":[{"href":"https:\/\/test.imprimetresde.com\/gl\/wp-json\/wp\/v2\/media?parent=6443"}],"wp:term":[{"taxonomy":"product_brand","embeddable":true,"href":"https:\/\/test.imprimetresde.com\/gl\/wp-json\/wp\/v2\/product_brand?post=6443"},{"taxonomy":"product_cat","embeddable":true,"href":"https:\/\/test.imprimetresde.com\/gl\/wp-json\/wp\/v2\/product_cat?post=6443"},{"taxonomy":"product_tag","embeddable":true,"href":"https:\/\/test.imprimetresde.com\/gl\/wp-json\/wp\/v2\/product_tag?post=6443"}],"curies":[{"name":"wp","href":"https:\/\/api.w.org\/{rel}","templated":true}]}}

Marcapáxinas Castelao

<p>Marcapáxinas Castelao en formato Litofanía idea orixinal da equipa de <a href="https://test.imprimetresde.com/gl/">Imprimetresde</a> en homenaxe a <a href="https://gl.wikipedia.org/wiki/Alfonso_Daniel_Rodr%C3%ADguez_Castelao">Castelao</a>, considerado o Pai do nacionalismo galego. Foi un <a title="Intelectual" href="https://gl.wikipedia.org/wiki/Intelectual">intelectual</a> comprometido coa terra e co país. Na súa persoa reuníanse as facetas de <a title="Narración" href="https://gl.wikipedia.org/wiki/Narraci%C3%B3n">narrador</a>, <a title="Ensaio (literatura)" href="https://gl.wikipedia.org/wiki/Ensaio_(literatura)">ensaísta</a>, <a title="Teatro" href="https://gl.wikipedia.org/wiki/Teatro">dramaturgo</a>, <a title="Debuxo" href="https://gl.wikipedia.org/wiki/Debuxo">debuxante</a> e político <a title="Pobo galego" href="https://gl.wikipedia.org/wiki/Pobo_galego">galego</a>, chegando a ser a figura máis importante da <a title="Cultura de Galicia" href="https://gl.wikipedia.org/wiki/Cultura_de_Galicia">cultura galega</a> do <a title="Século XX" href="https://gl.wikipedia.org/wiki/S%C3%A9culo_XX">século XX</a>.</p>
<p>*O material no que está realizado é <a href="https://test.imprimetresde.com/gl/o-noso-material-de-impresion-o-pla-polimero-biodegradabel-procedente-de-recursos-vexetais/">PLA</a>, material procedente de materia vexetal, biodegradábel, non tóxico e ecolóxico</p>
<p>&nbsp;</p>

<p>Marcapáxinas Castelao en formato Litofanía idea orixinal da equipa de <a href="https://test.imprimetresde.com/gl/">Imprimetresde</a> en homenaxe a <a href="https://gl.wikipedia.org/wiki/Alfonso_Daniel_Rodr%C3%ADguez_Castelao">Castelao</a>, considerado o Pai do nacionalismo galego. Foi un <a title="Intelectual" href="https://gl.wikipedia.org/wiki/Intelectual">intelectual</a> comprometido coa terra e co país. Na súa persoa reuníanse as facetas de <a title="Narración" href="https://gl.wikipedia.org/wiki/Narraci%C3%B3n">narrador</a>, <a title="Ensaio (literatura)" href="https://gl.wikipedia.org/wiki/Ensaio_(literatura)">ensaísta</a>, <a title="Teatro" href="https://gl.wikipedia.org/wiki/Teatro">dramaturgo</a>, <a title="Debuxo" href="https://gl.wikipedia.org/wiki/Debuxo">debuxante</a> e político <a title="Pobo galego" href="https://gl.wikipedia.org/wiki/Pobo_galego">galego</a>, chegando a ser a figura máis importante da <a title="Cultura de Galicia" href="https://gl.wikipedia.org/wiki/Cultura_de_Galicia">cultura galega</a> do <a title="Século XX" href="https://gl.wikipedia.org/wiki/S%C3%A9culo_XX">século XX</a>.</p>
<p>&nbsp;</p>
<p>&nbsp;</p>
