{"id":6479,"date":"2020-03-10T13:14:44","date_gmt":"2020-03-10T11:14:44","guid":{"rendered":"https:\/\/test.imprimetresde.com\/?post_type=product&#038;p=6479"},"modified":"2025-04-03T14:43:03","modified_gmt":"2025-04-03T12:43:03","slug":"marco-personalizado","status":"publish","type":"product","link":"https:\/\/test.imprimetresde.com\/gl\/produto\/marco-personalizado\/","title":{"rendered":"Marco Personalizado"},"content":{"rendered":"<p>Marco Personalizado.\u00a0 Dese\u00f1ado pola equipa de <a href=\"https:\/\/test.imprimetresde.com\/gl\/\">Imprimetresde <\/a>, \u00e9 ideal para regalar. Personaliza o marco de fotos para facer o agasallo m\u00e1is orixinal e preg\u00fantanos para incorportar dese\u00f1os a maiores.<\/p>\n<p>*O material no que est\u00e1 realizado \u00e9 <a href=\"https:\/\/test.imprimetresde.com\/nuestro-material-de-impresion-el-pla-polimero-biodegradable-procedente-de-recursos-vegetales\/\">PLA<\/a>, material procedente de materia vexetal, <a href=\"https:\/\/es.wikipedia.org\/wiki\/Biodegradabilidad\">biodegrad\u00e1bel<\/a>, non t\u00f3xico e ecol\u00f3xico<\/p>\n","protected":false},"excerpt":{"rendered":"<p>Marco Personalizado. Dese\u00f1ado pola equipa de <a href=\"https:\/\/test.imprimetresde.com\/gl\/\">Imprimetresde <\/a>, \u00e9 ideal para regalar. Personaliza o marco de fotos para facer o agasallo m\u00e1is orixinal. Preg\u00fantanos para incorportar dese\u00f1os a maiores.<\/p>\n<p>&nbsp;<\/p>\n","protected":false},"featured_media":7079,"comment_status":"open","ping_status":"closed","template":"","meta":{"_vp_format_video_url":"","_vp_image_focal_point":[]},"product_brand":[],"product_cat":[316,313,2499],"product_tag":[566,1114,1115,830,2508,2507,829,831,274,968],"class_list":{"0":"post-6479","1":"product","2":"type-product","3":"status-publish","4":"has-post-thumbnail","6":"product_cat-cultura-gl","7":"product_cat-ambiente-gl","8":"product_cat-personalizados","9":"product_tag-agasallo","10":"product_tag-dia-da-nai","11":"product_tag-dia-do-pai","12":"product_tag-fotos","13":"product_tag-impresion-3d-a-coruna","14":"product_tag-impresion-3d-coruna","15":"product_tag-marco","16":"product_tag-personalizable","17":"product_tag-personalizado-gl","18":"product_tag-regalo-gl","20":"first","21":"instock","22":"sale","23":"taxable","24":"shipping-taxable","25":"purchasable","26":"product-type-variable"},"exclude_global_add_ons":false,"addons":[{"name":"Texto personalizado","type":"heading","position":0,"required":false,"title_format":"label","default":"","description_enable":true,"description":"Introduce o nome\/texto que aparecer\u00e1 no marco","placeholder_enable":false,"placeholder":"","display":"select","restrictions_type":"any_text","adjust_price":false,"price":"","price_type":"flat_fee","restrictions":false,"min":"0","max":"0","options":[]},{"name":"Nome\/texto:","type":"custom_text","position":1,"required":true,"title_format":"label","default":"","description_enable":false,"description":"","placeholder_enable":false,"placeholder":"","display":"select","restrictions_type":"any_text","adjust_price":false,"price":"","price_type":"quantity_based","restrictions":true,"min":"0","max":"18","options":[]}],"_links":{"self":[{"href":"https:\/\/test.imprimetresde.com\/gl\/wp-json\/wp\/v2\/product\/6479","targetHints":{"allow":["GET"]}}],"collection":[{"href":"https:\/\/test.imprimetresde.com\/gl\/wp-json\/wp\/v2\/product"}],"about":[{"href":"https:\/\/test.imprimetresde.com\/gl\/wp-json\/wp\/v2\/types\/product"}],"replies":[{"embeddable":true,"href":"https:\/\/test.imprimetresde.com\/gl\/wp-json\/wp\/v2\/comments?post=6479"}],"wp:featuredmedia":[{"embeddable":true,"href":"https:\/\/test.imprimetresde.com\/gl\/wp-json\/wp\/v2\/media\/7079"}],"wp:attachment":[{"href":"https:\/\/test.imprimetresde.com\/gl\/wp-json\/wp\/v2\/media?parent=6479"}],"wp:term":[{"taxonomy":"product_brand","embeddable":true,"href":"https:\/\/test.imprimetresde.com\/gl\/wp-json\/wp\/v2\/product_brand?post=6479"},{"taxonomy":"product_cat","embeddable":true,"href":"https:\/\/test.imprimetresde.com\/gl\/wp-json\/wp\/v2\/product_cat?post=6479"},{"taxonomy":"product_tag","embeddable":true,"href":"https:\/\/test.imprimetresde.com\/gl\/wp-json\/wp\/v2\/product_tag?post=6479"}],"curies":[{"name":"wp","href":"https:\/\/api.w.org\/{rel}","templated":true}]}}

<p>Marco Personalizado.  Deseñado pola equipa de <a href="https://test.imprimetresde.com/gl/">Imprimetresde </a>, é ideal para regalar. Personaliza o marco de fotos para facer o agasallo máis orixinal e pregúntanos para incorportar deseños a maiores.</p>
<p>*O material no que está realizado é <a href="https://test.imprimetresde.com/nuestro-material-de-impresion-el-pla-polimero-biodegradable-procedente-de-recursos-vegetales/">PLA</a>, material procedente de materia vexetal, <a href="https://es.wikipedia.org/wiki/Biodegradabilidad">biodegradábel</a>, non tóxico e ecolóxico</p>

<p>Marco Personalizado. Deseñado pola equipa de <a href="https://test.imprimetresde.com/gl/">Imprimetresde </a>, é ideal para regalar. Personaliza o marco de fotos para facer o agasallo máis orixinal. Pregúntanos para incorportar deseños a maiores.</p>
<p>&nbsp;</p>

Introduce o nome/texto que aparecerá no marco
