{"id":6564,"date":"2019-01-16T12:16:12","date_gmt":"2019-01-16T10:16:12","guid":{"rendered":"https:\/\/test.imprimetresde.com\/?post_type=product&#038;p=6564"},"modified":"2024-03-15T20:32:11","modified_gmt":"2024-03-15T18:32:11","slug":"colar-vieira","status":"publish","type":"product","link":"https:\/\/test.imprimetresde.com\/gl\/produto\/colar-vieira\/","title":{"rendered":"Colar Vieira"},"content":{"rendered":"<p>Colar Vieira dese\u00f1o orixinal de <a href=\"https:\/\/test.imprimetresde.com\/gl\/\">Imprimetresde<\/a>. Feito en madeira, con moito estilo e en homenaxe \u00e1 <a href=\"https:\/\/gl.wikipedia.org\/wiki\/Vieira\">Vieira<\/a>: A cuncha da vieira \u00e9 o s\u00edmbolo por excelencia do <a title=\"Peregrino\" href=\"https:\/\/gl.wikipedia.org\/wiki\/Peregrino\">peregrino<\/a> e da peregrina no <a title=\"Cami\u00f1o de Santiago\" href=\"https:\/\/gl.wikipedia.org\/wiki\/Cami%C3%B1o_de_Santiago\">Cami\u00f1o de Santiago<\/a>. A raz\u00f3n \u00e9 que, ao ser t\u00edpica das costas de <a title=\"Galicia\" href=\"https:\/\/gl.wikipedia.org\/wiki\/Galicia\">Galicia<\/a>, @s peregrin@s lev\u00e1bana \u00f3s seus lugares de orixe como proba de que chegaran at\u00e9 o final da viaxe. En realidade, <a class=\"mw-redirect\" title=\"Linneo\" href=\"https:\/\/gl.wikipedia.org\/wiki\/Linneo\">Linneo<\/a> deu o nome de <i>Pecten jacobeus<\/i>, ou cuncha de Santiago, \u00e1 <a class=\"new\" title=\"Vieira do Mediterr\u00e1neo (a p\u00e1xina a\u00ednda non existe)\" href=\"https:\/\/gl.wikipedia.org\/w\/index.php?title=Vieira_do_Mediterr%C3%A1neo&amp;action=edit&amp;redlink=1\">vieira do Mediterr\u00e1neo<\/a>, non \u00e1 especie propia das costas <a class=\"mw-redirect\" title=\"Atl\u00e1ntico\" href=\"https:\/\/gl.wikipedia.org\/wiki\/Atl%C3%A1ntico\">atl\u00e1nticas<\/a><\/p>\n<p>En Galicia, a vieira recibe tam\u00e9n os nomes de <i>avi\u00f1eira<\/i>, <i>peregrina<\/i>, <i>cuncha de pelegr\u00edn<\/i>, <i>xacobea<\/i> <sup id=\"cite_ref-1\" class=\"reference\"><a href=\"https:\/\/gl.wikipedia.org\/wiki\/Vieira#cite_note-1\">[1]<\/a><\/sup> e <i>cascarr\u00f3n<\/i>.<\/p>\n<p>Adem\u00e1is, o material no que est\u00e1n realizados \u00e9 Wooden <a href=\"https:\/\/test.imprimetresde.com\/gl\/o-noso-material-de-impresion-o-pla-polimero-biodegradabel-procedente-de-recursos-vexetais\/\">PLA<\/a> (material procedente de materia vexetal, biodegrad\u00e1bel, non t\u00f3xico e ecol\u00f3xico) e m\u00e1is un 80% de madeira.<\/p>\n","protected":false},"excerpt":{"rendered":"<p>Colar Vieira dese\u00f1o orixinal de <a href=\"https:\/\/test.imprimetresde.com\/gl\/\">Imprimetresde<\/a>. Feito en madeira, con moito estilo e en homenaxe \u00e1 <a href=\"https:\/\/gl.wikipedia.org\/wiki\/Vieira\">Vieira<\/a>: A cuncha da vieira \u00e9 o s\u00edmbolo por excelencia do <a title=\"Peregrino\" href=\"https:\/\/gl.wikipedia.org\/wiki\/Peregrino\">peregrino<\/a> e da peregrina no <a title=\"Cami\u00f1o de Santiago\" href=\"https:\/\/gl.wikipedia.org\/wiki\/Cami%C3%B1o_de_Santiago\">Cami\u00f1o de Santiago<\/a>.<\/p>\n<p>Adem\u00e1is, o material no que est\u00e1n realizados \u00e9 Wooden <a href=\"https:\/\/test.imprimetresde.com\/gl\/o-noso-material-de-impresion-o-pla-polimero-biodegradabel-procedente-de-recursos-vexetais\/\">PLA<\/a> (material procedente de materia vexetal, biodegrad\u00e1bel, non t\u00f3xico e ecol\u00f3xico) e m\u00e1is un 80% de madeira.<\/p>\n","protected":false},"featured_media":6568,"comment_status":"open","ping_status":"closed","template":"","meta":{"_vp_format_video_url":"","_vp_image_focal_point":[]},"product_brand":[],"product_cat":[1312,315,316],"product_tag":[2564,213,1338,2508,2507,460,2565,1340,591,1337],"class_list":{"0":"post-6564","1":"product","2":"type-product","3":"status-publish","4":"has-post-thumbnail","6":"product_cat-colgantes-gl","7":"product_cat-complementos-gl","8":"product_cat-cultura-gl","9":"product_tag-camino-xacobeo","10":"product_tag-complemento-gl","11":"product_tag-cuncha","12":"product_tag-impresion-3d-a-coruna","13":"product_tag-impresion-3d-coruna","14":"product_tag-pendente","15":"product_tag-peregrinacion","16":"product_tag-peregrino","17":"product_tag-santiago-de-compostela-gl","18":"product_tag-vieira","20":"first","21":"instock","22":"sale","23":"taxable","24":"shipping-taxable","25":"purchasable","26":"product-type-simple"},"exclude_global_add_ons":false,"addons":[{"name":"Material da Cadea (opcional)","type":"checkbox","position":0,"required":false,"title_format":"label","default":"","description_enable":true,"description":"Opci\u00f3n de facer a peza con cadea e accesorios de prata 925, de primera lei.","placeholder_enable":false,"placeholder":"","display":"select","restrictions_type":"any_text","adjust_price":false,"price":"","price_type":"flat_fee","restrictions":false,"min":"0","max":"0","options":[{"label":"Prata","price":"10","price_type":"flat_fee","image":0,"visibility":true}]}],"_links":{"self":[{"href":"https:\/\/test.imprimetresde.com\/gl\/wp-json\/wp\/v2\/product\/6564","targetHints":{"allow":["GET"]}}],"collection":[{"href":"https:\/\/test.imprimetresde.com\/gl\/wp-json\/wp\/v2\/product"}],"about":[{"href":"https:\/\/test.imprimetresde.com\/gl\/wp-json\/wp\/v2\/types\/product"}],"replies":[{"embeddable":true,"href":"https:\/\/test.imprimetresde.com\/gl\/wp-json\/wp\/v2\/comments?post=6564"}],"wp:featuredmedia":[{"embeddable":true,"href":"https:\/\/test.imprimetresde.com\/gl\/wp-json\/wp\/v2\/media\/6568"}],"wp:attachment":[{"href":"https:\/\/test.imprimetresde.com\/gl\/wp-json\/wp\/v2\/media?parent=6564"}],"wp:term":[{"taxonomy":"product_brand","embeddable":true,"href":"https:\/\/test.imprimetresde.com\/gl\/wp-json\/wp\/v2\/product_brand?post=6564"},{"taxonomy":"product_cat","embeddable":true,"href":"https:\/\/test.imprimetresde.com\/gl\/wp-json\/wp\/v2\/product_cat?post=6564"},{"taxonomy":"product_tag","embeddable":true,"href":"https:\/\/test.imprimetresde.com\/gl\/wp-json\/wp\/v2\/product_tag?post=6564"}],"curies":[{"name":"wp","href":"https:\/\/api.w.org\/{rel}","templated":true}]}}

<p>Colar Vieira deseño orixinal de <a href="https://test.imprimetresde.com/gl/">Imprimetresde</a>. Feito en madeira, con moito estilo e en homenaxe á <a href="https://gl.wikipedia.org/wiki/Vieira">Vieira</a>: A cuncha da vieira é o símbolo por excelencia do <a title="Peregrino" href="https://gl.wikipedia.org/wiki/Peregrino">peregrino</a> e da peregrina no <a title="Camiño de Santiago" href="https://gl.wikipedia.org/wiki/Cami%C3%B1o_de_Santiago">Camiño de Santiago</a>. A razón é que, ao ser típica das costas de <a title="Galicia" href="https://gl.wikipedia.org/wiki/Galicia">Galicia</a>, @s peregrin@s levábana ós seus lugares de orixe como proba de que chegaran até o final da viaxe. En realidade, <a class="mw-redirect" title="Linneo" href="https://gl.wikipedia.org/wiki/Linneo">Linneo</a> deu o nome de <i>Pecten jacobeus</i>, ou cuncha de Santiago, á <a class="new" title="Vieira do Mediterráneo (a páxina aínda non existe)" href="https://gl.wikipedia.org/w/index.php?title=Vieira_do_Mediterr%C3%A1neo&amp;action=edit&amp;redlink=1">vieira do Mediterráneo</a>, non á especie propia das costas <a class="mw-redirect" title="Atlántico" href="https://gl.wikipedia.org/wiki/Atl%C3%A1ntico">atlánticas</a></p>
<p>En Galicia, a vieira recibe tamén os nomes de <i>aviñeira</i>, <i>peregrina</i>, <i>cuncha de pelegrín</i>, <i>xacobea</i> <sup id="cite_ref-1" class="reference"><a href="https://gl.wikipedia.org/wiki/Vieira#cite_note-1">[1]</a></sup> e <i>cascarrón</i>.</p>
<p>Ademáis, o material no que están realizados é Wooden <a href="https://test.imprimetresde.com/gl/o-noso-material-de-impresion-o-pla-polimero-biodegradabel-procedente-de-recursos-vexetais/">PLA</a> (material procedente de materia vexetal, biodegradábel, non tóxico e ecolóxico) e máis un 80% de madeira.</p>

<p>Colar Vieira deseño orixinal de <a href="https://test.imprimetresde.com/gl/">Imprimetresde</a>. Feito en madeira, con moito estilo e en homenaxe á <a href="https://gl.wikipedia.org/wiki/Vieira">Vieira</a>: A cuncha da vieira é o símbolo por excelencia do <a title="Peregrino" href="https://gl.wikipedia.org/wiki/Peregrino">peregrino</a> e da peregrina no <a title="Camiño de Santiago" href="https://gl.wikipedia.org/wiki/Cami%C3%B1o_de_Santiago">Camiño de Santiago</a>.</p>
<p>Ademáis, o material no que están realizados é Wooden <a href="https://test.imprimetresde.com/gl/o-noso-material-de-impresion-o-pla-polimero-biodegradabel-procedente-de-recursos-vexetais/">PLA</a> (material procedente de materia vexetal, biodegradábel, non tóxico e ecolóxico) e máis un 80% de madeira.</p>

Opción de facer a peza con cadea e accesorios de prata 925, de primera lei.
