{"id":6581,"date":"2019-02-01T13:45:49","date_gmt":"2019-02-01T11:45:49","guid":{"rendered":"https:\/\/test.imprimetresde.com\/?post_type=product&#038;p=6581"},"modified":"2025-10-20T14:25:28","modified_gmt":"2025-10-20T12:25:28","slug":"brincos-cunca-xerra","status":"publish","type":"product","link":"https:\/\/test.imprimetresde.com\/gl\/produto\/brincos-cunca-xerra\/","title":{"rendered":"Brincos Cunca + Xerra"},"content":{"rendered":"<p>Brincos Cunca + Xerra dese\u00f1ados pola equipa de <a href=\"https:\/\/test.imprimetresde.com\/gl\/\">Imprimetresde<\/a>. Orixinais brincos combinados de <a href=\"https:\/\/gl.wikipedia.org\/wiki\/Cunca\">cunca<\/a> m\u00e1is <a href=\"https:\/\/gl.wikipedia.org\/wiki\/Xerra\">xerra<\/a>. Est\u00e1n\u00a0inspirados nas tradicionais pezas para servir e beber o vi\u00f1o, t\u00edpicas da Galiza. As\u00ed podr\u00e1s darlle o toque m\u00e1is enxebre ao teu look!<\/p>\n<p>*O material no que est\u00e1 realizado \u00e9 <a href=\"https:\/\/test.imprimetresde.com\/gl\/o-noso-material-de-impresion-o-pla-polimero-biodegradabel-procedente-de-recursos-vexetais\/\">PLA<\/a>, material procedente de materia vexetal, biodegrad\u00e1bel, non t\u00f3xico e ecol\u00f3xico.<\/p>\n","protected":false},"excerpt":{"rendered":"<p>Brincos Cunca + Xerra dese\u00f1ados pola equipa de <a href=\"https:\/\/test.imprimetresde.com\/gl\/\">Imprimetresde<\/a>. Orixinais brincos combinados de cunca m\u00e1is xerra, inspirados nas tradicionais pezas para servir e beber o vi\u00f1o, t\u00edpicas da Galiza, as\u00ed podr\u00e1s darlle o toque m\u00e1is enxebre ao teu look!<\/p>\n<p>*O material no que est\u00e1 realizado \u00e9 <a href=\"https:\/\/test.imprimetresde.com\/gl\/o-noso-material-de-impresion-o-pla-polimero-biodegradabel-procedente-de-recursos-vexetais\/\">PLA<\/a>, material procedente de materia vexetal, biodegrad\u00e1bel, non t\u00f3xico e ecol\u00f3xico.<\/p>\n","protected":false},"featured_media":6584,"comment_status":"open","ping_status":"closed","template":"","meta":{"_vp_format_video_url":"","_vp_image_focal_point":[]},"product_brand":[],"product_cat":[421,315,316,1290],"product_tag":[353,878,385,879,880,463,2508,2507,460,387,386,390],"class_list":{"0":"post-6581","1":"product","2":"type-product","3":"status-publish","4":"has-post-thumbnail","6":"product_cat-activismo","7":"product_cat-complementos-gl","8":"product_cat-cultura-gl","9":"product_cat-pendentes","10":"product_tag-brincos","11":"product_tag-cunca","12":"product_tag-cuncas","13":"product_tag-enxebre","14":"product_tag-furancho","15":"product_tag-galiza","16":"product_tag-impresion-3d-a-coruna","17":"product_tag-impresion-3d-coruna","18":"product_tag-pendente","19":"product_tag-tipico","20":"product_tag-vino","21":"product_tag-xerra","23":"first","24":"onbackorder","25":"featured","26":"taxable","27":"shipping-taxable","28":"purchasable","29":"product-type-simple"},"exclude_global_add_ons":false,"addons":[{"name":"Material de las fornituras (opcional)","type":"checkbox","position":0,"required":false,"title_format":"label","default":"","description_enable":true,"description":"Opci\u00f3n de incorporar fornituras de plata 925, de primera ley.","placeholder_enable":false,"placeholder":"","display":"select","restrictions_type":"any_text","adjust_price":false,"price":"","price_type":"flat_fee","restrictions":false,"min":"0","max":"0","options":[{"label":"Plata","price":"5","price_type":"flat_fee","image":0,"visibility":true}]}],"_links":{"self":[{"href":"https:\/\/test.imprimetresde.com\/gl\/wp-json\/wp\/v2\/product\/6581","targetHints":{"allow":["GET"]}}],"collection":[{"href":"https:\/\/test.imprimetresde.com\/gl\/wp-json\/wp\/v2\/product"}],"about":[{"href":"https:\/\/test.imprimetresde.com\/gl\/wp-json\/wp\/v2\/types\/product"}],"replies":[{"embeddable":true,"href":"https:\/\/test.imprimetresde.com\/gl\/wp-json\/wp\/v2\/comments?post=6581"}],"wp:featuredmedia":[{"embeddable":true,"href":"https:\/\/test.imprimetresde.com\/gl\/wp-json\/wp\/v2\/media\/6584"}],"wp:attachment":[{"href":"https:\/\/test.imprimetresde.com\/gl\/wp-json\/wp\/v2\/media?parent=6581"}],"wp:term":[{"taxonomy":"product_brand","embeddable":true,"href":"https:\/\/test.imprimetresde.com\/gl\/wp-json\/wp\/v2\/product_brand?post=6581"},{"taxonomy":"product_cat","embeddable":true,"href":"https:\/\/test.imprimetresde.com\/gl\/wp-json\/wp\/v2\/product_cat?post=6581"},{"taxonomy":"product_tag","embeddable":true,"href":"https:\/\/test.imprimetresde.com\/gl\/wp-json\/wp\/v2\/product_tag?post=6581"}],"curies":[{"name":"wp","href":"https:\/\/api.w.org\/{rel}","templated":true}]}}

<p>Brincos Cunca + Xerra deseñados pola equipa de <a href="https://test.imprimetresde.com/gl/">Imprimetresde</a>. Orixinais brincos combinados de <a href="https://gl.wikipedia.org/wiki/Cunca">cunca</a> máis <a href="https://gl.wikipedia.org/wiki/Xerra">xerra</a>. Están inspirados nas tradicionais pezas para servir e beber o viño, típicas da Galiza. Así podrás darlle o toque máis enxebre ao teu look!</p>
<p>*O material no que está realizado é <a href="https://test.imprimetresde.com/gl/o-noso-material-de-impresion-o-pla-polimero-biodegradabel-procedente-de-recursos-vexetais/">PLA</a>, material procedente de materia vexetal, biodegradábel, non tóxico e ecolóxico.</p>

<p>Brincos Cunca + Xerra deseñados pola equipa de <a href="https://test.imprimetresde.com/gl/">Imprimetresde</a>. Orixinais brincos combinados de cunca máis xerra, inspirados nas tradicionais pezas para servir e beber o viño, típicas da Galiza, así podrás darlle o toque máis enxebre ao teu look!</p>
<p>*O material no que está realizado é <a href="https://test.imprimetresde.com/gl/o-noso-material-de-impresion-o-pla-polimero-biodegradabel-procedente-de-recursos-vexetais/">PLA</a>, material procedente de materia vexetal, biodegradábel, non tóxico e ecolóxico.</p>

Opción de incorporar fornituras de plata 925, de primera ley.
