{"id":6595,"date":"2019-02-08T18:45:50","date_gmt":"2019-02-08T16:45:50","guid":{"rendered":"https:\/\/test.imprimetresde.com\/?post_type=product&#038;p=6595"},"modified":"2024-03-15T19:24:22","modified_gmt":"2024-03-15T17:24:22","slug":"marco-fotos-8m","status":"publish","type":"product","link":"https:\/\/test.imprimetresde.com\/gl\/produto\/marco-fotos-8m\/","title":{"rendered":"Marco fotos #8M"},"content":{"rendered":"<p>Marco fotos #8M para inmortalizar esta data tan significativa. O <a href=\"https:\/\/gl.wikipedia.org\/wiki\/D%C3%ADa_Internacional_da_Muller\"><b>D\u00eda Internacional da Muller Traballadora<\/b><\/a>, conmemorado cada <a title=\"8 de marzo\" href=\"https:\/\/gl.wikipedia.org\/wiki\/8_de_marzo\">8 de marzo<\/a> e reco\u00f1ecido pola <a title=\"Organizaci\u00f3n das Naci\u00f3ns Unidas\" href=\"https:\/\/gl.wikipedia.org\/wiki\/Organizaci%C3%B3n_das_Naci%C3%B3ns_Unidas\">ONU<\/a> como unha xornada para reivindicar a igualdade e de facer balance sobre a situaci\u00f3n das mulleres na sociedade, \u00e9 festa reco\u00f1ecida nalg\u00fans pa\u00edses, e tradicionalmente grupos e asociaci\u00f3ns de mulleres militantes no feminismo ou no movemento obreiro preparan manifestaci\u00f3ns.<\/p>\n<p>*O material no que est\u00e1 realizado \u00e9 <a href=\"https:\/\/test.imprimetresde.com\/gl\/o-noso-material-de-impresion-o-pla-polimero-biodegradabel-procedente-de-recursos-vexetais\/\">PLA<\/a> (en d\u00faas cores, branco e lila) material procedente de materia vexetal, biodegrad\u00e1bel, non t\u00f3xico e ecol\u00f3xico<\/p>\n","protected":false},"excerpt":{"rendered":"<p>Marco fotos #8M para inmortalizar esta data tan significativa. O <a href=\"https:\/\/gl.wikipedia.org\/wiki\/D%C3%ADa_Internacional_da_Muller\"><b>D\u00eda Internacional da Muller Traballadora<\/b><\/a>, conmemorado cada <a title=\"8 de marzo\" href=\"https:\/\/gl.wikipedia.org\/wiki\/8_de_marzo\">8 de marzo<\/a> e reco\u00f1ecido pola <a title=\"Organizaci\u00f3n das Naci\u00f3ns Unidas\" href=\"https:\/\/gl.wikipedia.org\/wiki\/Organizaci%C3%B3n_das_Naci%C3%B3ns_Unidas\">ONU<\/a> como unha xornada para reivindicar a igualdade e de facer balance sobre a situaci\u00f3n das mulleres na sociedade.<\/p>\n<p>&nbsp;<\/p>\n","protected":false},"featured_media":6610,"comment_status":"open","ping_status":"closed","template":"","meta":{"_vp_format_video_url":"","_vp_image_focal_point":[]},"product_brand":[],"product_cat":[421,316,313],"product_tag":[884,541,885,357,354,830,2508,2507,829],"class_list":{"0":"post-6595","1":"product","2":"type-product","3":"status-publish","4":"has-post-thumbnail","6":"product_cat-activismo","7":"product_cat-cultura-gl","8":"product_cat-ambiente-gl","9":"product_tag-8-de-marzo","10":"product_tag-8m","11":"product_tag-dia-da-muller-traballadora","12":"product_tag-feminismo-gl","13":"product_tag-feminista-gl","14":"product_tag-fotos","15":"product_tag-impresion-3d-a-coruna","16":"product_tag-impresion-3d-coruna","17":"product_tag-marco","19":"first","20":"instock","21":"taxable","22":"shipping-taxable","23":"purchasable","24":"product-type-simple"},"exclude_global_add_ons":[],"addons":[],"_links":{"self":[{"href":"https:\/\/test.imprimetresde.com\/gl\/wp-json\/wp\/v2\/product\/6595","targetHints":{"allow":["GET"]}}],"collection":[{"href":"https:\/\/test.imprimetresde.com\/gl\/wp-json\/wp\/v2\/product"}],"about":[{"href":"https:\/\/test.imprimetresde.com\/gl\/wp-json\/wp\/v2\/types\/product"}],"replies":[{"embeddable":true,"href":"https:\/\/test.imprimetresde.com\/gl\/wp-json\/wp\/v2\/comments?post=6595"}],"wp:featuredmedia":[{"embeddable":true,"href":"https:\/\/test.imprimetresde.com\/gl\/wp-json\/wp\/v2\/media\/6610"}],"wp:attachment":[{"href":"https:\/\/test.imprimetresde.com\/gl\/wp-json\/wp\/v2\/media?parent=6595"}],"wp:term":[{"taxonomy":"product_brand","embeddable":true,"href":"https:\/\/test.imprimetresde.com\/gl\/wp-json\/wp\/v2\/product_brand?post=6595"},{"taxonomy":"product_cat","embeddable":true,"href":"https:\/\/test.imprimetresde.com\/gl\/wp-json\/wp\/v2\/product_cat?post=6595"},{"taxonomy":"product_tag","embeddable":true,"href":"https:\/\/test.imprimetresde.com\/gl\/wp-json\/wp\/v2\/product_tag?post=6595"}],"curies":[{"name":"wp","href":"https:\/\/api.w.org\/{rel}","templated":true}]}}

<p>Marco fotos #8M para inmortalizar esta data tan significativa. O <a href="https://gl.wikipedia.org/wiki/D%C3%ADa_Internacional_da_Muller"><b>Día Internacional da Muller Traballadora</b></a>, conmemorado cada <a title="8 de marzo" href="https://gl.wikipedia.org/wiki/8_de_marzo">8 de marzo</a> e recoñecido pola <a title="Organización das Nacións Unidas" href="https://gl.wikipedia.org/wiki/Organizaci%C3%B3n_das_Naci%C3%B3ns_Unidas">ONU</a> como unha xornada para reivindicar a igualdade e de facer balance sobre a situación das mulleres na sociedade, é festa recoñecida nalgúns países, e tradicionalmente grupos e asociacións de mulleres militantes no feminismo ou no movemento obreiro preparan manifestacións.</p>
<p>*O material no que está realizado é <a href="https://test.imprimetresde.com/gl/o-noso-material-de-impresion-o-pla-polimero-biodegradabel-procedente-de-recursos-vexetais/">PLA</a> (en dúas cores, branco e lila) material procedente de materia vexetal, biodegradábel, non tóxico e ecolóxico</p>

<p>Marco fotos #8M para inmortalizar esta data tan significativa. O <a href="https://gl.wikipedia.org/wiki/D%C3%ADa_Internacional_da_Muller"><b>Día Internacional da Muller Traballadora</b></a>, conmemorado cada <a title="8 de marzo" href="https://gl.wikipedia.org/wiki/8_de_marzo">8 de marzo</a> e recoñecido pola <a title="Organización das Nacións Unidas" href="https://gl.wikipedia.org/wiki/Organizaci%C3%B3n_das_Naci%C3%B3ns_Unidas">ONU</a> como unha xornada para reivindicar a igualdade e de facer balance sobre a situación das mulleres na sociedade.</p>
<p>&nbsp;</p>
