{"id":6650,"date":"2019-02-25T18:47:02","date_gmt":"2019-02-25T16:47:02","guid":{"rendered":"https:\/\/test.imprimetresde.com\/?post_type=product&#038;p=6650"},"modified":"2025-09-18T13:31:02","modified_gmt":"2025-09-18T11:31:02","slug":"broche-pandeireta-rosalia","status":"publish","type":"product","link":"https:\/\/test.imprimetresde.com\/gl\/produto\/broche-pandeireta-rosalia\/","title":{"rendered":"Broche Pandeireta Rosal\u00eda"},"content":{"rendered":"<p>Broche Pandeireta Rosal\u00eda<\/p>\n<p>Dese\u00f1ado pola equipa de <a href=\"https:\/\/test.imprimetresde.com\/gl\/\">Imprimetresde<\/a> podes atopar este fermos\u00edsimo broche como dupla homenaxe \u00e1 nosa poeta nacional, <a href=\"https:\/\/gl.wikipedia.org\/wiki\/Rosal%C3%ADa_de_Castro\">Rosal\u00eda de Castr<\/a>o, e \u00e1 pandeireta, instrumento que constit\u00fae a base da m\u00fasica tradicional galega.\u00a0P\u00f3dela lucir en lila ou en negro. Asimesmo, disp\u00f3n dunhas ferre\u00f1as met\u00e1licas que far\u00e1n as delicias de calquer mel\u00f3man@.<\/p>\n<p>Realizado en madeira imprim\u00edbel (wooden PLA) e <a href=\"https:\/\/test.imprimetresde.com\/gl\/o-noso-material-de-impresion-o-pla-polimero-biodegradabel-procedente-de-recursos-vexetais\/\">PLA<\/a>.<\/p>\n","protected":false},"excerpt":{"rendered":"<p>Broche Pandeireta Rosal\u00eda<\/p>\n<p>Dese\u00f1ado pola equipa de <a href=\"https:\/\/test.imprimetresde.com\/gl\/\">imprimetresde.com\/gl\/<\/a> podes atopar este fermos\u00edsimo broche como dupla homenaxe \u00e1 nosa poeta nacional, <a href=\"https:\/\/gl.wikipedia.org\/wiki\/Rosal%C3%ADa_de_Castro\">Rosal\u00eda de Castro<\/a>, e \u00e1 pandeireta, instrumento que constit\u00fae a base da m\u00fasica tradicional galega. P\u00f3dela lucir en lila ou en negro. Asimesmo, disp\u00f3n dunhas ferre\u00f1as met\u00e1licas que far\u00e1n as delicias de calquer mel\u00f3man@.<\/p>\n","protected":false},"featured_media":8773,"comment_status":"open","ping_status":"closed","template":"","meta":{"_vp_format_video_url":"","_vp_image_focal_point":[]},"product_brand":[],"product_cat":[421,315,316],"product_tag":[365,485,1114,225,1115,1395,469,357,484,409,479,463,2508,2507,755,464,260,1166,969,281,1384],"class_list":{"0":"post-6650","1":"product","2":"type-product","3":"status-publish","4":"has-post-thumbnail","6":"product_cat-activismo","7":"product_cat-complementos-gl","8":"product_cat-cultura-gl","9":"product_tag-broche","10":"product_tag-cantares-gallegos","11":"product_tag-dia-da-nai","12":"product_tag-dia-de-rosalia-gl","13":"product_tag-dia-do-pai","14":"product_tag-ecoloxico","15":"product_tag-escritora","16":"product_tag-feminismo-gl","17":"product_tag-follas-novas","18":"product_tag-galega","19":"product_tag-galicia","20":"product_tag-galiza","21":"product_tag-impresion-3d-a-coruna","22":"product_tag-impresion-3d-coruna","23":"product_tag-literatura","24":"product_tag-pais","25":"product_tag-pla-gl","26":"product_tag-poeta-nacional","27":"product_tag-rosalia","28":"product_tag-rosalia-de-castro-gl","29":"product_tag-souvenir","31":"first","32":"instock","33":"sale","34":"taxable","35":"shipping-taxable","36":"purchasable","37":"product-type-variable","38":"has-default-attributes"},"exclude_global_add_ons":[],"addons":[],"_links":{"self":[{"href":"https:\/\/test.imprimetresde.com\/gl\/wp-json\/wp\/v2\/product\/6650","targetHints":{"allow":["GET"]}}],"collection":[{"href":"https:\/\/test.imprimetresde.com\/gl\/wp-json\/wp\/v2\/product"}],"about":[{"href":"https:\/\/test.imprimetresde.com\/gl\/wp-json\/wp\/v2\/types\/product"}],"replies":[{"embeddable":true,"href":"https:\/\/test.imprimetresde.com\/gl\/wp-json\/wp\/v2\/comments?post=6650"}],"wp:featuredmedia":[{"embeddable":true,"href":"https:\/\/test.imprimetresde.com\/gl\/wp-json\/wp\/v2\/media\/8773"}],"wp:attachment":[{"href":"https:\/\/test.imprimetresde.com\/gl\/wp-json\/wp\/v2\/media?parent=6650"}],"wp:term":[{"taxonomy":"product_brand","embeddable":true,"href":"https:\/\/test.imprimetresde.com\/gl\/wp-json\/wp\/v2\/product_brand?post=6650"},{"taxonomy":"product_cat","embeddable":true,"href":"https:\/\/test.imprimetresde.com\/gl\/wp-json\/wp\/v2\/product_cat?post=6650"},{"taxonomy":"product_tag","embeddable":true,"href":"https:\/\/test.imprimetresde.com\/gl\/wp-json\/wp\/v2\/product_tag?post=6650"}],"curies":[{"name":"wp","href":"https:\/\/api.w.org\/{rel}","templated":true}]}}

Broche Pandeireta Rosalía

<p>Broche Pandeireta Rosalía</p>
<p>Deseñado pola equipa de <a href="https://test.imprimetresde.com/gl/">Imprimetresde</a> podes atopar este fermosísimo broche como dupla homenaxe á nosa poeta nacional, <a href="https://gl.wikipedia.org/wiki/Rosal%C3%ADa_de_Castro">Rosalía de Castr</a>o, e á pandeireta, instrumento que constitúe a base da música tradicional galega. Pódela lucir en lila ou en negro. Asimesmo, dispón dunhas ferreñas metálicas que farán as delicias de calquer melóman@.</p>
<p>Realizado en madeira imprimíbel (wooden PLA) e <a href="https://test.imprimetresde.com/gl/o-noso-material-de-impresion-o-pla-polimero-biodegradabel-procedente-de-recursos-vexetais/">PLA</a>.</p>

<p>Broche Pandeireta Rosalía</p>
<p>Deseñado pola equipa de <a href="https://test.imprimetresde.com/gl/">imprimetresde.com/gl/</a> podes atopar este fermosísimo broche como dupla homenaxe á nosa poeta nacional, <a href="https://gl.wikipedia.org/wiki/Rosal%C3%ADa_de_Castro">Rosalía de Castro</a>, e á pandeireta, instrumento que constitúe a base da música tradicional galega. Pódela lucir en lila ou en negro. Asimesmo, dispón dunhas ferreñas metálicas que farán as delicias de calquer melóman@.</p>
