{"id":6686,"date":"2019-03-13T17:24:42","date_gmt":"2019-03-13T15:24:42","guid":{"rendered":"https:\/\/test.imprimetresde.com\/?post_type=product&#038;p=6686"},"modified":"2025-09-17T13:35:23","modified_gmt":"2025-09-17T11:35:23","slug":"chaveiro-xerra","status":"publish","type":"product","link":"https:\/\/test.imprimetresde.com\/gl\/produto\/chaveiro-xerra\/","title":{"rendered":"Chaveiro Xerra"},"content":{"rendered":"<p>Chaveiro <a href=\"https:\/\/gl.wikipedia.org\/wiki\/Xerra\">Xerra<\/a> inspirado nas tradicionais xerras de vi\u00f1o empregadas en Galiza.\u00a0 Tam\u00e9n co\u00f1ecida como gabeta ou pichel, presumir\u00e1s lev\u00e1andoo sempre contigo!<\/p>\n<p>*O material no que est\u00e1 realizado \u00e9 <a href=\"https:\/\/test.imprimetresde.com\/gl\/o-noso-material-de-impresion-o-pla-polimero-biodegradabel-procedente-de-recursos-vexetais\/\">PLA<\/a>, material procedente de materia vexetal, biodegrad\u00e1bel, non t\u00f3xico e ecol\u00f3xico<\/p>\n","protected":false},"excerpt":{"rendered":"<p>Chaveiro <a href=\"https:\/\/gl.wikipedia.org\/wiki\/Xerra\">Xerra <\/a>inspirado nas tradicionais xerras de vi\u00f1o empregadas en Galiza.\u00a0 Tam\u00e9n co\u00f1ecida como gabeta ou pichel, presumir\u00e1s lev\u00e1andoo sempre contigo!<\/p>\n","protected":false},"featured_media":6687,"comment_status":"open","ping_status":"closed","template":"","meta":{"_vp_format_video_url":"","_vp_image_focal_point":[]},"product_brand":[],"product_cat":[315,316],"product_tag":[256,878,1114,1115,441,880,906,479,463,2508,2507,907,908,386,909,390],"class_list":{"0":"post-6686","1":"product","2":"type-product","3":"status-publish","4":"has-post-thumbnail","6":"product_cat-complementos-gl","7":"product_cat-cultura-gl","8":"product_tag-chaveiro","9":"product_tag-cunca","10":"product_tag-dia-da-nai","11":"product_tag-dia-do-pai","12":"product_tag-festa","13":"product_tag-furancho","14":"product_tag-gabeta","15":"product_tag-galicia","16":"product_tag-galiza","17":"product_tag-impresion-3d-a-coruna","18":"product_tag-impresion-3d-coruna","19":"product_tag-pichel","20":"product_tag-taza","21":"product_tag-vino","22":"product_tag-xantar","23":"product_tag-xerra","25":"first","26":"instock","27":"sale","28":"taxable","29":"shipping-taxable","30":"purchasable","31":"product-type-simple"},"exclude_global_add_ons":[],"addons":[],"_links":{"self":[{"href":"https:\/\/test.imprimetresde.com\/gl\/wp-json\/wp\/v2\/product\/6686","targetHints":{"allow":["GET"]}}],"collection":[{"href":"https:\/\/test.imprimetresde.com\/gl\/wp-json\/wp\/v2\/product"}],"about":[{"href":"https:\/\/test.imprimetresde.com\/gl\/wp-json\/wp\/v2\/types\/product"}],"replies":[{"embeddable":true,"href":"https:\/\/test.imprimetresde.com\/gl\/wp-json\/wp\/v2\/comments?post=6686"}],"wp:featuredmedia":[{"embeddable":true,"href":"https:\/\/test.imprimetresde.com\/gl\/wp-json\/wp\/v2\/media\/6687"}],"wp:attachment":[{"href":"https:\/\/test.imprimetresde.com\/gl\/wp-json\/wp\/v2\/media?parent=6686"}],"wp:term":[{"taxonomy":"product_brand","embeddable":true,"href":"https:\/\/test.imprimetresde.com\/gl\/wp-json\/wp\/v2\/product_brand?post=6686"},{"taxonomy":"product_cat","embeddable":true,"href":"https:\/\/test.imprimetresde.com\/gl\/wp-json\/wp\/v2\/product_cat?post=6686"},{"taxonomy":"product_tag","embeddable":true,"href":"https:\/\/test.imprimetresde.com\/gl\/wp-json\/wp\/v2\/product_tag?post=6686"}],"curies":[{"name":"wp","href":"https:\/\/api.w.org\/{rel}","templated":true}]}}

<p>Chaveiro <a href="https://gl.wikipedia.org/wiki/Xerra">Xerra</a> inspirado nas tradicionais xerras de viño empregadas en Galiza.  Tamén coñecida como gabeta ou pichel, presumirás leváandoo sempre contigo!</p>
<p>*O material no que está realizado é <a href="https://test.imprimetresde.com/gl/o-noso-material-de-impresion-o-pla-polimero-biodegradabel-procedente-de-recursos-vexetais/">PLA</a>, material procedente de materia vexetal, biodegradábel, non tóxico e ecolóxico</p>

<p>Chaveiro <a href="https://gl.wikipedia.org/wiki/Xerra">Xerra </a>inspirado nas tradicionais xerras de viño empregadas en Galiza.  Tamén coñecida como gabeta ou pichel, presumirás leváandoo sempre contigo!</p>
