{"id":6765,"date":"2019-04-05T11:43:24","date_gmt":"2019-04-05T09:43:24","guid":{"rendered":"https:\/\/test.imprimetresde.com\/?post_type=product&#038;p=6765"},"modified":"2025-10-31T14:03:00","modified_gmt":"2025-10-31T12:03:00","slug":"brincos-queixos-san-simon","status":"publish","type":"product","link":"https:\/\/test.imprimetresde.com\/gl\/produto\/brincos-queixos-san-simon\/","title":{"rendered":"Brincos Queixo San Sim\u00f3n"},"content":{"rendered":"<p>Brincos\u00a0Queixo San Sim\u00f3n dese\u00f1ados pola equipa de\u00a0<a href=\"https:\/\/test.imprimetresde.com\/gl\/\">Imprimetresde<\/a>. Present\u00e1mosvos este fermos\u00edsimo par de brincos asim\u00e9tricos como homenaxe ao tradicional queixo que se elabora principalmente nos concellos da Terra Ch\u00e1 (Lugo, Galiza)<\/p>\n<p>O\u00a0<a href=\"https:\/\/gl.wikipedia.org\/wiki\/Queixo_San_Sim%C3%B3n_da_Costa\"><b>San Sim\u00f3n<\/b><\/a>\u00a0\u00e9 un\u00a0<a title=\"Queixo\" href=\"https:\/\/gl.wikipedia.org\/wiki\/Queixo\">queixo<\/a>\u00a0<a class=\"mw-redirect\" title=\"DOP\" href=\"https:\/\/gl.wikipedia.org\/wiki\/DOP\">DO<\/a>\u00a0<a title=\"Galicia\" href=\"https:\/\/gl.wikipedia.org\/wiki\/Galicia\">galego<\/a>\u00a0elaborado con leite de vaca e cunha forma caracter\u00edstica intermedia entre un trompo e unha bala, terminando a s\u00faa parte superior en pico. Elab\u00f3rase principalmente nos concellos\u00a0<a title=\"Provincia de Lugo\" href=\"https:\/\/gl.wikipedia.org\/wiki\/Provincia_de_Lugo\">lucenses<\/a>\u00a0que forman a\u00a0<a title=\"Comarca da Terra Ch\u00e1\" href=\"https:\/\/gl.wikipedia.org\/wiki\/Comarca_da_Terra_Ch%C3%A1\">comarca da Terra Ch\u00e1<\/a>. Definici\u00f3n da Galipedia<\/p>\n<p>Realizados en\u00a0<a href=\"https:\/\/test.imprimetresde.com\/gl\/o-noso-material-de-impresion-o-pla-polimero-biodegradabel-procedente-de-recursos-vexetais\/\">PLA<\/a>, material procedente de materia vexetal, biodegrad\u00e1bel, non t\u00f3xico e ecol\u00f3xico.<\/p>\n<p><script src=\"moz-extension:\/\/5bdaac7b-9cd7-491b-8ff4-ed31f89b43b7\/js\/app.js\" type=\"text\/javascript\"><\/script><\/p>\n","protected":false},"excerpt":{"rendered":"<p>Brincos\u00a0Queixo San Sim\u00f3n dese\u00f1ados pola equipa de\u00a0<a href=\"https:\/\/test.imprimetresde.com\/gl\/\">Imprimetresde<\/a>\u00a0Present\u00e1mosvos este fermos\u00edsimo par de brincos asim\u00e9tricos como homenaxe ao tradicional queixo que se elabora principalmente nos concellos da Terra Ch\u00e1 (Lugo, Galiza)<\/p>\n<p><script src=\"moz-extension:\/\/5bdaac7b-9cd7-491b-8ff4-ed31f89b43b7\/js\/app.js\" type=\"text\/javascript\"><\/script><\/p>\n","protected":false},"featured_media":6766,"comment_status":"open","ping_status":"closed","template":"","meta":{"_vp_format_video_url":"","_vp_image_focal_point":[]},"product_brand":[],"product_cat":[315,316,1290],"product_tag":[353,958,959,880,463,2508,2507,957,961,962,955,956,505,954,960],"class_list":{"0":"post-6765","1":"product","2":"type-product","3":"status-publish","4":"has-post-thumbnail","6":"product_cat-complementos-gl","7":"product_cat-cultura-gl","8":"product_cat-pendentes","9":"product_tag-brincos","10":"product_tag-feira-do-queixo","11":"product_tag-festa-do-queixo","12":"product_tag-furancho","13":"product_tag-galiza","14":"product_tag-impresion-3d-a-coruna","15":"product_tag-impresion-3d-coruna","16":"product_tag-leite","17":"product_tag-lugo","18":"product_tag-pendientes-gl","19":"product_tag-queixo-san-simon","20":"product_tag-queixo-san-simon-da-costa","21":"product_tag-queixos","22":"product_tag-san-simon","23":"product_tag-terra-cha","25":"first","26":"onbackorder","27":"sale","28":"taxable","29":"shipping-taxable","30":"purchasable","31":"product-type-simple"},"exclude_global_add_ons":false,"addons":[{"name":"Material de las fornituras (opcional)","type":"checkbox","position":0,"required":false,"title_format":"label","default":"","description_enable":true,"description":"Opci\u00f3n de incorporar fornituras de plata 925, de primera ley.","placeholder_enable":false,"placeholder":"","display":"select","restrictions_type":"any_text","adjust_price":false,"price":"","price_type":"flat_fee","restrictions":false,"min":"0","max":"0","options":[{"label":"Plata","price":"5","price_type":"flat_fee","image":0,"visibility":true}]}],"_links":{"self":[{"href":"https:\/\/test.imprimetresde.com\/gl\/wp-json\/wp\/v2\/product\/6765","targetHints":{"allow":["GET"]}}],"collection":[{"href":"https:\/\/test.imprimetresde.com\/gl\/wp-json\/wp\/v2\/product"}],"about":[{"href":"https:\/\/test.imprimetresde.com\/gl\/wp-json\/wp\/v2\/types\/product"}],"replies":[{"embeddable":true,"href":"https:\/\/test.imprimetresde.com\/gl\/wp-json\/wp\/v2\/comments?post=6765"}],"wp:featuredmedia":[{"embeddable":true,"href":"https:\/\/test.imprimetresde.com\/gl\/wp-json\/wp\/v2\/media\/6766"}],"wp:attachment":[{"href":"https:\/\/test.imprimetresde.com\/gl\/wp-json\/wp\/v2\/media?parent=6765"}],"wp:term":[{"taxonomy":"product_brand","embeddable":true,"href":"https:\/\/test.imprimetresde.com\/gl\/wp-json\/wp\/v2\/product_brand?post=6765"},{"taxonomy":"product_cat","embeddable":true,"href":"https:\/\/test.imprimetresde.com\/gl\/wp-json\/wp\/v2\/product_cat?post=6765"},{"taxonomy":"product_tag","embeddable":true,"href":"https:\/\/test.imprimetresde.com\/gl\/wp-json\/wp\/v2\/product_tag?post=6765"}],"curies":[{"name":"wp","href":"https:\/\/api.w.org\/{rel}","templated":true}]}}

Brincos Queixo San Simón

<p>Brincos Queixo San Simón deseñados pola equipa de <a href="https://test.imprimetresde.com/gl/">Imprimetresde</a>. Presentámosvos este fermosísimo par de brincos asimétricos como homenaxe ao tradicional queixo que se elabora principalmente nos concellos da Terra Chá (Lugo, Galiza)</p>
<p>O <a href="https://gl.wikipedia.org/wiki/Queixo_San_Sim%C3%B3n_da_Costa"><b>San Simón</b></a> é un <a title="Queixo" href="https://gl.wikipedia.org/wiki/Queixo">queixo</a> <a class="mw-redirect" title="DOP" href="https://gl.wikipedia.org/wiki/DOP">DO</a> <a title="Galicia" href="https://gl.wikipedia.org/wiki/Galicia">galego</a> elaborado con leite de vaca e cunha forma característica intermedia entre un trompo e unha bala, terminando a súa parte superior en pico. Elabórase principalmente nos concellos <a title="Provincia de Lugo" href="https://gl.wikipedia.org/wiki/Provincia_de_Lugo">lucenses</a> que forman a <a title="Comarca da Terra Chá" href="https://gl.wikipedia.org/wiki/Comarca_da_Terra_Ch%C3%A1">comarca da Terra Chá</a>. Definición da Galipedia</p>
<p>Realizados en <a href="https://test.imprimetresde.com/gl/o-noso-material-de-impresion-o-pla-polimero-biodegradabel-procedente-de-recursos-vexetais/">PLA</a>, material procedente de materia vexetal, biodegradábel, non tóxico e ecolóxico.</p>
<p><script src="moz-extension://5bdaac7b-9cd7-491b-8ff4-ed31f89b43b7/js/app.js" type="text/javascript"></script></p>

<p>Brincos Queixo San Simón deseñados pola equipa de <a href="https://test.imprimetresde.com/gl/">Imprimetresde</a> Presentámosvos este fermosísimo par de brincos asimétricos como homenaxe ao tradicional queixo que se elabora principalmente nos concellos da Terra Chá (Lugo, Galiza)</p>
<p><script src="moz-extension://5bdaac7b-9cd7-491b-8ff4-ed31f89b43b7/js/app.js" type="text/javascript"></script></p>

Opción de incorporar fornituras de plata 925, de primera ley.
