{"id":6786,"date":"2019-05-24T12:12:16","date_gmt":"2019-05-24T10:12:16","guid":{"rendered":"https:\/\/test.imprimetresde.com\/?post_type=product&#038;p=6786"},"modified":"2025-03-11T18:02:43","modified_gmt":"2025-03-11T16:02:43","slug":"marco-fotos-sempre-en-galiza","status":"publish","type":"product","link":"https:\/\/test.imprimetresde.com\/gl\/produto\/marco-fotos-sempre-en-galiza\/","title":{"rendered":"Marco fotos Sempre en Galiza"},"content":{"rendered":"<p>Marco fotos <a href=\"https:\/\/gl.wikipedia.org\/wiki\/Sempre_en_Galiza\">Sempre en Galiza<\/a>. Dese\u00f1ado pola equipa de\u00a0<a href=\"https:\/\/test.imprimetresde.com\/gl\/\">I3D <\/a>, ideal para regalar. Baseado no t\u00edtulo da obra de Daniel R. Castelao do mesmo nome.<\/p>\n<p>*O material no que est\u00e1 realizado \u00e9\u00a0<a href=\"https:\/\/test.imprimetresde.com\/nuestro-material-de-impresion-el-pla-polimero-biodegradable-procedente-de-recursos-vegetales\/\">PLA<\/a>, material procedente de materia vexetal, biodegrad\u00e1bel, non t\u00f3xico e ecol\u00f3xico<\/p>\n<p>&nbsp;<\/p>\n","protected":false},"excerpt":{"rendered":"<p>Marco fotos <a href=\"https:\/\/gl.wikipedia.org\/wiki\/Sempre_en_Galiza\">Sempre en Galiza<\/a>. Dese\u00f1ado pola equipa de\u00a0<a href=\"https:\/\/test.imprimetresde.com\/gl\/\">I3D <\/a>, ideal para regalar. Baseado no t\u00edtulo da obra de Daniel R. Castelao do mesmo nome.<\/p>\n<p>&nbsp;<\/p>\n","protected":false},"featured_media":6787,"comment_status":"open","ping_status":"closed","template":"","meta":{"_vp_format_video_url":"","_vp_image_focal_point":[]},"product_brand":[],"product_cat":[421,316,313],"product_tag":[1962,1963,566,378,1114,1208,1149,1115,830,409,410,479,463,2508,2507,829,561,565,564,578,464,968,562],"class_list":{"0":"post-6786","1":"product","2":"type-product","3":"status-publish","4":"has-post-thumbnail","6":"product_cat-activismo","7":"product_cat-cultura-gl","8":"product_cat-ambiente-gl","9":"product_tag-17-de-maio","10":"product_tag-17m","11":"product_tag-agasallo","12":"product_tag-castelao","13":"product_tag-dia-da-nai","14":"product_tag-dia-da-patria","15":"product_tag-dia-das-letras","16":"product_tag-dia-do-pai","17":"product_tag-fotos","18":"product_tag-galega","19":"product_tag-galego","20":"product_tag-galicia","21":"product_tag-galiza","22":"product_tag-impresion-3d-a-coruna","23":"product_tag-impresion-3d-coruna","24":"product_tag-marco","25":"product_tag-nacion","26":"product_tag-nacionalismo","27":"product_tag-nacionalismo-galego","28":"product_tag-nazon","29":"product_tag-pais","30":"product_tag-regalo-gl","31":"product_tag-sempre-en-galiza","33":"first","34":"instock","35":"taxable","36":"shipping-taxable","37":"purchasable","38":"product-type-simple"},"exclude_global_add_ons":[],"addons":[],"_links":{"self":[{"href":"https:\/\/test.imprimetresde.com\/gl\/wp-json\/wp\/v2\/product\/6786","targetHints":{"allow":["GET"]}}],"collection":[{"href":"https:\/\/test.imprimetresde.com\/gl\/wp-json\/wp\/v2\/product"}],"about":[{"href":"https:\/\/test.imprimetresde.com\/gl\/wp-json\/wp\/v2\/types\/product"}],"replies":[{"embeddable":true,"href":"https:\/\/test.imprimetresde.com\/gl\/wp-json\/wp\/v2\/comments?post=6786"}],"wp:featuredmedia":[{"embeddable":true,"href":"https:\/\/test.imprimetresde.com\/gl\/wp-json\/wp\/v2\/media\/6787"}],"wp:attachment":[{"href":"https:\/\/test.imprimetresde.com\/gl\/wp-json\/wp\/v2\/media?parent=6786"}],"wp:term":[{"taxonomy":"product_brand","embeddable":true,"href":"https:\/\/test.imprimetresde.com\/gl\/wp-json\/wp\/v2\/product_brand?post=6786"},{"taxonomy":"product_cat","embeddable":true,"href":"https:\/\/test.imprimetresde.com\/gl\/wp-json\/wp\/v2\/product_cat?post=6786"},{"taxonomy":"product_tag","embeddable":true,"href":"https:\/\/test.imprimetresde.com\/gl\/wp-json\/wp\/v2\/product_tag?post=6786"}],"curies":[{"name":"wp","href":"https:\/\/api.w.org\/{rel}","templated":true}]}}

<p>Marco fotos <a href="https://gl.wikipedia.org/wiki/Sempre_en_Galiza">Sempre en Galiza</a>. Deseñado pola equipa de <a href="https://test.imprimetresde.com/gl/">I3D </a>, ideal para regalar. Baseado no título da obra de Daniel R. Castelao do mesmo nome.</p>
<p>*O material no que está realizado é <a href="https://test.imprimetresde.com/nuestro-material-de-impresion-el-pla-polimero-biodegradable-procedente-de-recursos-vegetales/">PLA</a>, material procedente de materia vexetal, biodegradábel, non tóxico e ecolóxico</p>
<p>&nbsp;</p>

<p>Marco fotos <a href="https://gl.wikipedia.org/wiki/Sempre_en_Galiza">Sempre en Galiza</a>. Deseñado pola equipa de <a href="https://test.imprimetresde.com/gl/">I3D </a>, ideal para regalar. Baseado no título da obra de Daniel R. Castelao do mesmo nome.</p>
<p>&nbsp;</p>
