{"id":6860,"date":"2019-11-15T12:41:06","date_gmt":"2019-11-15T10:41:06","guid":{"rendered":"https:\/\/test.imprimetresde.com\/?post_type=product&#038;p=6860"},"modified":"2024-12-23T12:36:15","modified_gmt":"2024-12-23T10:36:15","slug":"colar-eu-son-libre","status":"publish","type":"product","link":"https:\/\/test.imprimetresde.com\/gl\/produto\/colar-eu-son-libre\/","title":{"rendered":"Colar Eu son Libre"},"content":{"rendered":"<p>Colar Eu son Libre en homenaxe \u00e1 escritora galega m\u00e1is universal, <a href=\"https:\/\/gl.wikipedia.org\/wiki\/Rosal%C3%ADa_de_Castro\">Rosal\u00eda de Castro\u00a0<\/a>\u00a0. Desde <a href=\"https:\/\/test.imprimetresde.com\/gl\/\">Imprimetresde<\/a>\u00a0dese\u00f1amos este\u00a0colar Eu Son Libre en cor lila, frase que escollimos do seu manifesto feminista Lieders, onde se adianta \u00e1 s\u00faa \u00e9poca reivindicando o papel das mulleres na escrita e na defensa dos seus dereitos.<\/p>\n<p>*O material no que est\u00e1 realizado \u00e9 <a href=\"https:\/\/test.imprimetresde.com\/gl\/o-noso-material-de-impresion-o-pla-polimero-biodegradabel-procedente-de-recursos-vexetais\/\">PLA<\/a>, material procedente de materia vexetal, biodegrad\u00e1bel, non t\u00f3xico e ecol\u00f3xico<\/p>\n","protected":false},"excerpt":{"rendered":"<p>Colar Eu son Libre en homenaxe \u00e1 escritora galega m\u00e1is universal, <a href=\"https:\/\/gl.wikipedia.org\/wiki\/Rosal%C3%ADa_de_Castro\">Rosal\u00eda de Castro<\/a>\u00a0. Desde <a href=\"https:\/\/test.imprimetresde.com\/gl\/\">Imprimetresde<\/a>\u00a0dese\u00f1amos este\u00a0colar\u00a0Eu Son Libre en cor lila, frase que escollimos do seu manifesto feminista Lieders, onde se adianta \u00e1 s\u00faa \u00e9poca reivindicando o papel das mulleres na escrita e na defensa dos seus dereitos.<\/p>\n<p>&nbsp;<\/p>\n","protected":false},"featured_media":9278,"comment_status":"open","ping_status":"closed","template":"","meta":{"_vp_format_video_url":"","_vp_image_focal_point":[]},"product_brand":[],"product_cat":[421,1312,315,316],"product_tag":[971,970,884,541,388,469,357,354,409,2508,2507,356,972,973,969,281],"class_list":{"0":"post-6860","1":"product","2":"type-product","3":"status-publish","4":"has-post-thumbnail","6":"product_cat-activismo","7":"product_cat-colgantes-gl","8":"product_cat-complementos-gl","9":"product_cat-cultura-gl","10":"product_tag-25-de-novembro","11":"product_tag-25n","12":"product_tag-8-de-marzo","13":"product_tag-8m","14":"product_tag-colar","15":"product_tag-escritora","16":"product_tag-feminismo-gl","17":"product_tag-feminista-gl","18":"product_tag-galega","19":"product_tag-impresion-3d-a-coruna","20":"product_tag-impresion-3d-coruna","21":"product_tag-lila-gl","22":"product_tag-manifesto-lieders","23":"product_tag-muller-gl","24":"product_tag-rosalia","25":"product_tag-rosalia-de-castro-gl","27":"first","28":"instock","29":"taxable","30":"shipping-taxable","31":"purchasable","32":"product-type-simple"},"exclude_global_add_ons":false,"addons":[{"name":"Material da Cadea (opcional)","type":"checkbox","position":0,"required":false,"title_format":"label","default":"","description_enable":true,"description":"Opci\u00f3n de facer a peza con cadea e accesorios de prata 925, de primera lei.","placeholder_enable":false,"placeholder":"","display":"select","restrictions_type":"any_text","adjust_price":false,"price":"","price_type":"flat_fee","restrictions":false,"min":"0","max":"0","options":[{"label":"Prata","price":"10","price_type":"flat_fee","image":0,"visibility":true}]}],"_links":{"self":[{"href":"https:\/\/test.imprimetresde.com\/gl\/wp-json\/wp\/v2\/product\/6860","targetHints":{"allow":["GET"]}}],"collection":[{"href":"https:\/\/test.imprimetresde.com\/gl\/wp-json\/wp\/v2\/product"}],"about":[{"href":"https:\/\/test.imprimetresde.com\/gl\/wp-json\/wp\/v2\/types\/product"}],"replies":[{"embeddable":true,"href":"https:\/\/test.imprimetresde.com\/gl\/wp-json\/wp\/v2\/comments?post=6860"}],"wp:featuredmedia":[{"embeddable":true,"href":"https:\/\/test.imprimetresde.com\/gl\/wp-json\/wp\/v2\/media\/9278"}],"wp:attachment":[{"href":"https:\/\/test.imprimetresde.com\/gl\/wp-json\/wp\/v2\/media?parent=6860"}],"wp:term":[{"taxonomy":"product_brand","embeddable":true,"href":"https:\/\/test.imprimetresde.com\/gl\/wp-json\/wp\/v2\/product_brand?post=6860"},{"taxonomy":"product_cat","embeddable":true,"href":"https:\/\/test.imprimetresde.com\/gl\/wp-json\/wp\/v2\/product_cat?post=6860"},{"taxonomy":"product_tag","embeddable":true,"href":"https:\/\/test.imprimetresde.com\/gl\/wp-json\/wp\/v2\/product_tag?post=6860"}],"curies":[{"name":"wp","href":"https:\/\/api.w.org\/{rel}","templated":true}]}}

<p>Colar Eu son Libre en homenaxe á escritora galega máis universal, <a href="https://gl.wikipedia.org/wiki/Rosal%C3%ADa_de_Castro">Rosalía de Castro </a> . Desde <a href="https://test.imprimetresde.com/gl/">Imprimetresde</a> deseñamos este colar Eu Son Libre en cor lila, frase que escollimos do seu manifesto feminista Lieders, onde se adianta á súa época reivindicando o papel das mulleres na escrita e na defensa dos seus dereitos.</p>
<p>*O material no que está realizado é <a href="https://test.imprimetresde.com/gl/o-noso-material-de-impresion-o-pla-polimero-biodegradabel-procedente-de-recursos-vexetais/">PLA</a>, material procedente de materia vexetal, biodegradábel, non tóxico e ecolóxico</p>

<p>Colar Eu son Libre en homenaxe á escritora galega máis universal, <a href="https://gl.wikipedia.org/wiki/Rosal%C3%ADa_de_Castro">Rosalía de Castro</a> . Desde <a href="https://test.imprimetresde.com/gl/">Imprimetresde</a> deseñamos este colar Eu Son Libre en cor lila, frase que escollimos do seu manifesto feminista Lieders, onde se adianta á súa época reivindicando o papel das mulleres na escrita e na defensa dos seus dereitos.</p>
<p>&nbsp;</p>

Opción de facer a peza con cadea e accesorios de prata 925, de primera lei.
