{"id":6877,"date":"2019-11-21T17:17:58","date_gmt":"2019-11-21T15:17:58","guid":{"rendered":"https:\/\/test.imprimetresde.com\/?post_type=product&#038;p=6877"},"modified":"2025-03-11T18:02:24","modified_gmt":"2025-03-11T16:02:24","slug":"pendrive-eu-falo-galego","status":"publish","type":"product","link":"https:\/\/test.imprimetresde.com\/gl\/produto\/pendrive-eu-falo-galego\/","title":{"rendered":"Pendrive Eu Falo Galego"},"content":{"rendered":"<p>Pendrive Eu Falo <a href=\"https:\/\/gl.wikipedia.org\/wiki\/Lingua_galega\">Galego<\/a> dese\u00f1ado por <a href=\"https:\/\/test.imprimetresde.com\/gl\/\">Imprimetresde<\/a>, en cor azul, 32 Gb. Leva incorporado un lazo de cord\u00f3n por se o queres utilizar como chaveiro tam\u00e9n ou penduralo de onde queiras.<\/p>\n<p>*O material no que est\u00e1 realizado \u00e9 <a href=\"https:\/\/test.imprimetresde.com\/gl\/o-noso-material-de-impresion-o-pla-polimero-biodegradabel-procedente-de-recursos-vexetais\/\">PLA<\/a>, material procedente de materia vexetal, biodegrad\u00e1bel, non t\u00f3xico e ecol\u00f3xico<\/p>\n","protected":false},"excerpt":{"rendered":"<p>Pendrive Eu Falo <a href=\"https:\/\/gl.wikipedia.org\/wiki\/Lingua_galega\">Galego<\/a> dese\u00f1ado por <a href=\"https:\/\/test.imprimetresde.com\/gl\/\">Imprimetresde<\/a>, en cor azul, 32 Gb.<\/p>\n<p>*O material no que est\u00e1 realizado \u00e9 <a href=\"https:\/\/test.imprimetresde.com\/gl\/o-noso-material-de-impresion-o-pla-polimero-biodegradabel-procedente-de-recursos-vexetais\/\">PLA<\/a>, material procedente de materia vexetal, biodegrad\u00e1bel, non t\u00f3xico e ecol\u00f3xico<\/p>\n","protected":false},"featured_media":6878,"comment_status":"open","ping_status":"closed","template":"","meta":{"_vp_format_video_url":"","_vp_image_focal_point":[]},"product_brand":[],"product_cat":[421,315,316],"product_tag":[1962,1963,1836,1835,1831,1830,1114,1149,1115,1828,1827,830,410,479,463,2508,2507,1330,1829,1456,1837,1832,1329,1833,1604,1454,1834],"class_list":{"0":"post-6877","1":"product","2":"type-product","3":"status-publish","4":"has-post-thumbnail","6":"product_cat-activismo","7":"product_cat-complementos-gl","8":"product_cat-cultura-gl","9":"product_tag-17-de-maio","10":"product_tag-17m","11":"product_tag-archivos","12":"product_tag-arquivos","13":"product_tag-aulas","14":"product_tag-clases","15":"product_tag-dia-da-nai","16":"product_tag-dia-das-letras","17":"product_tag-dia-do-pai","18":"product_tag-en-galego-sempre","19":"product_tag-falar","20":"product_tag-fotos","21":"product_tag-galego","22":"product_tag-galicia","23":"product_tag-galiza","24":"product_tag-impresion-3d-a-coruna","25":"product_tag-impresion-3d-coruna","26":"product_tag-lapis","27":"product_tag-normalizacion","28":"product_tag-oficina","29":"product_tag-ordenador-gl","30":"product_tag-pdf","31":"product_tag-pendrive","32":"product_tag-series","33":"product_tag-traballo","34":"product_tag-usb","35":"product_tag-videos","37":"first","38":"instock","39":"taxable","40":"shipping-taxable","41":"purchasable","42":"product-type-simple"},"exclude_global_add_ons":[],"addons":[],"_links":{"self":[{"href":"https:\/\/test.imprimetresde.com\/gl\/wp-json\/wp\/v2\/product\/6877","targetHints":{"allow":["GET"]}}],"collection":[{"href":"https:\/\/test.imprimetresde.com\/gl\/wp-json\/wp\/v2\/product"}],"about":[{"href":"https:\/\/test.imprimetresde.com\/gl\/wp-json\/wp\/v2\/types\/product"}],"replies":[{"embeddable":true,"href":"https:\/\/test.imprimetresde.com\/gl\/wp-json\/wp\/v2\/comments?post=6877"}],"wp:featuredmedia":[{"embeddable":true,"href":"https:\/\/test.imprimetresde.com\/gl\/wp-json\/wp\/v2\/media\/6878"}],"wp:attachment":[{"href":"https:\/\/test.imprimetresde.com\/gl\/wp-json\/wp\/v2\/media?parent=6877"}],"wp:term":[{"taxonomy":"product_brand","embeddable":true,"href":"https:\/\/test.imprimetresde.com\/gl\/wp-json\/wp\/v2\/product_brand?post=6877"},{"taxonomy":"product_cat","embeddable":true,"href":"https:\/\/test.imprimetresde.com\/gl\/wp-json\/wp\/v2\/product_cat?post=6877"},{"taxonomy":"product_tag","embeddable":true,"href":"https:\/\/test.imprimetresde.com\/gl\/wp-json\/wp\/v2\/product_tag?post=6877"}],"curies":[{"name":"wp","href":"https:\/\/api.w.org\/{rel}","templated":true}]}}

<p>Pendrive Eu Falo <a href="https://gl.wikipedia.org/wiki/Lingua_galega">Galego</a> deseñado por <a href="https://test.imprimetresde.com/gl/">Imprimetresde</a>, en cor azul, 32 Gb. Leva incorporado un lazo de cordón por se o queres utilizar como chaveiro tamén ou penduralo de onde queiras.</p>
<p>*O material no que está realizado é <a href="https://test.imprimetresde.com/gl/o-noso-material-de-impresion-o-pla-polimero-biodegradabel-procedente-de-recursos-vexetais/">PLA</a>, material procedente de materia vexetal, biodegradábel, non tóxico e ecolóxico</p>

<p>Pendrive Eu Falo <a href="https://gl.wikipedia.org/wiki/Lingua_galega">Galego</a> deseñado por <a href="https://test.imprimetresde.com/gl/">Imprimetresde</a>, en cor azul, 32 Gb.</p>
<p>*O material no que está realizado é <a href="https://test.imprimetresde.com/gl/o-noso-material-de-impresion-o-pla-polimero-biodegradabel-procedente-de-recursos-vexetais/">PLA</a>, material procedente de materia vexetal, biodegradábel, non tóxico e ecolóxico</p>
