{"id":6988,"date":"2020-02-11T12:17:25","date_gmt":"2020-02-11T10:17:25","guid":{"rendered":"https:\/\/test.imprimetresde.com\/?post_type=product&#038;p=6988"},"modified":"2025-03-11T18:02:10","modified_gmt":"2025-03-11T16:02:10","slug":"marcapaxinas-quen-fora-pedra","status":"publish","type":"product","link":"https:\/\/test.imprimetresde.com\/gl\/produto\/marcapaxinas-quen-fora-pedra\/","title":{"rendered":"Marcap\u00e1xinas Quen Fora Pedra"},"content":{"rendered":"<p>Marcap\u00e1xinas Quen Fora Pedra. Elegante MARCAP\u00c1XINAS coa imaxe da estatua que Rosal\u00eda de Castro ten na Alameda de Compostela, para conmemorar o centenario de dita estatua que o convirte no complemento perfecto para o agasallo do <a href=\"https:\/\/gl.wikipedia.org\/wiki\/Rosal%C3%ADa_de_Castro\">24F D\u00eda de Rosal\u00eda<\/a>\u00a0.\u00a0Regala o Marcap\u00e1xinas Quen Fora Pedra! Feito en <a href=\"https:\/\/test.imprimetresde.com\/gl\/o-noso-material-de-impresion-o-pla-polimero-biodegradabel-procedente-de-recursos-vexetais\/\">PLA<\/a> branco con formato litofan\u00eda.<\/p>\n<p><b>Rosal\u00eda de Castro<\/b>, nada en\u00a0<a title=\"Santiago de Compostela\" href=\"https:\/\/gl.wikipedia.org\/wiki\/Santiago_de_Compostela\">Santiago de Compostela<\/a>\u00a0o\u00a0<a title=\"24 de febreiro\" href=\"https:\/\/gl.wikipedia.org\/wiki\/24_de_febreiro\">24 de febreiro<\/a>\u00a0de\u00a0<a title=\"1837\" href=\"https:\/\/gl.wikipedia.org\/wiki\/1837\">1837<\/a>\u00a0e finada en\u00a0<a title=\"Padr\u00f3n\" href=\"https:\/\/gl.wikipedia.org\/wiki\/Padr%C3%B3n\">Padr\u00f3n<\/a>\u00a0o\u00a0<a title=\"15 de xullo\" href=\"https:\/\/gl.wikipedia.org\/wiki\/15_de_xullo\">15 de xullo<\/a>\u00a0de\u00a0<a title=\"1885\" href=\"https:\/\/gl.wikipedia.org\/wiki\/1885\">1885<\/a>, foi unha escritora e poeta galega, considerada a m\u00e1is ilustre figura da\u00a0<a title=\"L\u00edrica\" href=\"https:\/\/gl.wikipedia.org\/wiki\/L%C3%ADrica\">l\u00edrica<\/a>\u00a0moderna e unha das m\u00e1is altas da\u00a0<a title=\"Poes\u00eda\" href=\"https:\/\/gl.wikipedia.org\/wiki\/Poes%C3%ADa\">poes\u00eda<\/a>\u00a0espa\u00f1ola do\u00a0<a title=\"S\u00e9culo XIX\" href=\"https:\/\/gl.wikipedia.org\/wiki\/S%C3%A9culo_XIX\">s\u00e9culo XIX<\/a><sup id=\"cite_ref-FOOTNOTE&lt;span_class=&quot;smallcaps&quot;_style=&quot;font-variant:small-caps;&quot;&gt;Alvarellos&lt;\/span&gt;1993_2-0\" class=\"reference\" style=\"line-height: 1em;font-weight: 400;font-style: normal;font-size: 11.2px;color: #222222;font-family: sans-serif;letter-spacing: normal;text-align: start;text-indent: 0px;background-color: #ffffff\"><a href=\"https:\/\/gl.wikipedia.org\/wiki\/Rosal%C3%ADa_de_Castro#cite_note-FOOTNOTE%3Cspan_class=%22smallcaps%22_style=%22font-variant:small-caps;%22%3EAlvarellos%3C\/span%3E1993-2\">[2]<\/a><\/sup>\u00a0e a principal responsable do\u00a0<a title=\"Rexurdimento\" href=\"https:\/\/gl.wikipedia.org\/wiki\/Rexurdimento\">Rexurdimento<\/a>\u00a0galego decimon\u00f3nico, xunto a\u00a0<a title=\"Eduardo Pondal\" href=\"https:\/\/gl.wikipedia.org\/wiki\/Eduardo_Pondal\">Eduardo Pondal<\/a>\u00a0e\u00a0<a title=\"Manuel Curros Enr\u00edquez\" href=\"https:\/\/gl.wikipedia.org\/wiki\/Manuel_Curros_Enr%C3%ADquez\">Manuel Curros Enr\u00edquez<\/a>.<sup id=\"cite_ref-3\" class=\"reference\"><a href=\"https:\/\/gl.wikipedia.org\/wiki\/Rosal%C3%ADa_de_Castro#cite_note-3\">[3]<\/a><\/sup>\u00a0 Wikipedia.<\/p>\n","protected":false},"excerpt":{"rendered":"<p>Marcap\u00e1xinas Quen Fora Pedra. Elegante MARCAP\u00c1XINAS coa imaxe da estatua que Rosal\u00eda de Castro ten na Alameda de Compostela, para conmemorar o centenario de dita estatuaque o convirte no complemento perfecto para o agasallo do 24F D\u00eda de Rosal\u00eda. Regala o Marcap\u00e1xinas Quen Fora Pedra!<\/p>\n","protected":false},"featured_media":6989,"comment_status":"open","ping_status":"closed","template":"","meta":{"_vp_format_video_url":"","_vp_image_focal_point":[]},"product_brand":[],"product_cat":[421,316],"product_tag":[1962,1963,978,888,566,1114,1149,225,1115,469,409,463,2508,2507,805,804,252,464,754,968,281],"class_list":{"0":"post-6988","1":"product","2":"type-product","3":"status-publish","4":"has-post-thumbnail","6":"product_cat-activismo","7":"product_cat-cultura-gl","8":"product_tag-17-de-maio","9":"product_tag-17m","10":"product_tag-24-de-febreiro","11":"product_tag-24f","12":"product_tag-agasallo","13":"product_tag-dia-da-nai","14":"product_tag-dia-das-letras","15":"product_tag-dia-de-rosalia-gl","16":"product_tag-dia-do-pai","17":"product_tag-escritora","18":"product_tag-galega","19":"product_tag-galiza","20":"product_tag-impresion-3d-a-coruna","21":"product_tag-impresion-3d-coruna","22":"product_tag-lectura","23":"product_tag-libro","24":"product_tag-marcapaxinas-gl","25":"product_tag-pais","26":"product_tag-poeta","27":"product_tag-regalo-gl","28":"product_tag-rosalia-de-castro-gl","30":"first","31":"instock","32":"taxable","33":"shipping-taxable","34":"purchasable","35":"product-type-simple"},"exclude_global_add_ons":[],"addons":[],"_links":{"self":[{"href":"https:\/\/test.imprimetresde.com\/gl\/wp-json\/wp\/v2\/product\/6988","targetHints":{"allow":["GET"]}}],"collection":[{"href":"https:\/\/test.imprimetresde.com\/gl\/wp-json\/wp\/v2\/product"}],"about":[{"href":"https:\/\/test.imprimetresde.com\/gl\/wp-json\/wp\/v2\/types\/product"}],"replies":[{"embeddable":true,"href":"https:\/\/test.imprimetresde.com\/gl\/wp-json\/wp\/v2\/comments?post=6988"}],"wp:featuredmedia":[{"embeddable":true,"href":"https:\/\/test.imprimetresde.com\/gl\/wp-json\/wp\/v2\/media\/6989"}],"wp:attachment":[{"href":"https:\/\/test.imprimetresde.com\/gl\/wp-json\/wp\/v2\/media?parent=6988"}],"wp:term":[{"taxonomy":"product_brand","embeddable":true,"href":"https:\/\/test.imprimetresde.com\/gl\/wp-json\/wp\/v2\/product_brand?post=6988"},{"taxonomy":"product_cat","embeddable":true,"href":"https:\/\/test.imprimetresde.com\/gl\/wp-json\/wp\/v2\/product_cat?post=6988"},{"taxonomy":"product_tag","embeddable":true,"href":"https:\/\/test.imprimetresde.com\/gl\/wp-json\/wp\/v2\/product_tag?post=6988"}],"curies":[{"name":"wp","href":"https:\/\/api.w.org\/{rel}","templated":true}]}}

Marcapáxinas Quen Fora Pedra

<p>Marcapáxinas Quen Fora Pedra. Elegante MARCAPÁXINAS coa imaxe da estatua que Rosalía de Castro ten na Alameda de Compostela, para conmemorar o centenario de dita estatua que o convirte no complemento perfecto para o agasallo do <a href="https://gl.wikipedia.org/wiki/Rosal%C3%ADa_de_Castro">24F Día de Rosalía</a> . Regala o Marcapáxinas Quen Fora Pedra! Feito en <a href="https://test.imprimetresde.com/gl/o-noso-material-de-impresion-o-pla-polimero-biodegradabel-procedente-de-recursos-vexetais/">PLA</a> branco con formato litofanía.</p>
<p><b>Rosalía de Castro</b>, nada en <a title="Santiago de Compostela" href="https://gl.wikipedia.org/wiki/Santiago_de_Compostela">Santiago de Compostela</a> o <a title="24 de febreiro" href="https://gl.wikipedia.org/wiki/24_de_febreiro">24 de febreiro</a> de <a title="1837" href="https://gl.wikipedia.org/wiki/1837">1837</a> e finada en <a title="Padrón" href="https://gl.wikipedia.org/wiki/Padr%C3%B3n">Padrón</a> o <a title="15 de xullo" href="https://gl.wikipedia.org/wiki/15_de_xullo">15 de xullo</a> de <a title="1885" href="https://gl.wikipedia.org/wiki/1885">1885</a>, foi unha escritora e poeta galega, considerada a máis ilustre figura da <a title="Lírica" href="https://gl.wikipedia.org/wiki/L%C3%ADrica">lírica</a> moderna e unha das máis altas da <a title="Poesía" href="https://gl.wikipedia.org/wiki/Poes%C3%ADa">poesía</a> española do <a title="Século XIX" href="https://gl.wikipedia.org/wiki/S%C3%A9culo_XIX">século XIX</a><sup id="cite_ref-FOOTNOTE&lt;span_class=&quot;smallcaps&quot;_style=&quot;font-variant:small-caps;&quot;&gt;Alvarellos&lt;/span&gt;1993_2-0" class="reference" style="line-height: 1em;font-weight: 400;font-style: normal;font-size: 11.2px;color: #222222;font-family: sans-serif;letter-spacing: normal;text-align: start;text-indent: 0px;background-color: #ffffff"><a href="https://gl.wikipedia.org/wiki/Rosal%C3%ADa_de_Castro#cite_note-FOOTNOTE%3Cspan_class=%22smallcaps%22_style=%22font-variant:small-caps;%22%3EAlvarellos%3C/span%3E1993-2">[2]</a></sup> e a principal responsable do <a title="Rexurdimento" href="https://gl.wikipedia.org/wiki/Rexurdimento">Rexurdimento</a> galego decimonónico, xunto a <a title="Eduardo Pondal" href="https://gl.wikipedia.org/wiki/Eduardo_Pondal">Eduardo Pondal</a> e <a title="Manuel Curros Enríquez" href="https://gl.wikipedia.org/wiki/Manuel_Curros_Enr%C3%ADquez">Manuel Curros Enríquez</a>.<sup id="cite_ref-3" class="reference"><a href="https://gl.wikipedia.org/wiki/Rosal%C3%ADa_de_Castro#cite_note-3">[3]</a></sup>  Wikipedia.</p>

<p>Marcapáxinas Quen Fora Pedra. Elegante MARCAPÁXINAS coa imaxe da estatua que Rosalía de Castro ten na Alameda de Compostela, para conmemorar o centenario de dita estatuaque o convirte no complemento perfecto para o agasallo do 24F Día de Rosalía. Regala o Marcapáxinas Quen Fora Pedra!</p>
