{"id":7000,"date":"2020-02-21T14:40:02","date_gmt":"2020-02-21T12:40:02","guid":{"rendered":"https:\/\/test.imprimetresde.com\/?post_type=product&#038;p=7000"},"modified":"2025-09-04T13:35:47","modified_gmt":"2025-09-04T11:35:47","slug":"brincos-caldo-de-gloria","status":"publish","type":"product","link":"https:\/\/test.imprimetresde.com\/gl\/produto\/brincos-caldo-de-gloria\/","title":{"rendered":"Brincos Caldo de Gloria"},"content":{"rendered":"<p>Brincos <a href=\"https:\/\/rosalia.gal\/que-facemos\/proxectos\/caldo-de-gloria\/\">Caldo de Gloria<\/a> dese\u00f1ados pola equipa de <a href=\"https:\/\/test.imprimetresde.com\/gl\/\">Imprimetresde<\/a>. Orixinais brincos combinados de pote m\u00e1is cunca de caldo, inspirados nas tradicionais pezas para facer e tomar o <a href=\"https:\/\/gl.wikipedia.org\/wiki\/Caldo_galego\">caldo<\/a>, t\u00edpicas da Galiza, e que a nosa poeta nacional, <a href=\"https:\/\/gl.wikipedia.org\/wiki\/Rosal%C3%ADa_de_Castro\">Rosal\u00eda de Castro<\/a> elevou \u00e1 categor\u00eda de manxar.<\/p>\n<p>&#8220;<span style=\"color: #494949; font-family: Verdana, sans-serif; font-size: large;\">Con un pouco de unto vello<br \/>\nque o ben soupen aforrar,<br \/>\ne ca fari\u00f1i\u00f1a munda,<br \/>\nxa ti\u00f1a para cear.<br \/>\nFixen un caldo de groria<br \/>\nque me soupo que la mar;<br \/>\nfixen un bolo do pote<br \/>\nque era cousa de envidiar&#8221;<\/span><\/p>\n<p>*O material no que est\u00e1 realizado \u00e9 <a href=\"https:\/\/test.imprimetresde.com\/gl\/o-noso-material-de-impresion-o-pla-polimero-biodegradabel-procedente-de-recursos-vexetais\/\">PLA<\/a>, material procedente de materia vexetal, biodegrad\u00e1bel, non t\u00f3xico e ecol\u00f3xico.<\/p>\n","protected":false},"excerpt":{"rendered":"<p>Brincos <a href=\"https:\/\/rosalia.gal\/que-facemos\/proxectos\/caldo-de-gloria\/\">Caldo de Gloria<\/a> dese\u00f1ados pola equipa de <a href=\"https:\/\/test.imprimetresde.com\/gl\/\">Imprimetresde<\/a>. Orixinais brincos combinados de pote m\u00e1is cunca de <a href=\"https:\/\/gl.wikipedia.org\/wiki\/Caldo_galego\">caldo<\/a>, inspirados nas tradicionais pezas para facer e tomar o caldo, t\u00edpicas da Galiza, e que a nosa poeta nacional, <a href=\"https:\/\/gl.wikipedia.org\/wiki\/Rosal%C3%ADa_de_Castro\">Rosal\u00eda de Castro<\/a> elevou \u00e1 categor\u00eda de manxar.<\/p>\n<p>&nbsp;<\/p>\n","protected":false},"featured_media":7590,"comment_status":"open","ping_status":"closed","template":"","meta":{"_vp_format_video_url":"","_vp_image_focal_point":[]},"product_brand":[],"product_cat":[421,315,316,1290],"product_tag":[1962,1963,984,353,980,979,985,986,987,981,385,1149,983,880,463,483,482,281,982,387,909],"class_list":{"0":"post-7000","1":"product","2":"type-product","3":"status-publish","4":"has-post-thumbnail","6":"product_cat-activismo","7":"product_cat-complementos-gl","8":"product_cat-cultura-gl","9":"product_cat-pendentes","10":"product_tag-17-de-maio","11":"product_tag-17m","12":"product_tag-antroido","13":"product_tag-brincos","14":"product_tag-caldo","15":"product_tag-caldo-de-gloria","16":"product_tag-caldo-galego","17":"product_tag-caldo-gallego","18":"product_tag-comida-gl","19":"product_tag-cunca-de-caldo","20":"product_tag-cuncas","21":"product_tag-dia-das-letras","22":"product_tag-entroido","23":"product_tag-furancho","24":"product_tag-galiza","25":"product_tag-meu-lar","26":"product_tag-mina-casina","27":"product_tag-rosalia-de-castro-gl","28":"product_tag-tipica","29":"product_tag-tipico","30":"product_tag-xantar","32":"first","33":"instock","34":"sale","35":"taxable","36":"shipping-taxable","37":"purchasable","38":"product-type-simple"},"exclude_global_add_ons":false,"addons":[{"name":"Material de las fornituras (opcional)","type":"checkbox","position":0,"required":false,"title_format":"label","default":"","description_enable":true,"description":"Opci\u00f3n de incorporar fornituras de plata 925, de primera ley.","placeholder_enable":false,"placeholder":"","display":"select","restrictions_type":"any_text","adjust_price":false,"price":"","price_type":"flat_fee","restrictions":false,"min":"0","max":"0","options":[{"label":"Plata","price":"5","price_type":"flat_fee","image":0,"visibility":true}]}],"_links":{"self":[{"href":"https:\/\/test.imprimetresde.com\/gl\/wp-json\/wp\/v2\/product\/7000","targetHints":{"allow":["GET"]}}],"collection":[{"href":"https:\/\/test.imprimetresde.com\/gl\/wp-json\/wp\/v2\/product"}],"about":[{"href":"https:\/\/test.imprimetresde.com\/gl\/wp-json\/wp\/v2\/types\/product"}],"replies":[{"embeddable":true,"href":"https:\/\/test.imprimetresde.com\/gl\/wp-json\/wp\/v2\/comments?post=7000"}],"wp:featuredmedia":[{"embeddable":true,"href":"https:\/\/test.imprimetresde.com\/gl\/wp-json\/wp\/v2\/media\/7590"}],"wp:attachment":[{"href":"https:\/\/test.imprimetresde.com\/gl\/wp-json\/wp\/v2\/media?parent=7000"}],"wp:term":[{"taxonomy":"product_brand","embeddable":true,"href":"https:\/\/test.imprimetresde.com\/gl\/wp-json\/wp\/v2\/product_brand?post=7000"},{"taxonomy":"product_cat","embeddable":true,"href":"https:\/\/test.imprimetresde.com\/gl\/wp-json\/wp\/v2\/product_cat?post=7000"},{"taxonomy":"product_tag","embeddable":true,"href":"https:\/\/test.imprimetresde.com\/gl\/wp-json\/wp\/v2\/product_tag?post=7000"}],"curies":[{"name":"wp","href":"https:\/\/api.w.org\/{rel}","templated":true}]}}

<p>Brincos <a href="https://rosalia.gal/que-facemos/proxectos/caldo-de-gloria/">Caldo de Gloria</a> deseñados pola equipa de <a href="https://test.imprimetresde.com/gl/">Imprimetresde</a>. Orixinais brincos combinados de pote máis cunca de caldo, inspirados nas tradicionais pezas para facer e tomar o <a href="https://gl.wikipedia.org/wiki/Caldo_galego">caldo</a>, típicas da Galiza, e que a nosa poeta nacional, <a href="https://gl.wikipedia.org/wiki/Rosal%C3%ADa_de_Castro">Rosalía de Castro</a> elevou á categoría de manxar.</p>
<p>&#8220;<span style="color: #494949; font-family: Verdana, sans-serif; font-size: large;">Con un pouco de unto vello<br />
que o ben soupen aforrar,<br />
e ca fariñiña munda,<br />
xa tiña para cear.<br />
Fixen un caldo de groria<br />
que me soupo que la mar;<br />
fixen un bolo do pote<br />
que era cousa de envidiar&#8221;</span></p>
<p>*O material no que está realizado é <a href="https://test.imprimetresde.com/gl/o-noso-material-de-impresion-o-pla-polimero-biodegradabel-procedente-de-recursos-vexetais/">PLA</a>, material procedente de materia vexetal, biodegradábel, non tóxico e ecolóxico.</p>

<p>Brincos <a href="https://rosalia.gal/que-facemos/proxectos/caldo-de-gloria/">Caldo de Gloria</a> deseñados pola equipa de <a href="https://test.imprimetresde.com/gl/">Imprimetresde</a>. Orixinais brincos combinados de pote máis cunca de <a href="https://gl.wikipedia.org/wiki/Caldo_galego">caldo</a>, inspirados nas tradicionais pezas para facer e tomar o caldo, típicas da Galiza, e que a nosa poeta nacional, <a href="https://gl.wikipedia.org/wiki/Rosal%C3%ADa_de_Castro">Rosalía de Castro</a> elevou á categoría de manxar.</p>
<p>&nbsp;</p>

Opción de incorporar fornituras de plata 925, de primera ley.
