{"id":7088,"date":"2020-03-10T14:22:37","date_gmt":"2020-03-10T12:22:37","guid":{"rendered":"https:\/\/test.imprimetresde.com\/?post_type=product&#038;p=7088"},"modified":"2025-04-14T17:54:37","modified_gmt":"2025-04-14T15:54:37","slug":"escultura-personalizada","status":"publish","type":"product","link":"https:\/\/test.imprimetresde.com\/gl\/produto\/escultura-personalizada\/","title":{"rendered":"Escultura Personalizada"},"content":{"rendered":"<p>Escultura Personalizada, creaci\u00f3n orixinal de Imprimetresde. Facemos a escultura personalizada da persoa ou persoas que desexes en tama\u00f1o de 20 cm, aproximadamente. Precisamos un m\u00ednimo de d\u00faas fotos e, a partir delas, esculpimos o modelo. Prezos a consultar, desde 150\u20ac.<\/p>\n<p>*O material no que est\u00e1 realizado \u00e9\u00a0<a href=\"https:\/\/test.imprimetresde.com\/nuestro-material-de-impresion-el-pla-polimero-biodegradable-procedente-de-recursos-vegetales\/\">PLA<\/a>, material procedente de materia vexetal,\u00a0<a href=\"https:\/\/es.wikipedia.org\/wiki\/Biodegradabilidad\">biodegrad\u00e1bel<\/a>, non t\u00f3xico e ecol\u00f3xico.<\/p>\n<p>&nbsp;<\/p>\n","protected":false},"excerpt":{"rendered":"<p>Escultura Personalizada, creaci\u00f3n orixinal de Imprimetresde. Facemos a escultura personalizada da persoa ou persoas que desexes en tama\u00f1o de 20 cm. aproximadamente. Precisamos un m\u00ednimo de d\u00faas fotos e, a partir delas, esculpimos o modelo.\u00a0Prezos a consultar, desde 150\u20ac.<\/p>\n<p>&nbsp;<\/p>\n","protected":false},"featured_media":13444,"comment_status":"open","ping_status":"closed","template":"","meta":{"_vp_format_video_url":"","_vp_image_focal_point":[]},"product_brand":[],"product_cat":[314,313,2499],"product_tag":[1010,566,1012,1013,1114,1115,1009,2508,2507,1011,2197,1355,274,968,1384],"class_list":{"0":"post-7088","1":"product","2":"type-product","3":"status-publish","4":"has-post-thumbnail","6":"product_cat-bustos-gl","7":"product_cat-ambiente-gl","8":"product_cat-personalizados","9":"product_tag-3d","10":"product_tag-agasallo","11":"product_tag-aniversario","12":"product_tag-boda","13":"product_tag-dia-da-nai","14":"product_tag-dia-do-pai","15":"product_tag-escultura","16":"product_tag-impresion-3d-a-coruna","17":"product_tag-impresion-3d-coruna","18":"product_tag-parella","19":"product_tag-personal","20":"product_tag-personalizada","21":"product_tag-personalizado-gl","22":"product_tag-regalo-gl","23":"product_tag-souvenir","25":"first","26":"instock","27":"taxable","28":"shipping-taxable","29":"purchasable","30":"product-type-simple"},"exclude_global_add_ons":[],"addons":[],"_links":{"self":[{"href":"https:\/\/test.imprimetresde.com\/gl\/wp-json\/wp\/v2\/product\/7088","targetHints":{"allow":["GET"]}}],"collection":[{"href":"https:\/\/test.imprimetresde.com\/gl\/wp-json\/wp\/v2\/product"}],"about":[{"href":"https:\/\/test.imprimetresde.com\/gl\/wp-json\/wp\/v2\/types\/product"}],"replies":[{"embeddable":true,"href":"https:\/\/test.imprimetresde.com\/gl\/wp-json\/wp\/v2\/comments?post=7088"}],"wp:featuredmedia":[{"embeddable":true,"href":"https:\/\/test.imprimetresde.com\/gl\/wp-json\/wp\/v2\/media\/13444"}],"wp:attachment":[{"href":"https:\/\/test.imprimetresde.com\/gl\/wp-json\/wp\/v2\/media?parent=7088"}],"wp:term":[{"taxonomy":"product_brand","embeddable":true,"href":"https:\/\/test.imprimetresde.com\/gl\/wp-json\/wp\/v2\/product_brand?post=7088"},{"taxonomy":"product_cat","embeddable":true,"href":"https:\/\/test.imprimetresde.com\/gl\/wp-json\/wp\/v2\/product_cat?post=7088"},{"taxonomy":"product_tag","embeddable":true,"href":"https:\/\/test.imprimetresde.com\/gl\/wp-json\/wp\/v2\/product_tag?post=7088"}],"curies":[{"name":"wp","href":"https:\/\/api.w.org\/{rel}","templated":true}]}}

<p>Escultura Personalizada, creación orixinal de Imprimetresde. Facemos a escultura personalizada da persoa ou persoas que desexes en tamaño de 20 cm, aproximadamente. Precisamos un mínimo de dúas fotos e, a partir delas, esculpimos o modelo. Prezos a consultar, desde 150€.</p>
<p>*O material no que está realizado é <a href="https://test.imprimetresde.com/nuestro-material-de-impresion-el-pla-polimero-biodegradable-procedente-de-recursos-vegetales/">PLA</a>, material procedente de materia vexetal, <a href="https://es.wikipedia.org/wiki/Biodegradabilidad">biodegradábel</a>, non tóxico e ecolóxico.</p>
<p>&nbsp;</p>

<p>Escultura Personalizada, creación orixinal de Imprimetresde. Facemos a escultura personalizada da persoa ou persoas que desexes en tamaño de 20 cm. aproximadamente. Precisamos un mínimo de dúas fotos e, a partir delas, esculpimos o modelo. Prezos a consultar, desde 150€.</p>
<p>&nbsp;</p>
