{"id":7306,"date":"2020-04-21T17:29:03","date_gmt":"2020-04-21T16:29:03","guid":{"rendered":"https:\/\/test.imprimetresde.com\/producto\/coleccion-estrela-vermella\/"},"modified":"2025-06-27T11:47:48","modified_gmt":"2025-06-27T09:47:48","slug":"coleccion-estrela-vermella","status":"publish","type":"product","link":"https:\/\/test.imprimetresde.com\/gl\/produto\/coleccion-estrela-vermella\/","title":{"rendered":"Colecci\u00f3n Estrela Vermella"},"content":{"rendered":"<p>Colecci\u00f3n Estrela Vermella dese\u00f1ada pola equipa de <a href=\"http:\/\/i3d.gal\">Imprimetresde<\/a>.\u00a0Podes atopar desde brincos e\u00a0 colares ata chaveiros co s\u00edmbolo da Estrela Vermella na cor que identifica mundialmente \u00e1 loita proletaria e o internacionalismo. Para darlle un toque revolucionario ao teu look.<\/p>\n<p>*O material no que est\u00e1n realizados \u00e9\u00a0<a href=\"https:\/\/test.imprimetresde.com\/gl\/o-noso-material-de-impresion-o-pla-polimero-biodegradabel-procedente-de-recursos-vexetais\/\">PLA<\/a>, material procedente de materia vexetal, biodegrad\u00e1bel, non t\u00f3xico e ecol\u00f3xico<\/p>\n","protected":false},"excerpt":{"rendered":"<p>Colecci\u00f3n Estrela Vermella dese\u00f1ada pola equipa de <a href=\"https:\/\/test.imprimetresde.com\/gl\">Imprimetresde<\/a>.\u00a0Podes atopar desde brincos e\u00a0 colares ata chaveiros co s\u00edmbolo da Estrela Vermella na cor que identifica mundialmente \u00e1 loita proletaria e o internacionalismo. Para darlle un toque revolucionario ao teu look.<\/p>\n","protected":false},"featured_media":10856,"comment_status":"open","ping_status":"closed","template":"","meta":{"_vp_format_video_url":"","_vp_image_focal_point":[]},"product_brand":[],"product_cat":[421,315,316],"product_tag":[502,238,527],"class_list":{"0":"post-7306","1":"product","2":"type-product","3":"status-publish","4":"has-post-thumbnail","6":"product_cat-activismo","7":"product_cat-complementos-gl","8":"product_cat-cultura-gl","9":"product_tag-comunismo","10":"product_tag-estrela-vermella-gl-2","11":"product_tag-revolucion","13":"first","14":"instock","15":"sale","16":"taxable","17":"shipping-taxable","18":"product-type-grouped"},"exclude_global_add_ons":[],"addons":[],"_links":{"self":[{"href":"https:\/\/test.imprimetresde.com\/gl\/wp-json\/wp\/v2\/product\/7306","targetHints":{"allow":["GET"]}}],"collection":[{"href":"https:\/\/test.imprimetresde.com\/gl\/wp-json\/wp\/v2\/product"}],"about":[{"href":"https:\/\/test.imprimetresde.com\/gl\/wp-json\/wp\/v2\/types\/product"}],"replies":[{"embeddable":true,"href":"https:\/\/test.imprimetresde.com\/gl\/wp-json\/wp\/v2\/comments?post=7306"}],"wp:featuredmedia":[{"embeddable":true,"href":"https:\/\/test.imprimetresde.com\/gl\/wp-json\/wp\/v2\/media\/10856"}],"wp:attachment":[{"href":"https:\/\/test.imprimetresde.com\/gl\/wp-json\/wp\/v2\/media?parent=7306"}],"wp:term":[{"taxonomy":"product_brand","embeddable":true,"href":"https:\/\/test.imprimetresde.com\/gl\/wp-json\/wp\/v2\/product_brand?post=7306"},{"taxonomy":"product_cat","embeddable":true,"href":"https:\/\/test.imprimetresde.com\/gl\/wp-json\/wp\/v2\/product_cat?post=7306"},{"taxonomy":"product_tag","embeddable":true,"href":"https:\/\/test.imprimetresde.com\/gl\/wp-json\/wp\/v2\/product_tag?post=7306"}],"curies":[{"name":"wp","href":"https:\/\/api.w.org\/{rel}","templated":true}]}}

Colección Estrela Vermella

<p>Colección Estrela Vermella deseñada pola equipa de <a href="http://i3d.gal">Imprimetresde</a>. Podes atopar desde brincos e  colares ata chaveiros co símbolo da Estrela Vermella na cor que identifica mundialmente á loita proletaria e o internacionalismo. Para darlle un toque revolucionario ao teu look.</p>
<p>*O material no que están realizados é <a href="https://test.imprimetresde.com/gl/o-noso-material-de-impresion-o-pla-polimero-biodegradabel-procedente-de-recursos-vexetais/">PLA</a>, material procedente de materia vexetal, biodegradábel, non tóxico e ecolóxico</p>

<p>Colección Estrela Vermella deseñada pola equipa de <a href="https://test.imprimetresde.com/gl">Imprimetresde</a>. Podes atopar desde brincos e  colares ata chaveiros co símbolo da Estrela Vermella na cor que identifica mundialmente á loita proletaria e o internacionalismo. Para darlle un toque revolucionario ao teu look.</p>
