{"id":7385,"date":"2020-04-24T12:27:26","date_gmt":"2020-04-24T11:27:26","guid":{"rendered":"https:\/\/test.imprimetresde.com\/producto\/pin-25-de-abril\/"},"modified":"2025-05-13T10:51:08","modified_gmt":"2025-05-13T08:51:08","slug":"pin-25-de-abril","status":"publish","type":"product","link":"https:\/\/test.imprimetresde.com\/gl\/produto\/pin-25-de-abril\/","title":{"rendered":"Pin 25 de Abril"},"content":{"rendered":"<p>Pin 25 de Abril dese\u00f1o orixinal de Imprimetresde para conmemorar a &#8220;Revolu\u00e7\u00e3o dos Cravos&#8221;, un\u00a0evento da historia de\u00a0<a title=\"Portugal\" href=\"https:\/\/pt.wikipedia.org\/wiki\/Portugal\">Portugal<\/a>\u00a0resultante do movimento pol\u00edtico e social, acontecido o\u00a0<a title=\"25 de abril\" href=\"https:\/\/pt.wikipedia.org\/wiki\/25_de_abril\">25 de abril<\/a> de 1974 e que dep\u00f3n o r\u00e9ximen dictatorial do <a title=\"Estado Novo (Portugal)\" href=\"https:\/\/pt.wikipedia.org\/wiki\/Estado_Novo_(Portugal)\">Estado Novo<\/a><sup id=\"cite_ref-As_elei\u00e7\u00f5es_no_Estado_Novo_2-0\" class=\"reference\"><\/sup><\/p>\n<p>*O material no que est\u00e1 realizado \u00e9\u00a0<a href=\"https:\/\/test.imprimetresde.com\/gl\/o-noso-material-de-impresion-o-pla-polimero-biodegradabel-procedente-de-recursos-vexetais\/\">PLA<\/a>, en d\u00faas cores (vermello e verde, e vermello e negro). \u00c9 un material que procede de materia vexetal, biodegrad\u00e1bel, non t\u00f3xico e ecol\u00f3xico<\/p>\n","protected":false},"excerpt":{"rendered":"<p>Pin 25 de Abril dese\u00f1o orixinal de Imprimetresde para conmemorar a &#8220;Revolu\u00e7\u00e3o dos Cravos&#8221;, un\u00a0evento da historia de\u00a0<a title=\"Portugal\" href=\"https:\/\/pt.wikipedia.org\/wiki\/Portugal\">Portugal<\/a>\u00a0resultante do movimento pol\u00edtico e social, acontecido o\u00a0<a title=\"25 de abril\" href=\"https:\/\/pt.wikipedia.org\/wiki\/25_de_abril\">25 de abril<\/a> de 1974 e que dep\u00f3n o r\u00e9ximen dictatorial do <a title=\"Estado Novo (Portugal)\" href=\"https:\/\/pt.wikipedia.org\/wiki\/Estado_Novo_(Portugal)\">Estado Novo<\/a><sup id=\"cite_ref-As_elei\u00e7\u00f5es_no_Estado_Novo_2-0\" class=\"reference\"><\/sup><\/p>\n<p>&nbsp;<\/p>\n","protected":false},"featured_media":7376,"comment_status":"open","ping_status":"closed","template":"","meta":{"_vp_format_video_url":"","_vp_image_focal_point":[]},"product_brand":[],"product_cat":[421,315,316],"product_tag":[1099,566,1102,1100,1101,2508,2195,1103,2896,2897,2503,527,2502],"class_list":{"0":"post-7385","1":"product","2":"type-product","3":"status-publish","4":"has-post-thumbnail","6":"product_cat-activismo","7":"product_cat-complementos-gl","8":"product_cat-cultura-gl","9":"product_tag-25-de-abril-gl","10":"product_tag-agasallo","11":"product_tag-claveles-gl","12":"product_tag-dictadura-gl","13":"product_tag-estado-novo-gl","14":"product_tag-impresion-3d-a-coruna","15":"product_tag-pin-gl","16":"product_tag-portugal-gl","17":"product_tag-prenda-gl","18":"product_tag-presente-gl","19":"product_tag-revolucao-dos-cravos-gl","20":"product_tag-revolucion","21":"product_tag-revolucion-dos-cravos-gl","23":"first","24":"instock","25":"taxable","26":"shipping-taxable","27":"purchasable","28":"product-type-simple"},"exclude_global_add_ons":[],"addons":[],"_links":{"self":[{"href":"https:\/\/test.imprimetresde.com\/gl\/wp-json\/wp\/v2\/product\/7385","targetHints":{"allow":["GET"]}}],"collection":[{"href":"https:\/\/test.imprimetresde.com\/gl\/wp-json\/wp\/v2\/product"}],"about":[{"href":"https:\/\/test.imprimetresde.com\/gl\/wp-json\/wp\/v2\/types\/product"}],"replies":[{"embeddable":true,"href":"https:\/\/test.imprimetresde.com\/gl\/wp-json\/wp\/v2\/comments?post=7385"}],"wp:featuredmedia":[{"embeddable":true,"href":"https:\/\/test.imprimetresde.com\/gl\/wp-json\/wp\/v2\/media\/7376"}],"wp:attachment":[{"href":"https:\/\/test.imprimetresde.com\/gl\/wp-json\/wp\/v2\/media?parent=7385"}],"wp:term":[{"taxonomy":"product_brand","embeddable":true,"href":"https:\/\/test.imprimetresde.com\/gl\/wp-json\/wp\/v2\/product_brand?post=7385"},{"taxonomy":"product_cat","embeddable":true,"href":"https:\/\/test.imprimetresde.com\/gl\/wp-json\/wp\/v2\/product_cat?post=7385"},{"taxonomy":"product_tag","embeddable":true,"href":"https:\/\/test.imprimetresde.com\/gl\/wp-json\/wp\/v2\/product_tag?post=7385"}],"curies":[{"name":"wp","href":"https:\/\/api.w.org\/{rel}","templated":true}]}}

<p>Pin 25 de Abril deseño orixinal de Imprimetresde para conmemorar a &#8220;Revolução dos Cravos&#8221;, un evento da historia de <a title="Portugal" href="https://pt.wikipedia.org/wiki/Portugal">Portugal</a> resultante do movimento político e social, acontecido o <a title="25 de abril" href="https://pt.wikipedia.org/wiki/25_de_abril">25 de abril</a> de 1974 e que depón o réximen dictatorial do <a title="Estado Novo (Portugal)" href="https://pt.wikipedia.org/wiki/Estado_Novo_(Portugal)">Estado Novo</a><sup id="cite_ref-As_eleições_no_Estado_Novo_2-0" class="reference"></sup></p>
<p>*O material no que está realizado é <a href="https://test.imprimetresde.com/gl/o-noso-material-de-impresion-o-pla-polimero-biodegradabel-procedente-de-recursos-vexetais/">PLA</a>, en dúas cores (vermello e verde, e vermello e negro). É un material que procede de materia vexetal, biodegradábel, non tóxico e ecolóxico</p>

<p>Pin 25 de Abril deseño orixinal de Imprimetresde para conmemorar a &#8220;Revolução dos Cravos&#8221;, un evento da historia de <a title="Portugal" href="https://pt.wikipedia.org/wiki/Portugal">Portugal</a> resultante do movimento político e social, acontecido o <a title="25 de abril" href="https://pt.wikipedia.org/wiki/25_de_abril">25 de abril</a> de 1974 e que depón o réximen dictatorial do <a title="Estado Novo (Portugal)" href="https://pt.wikipedia.org/wiki/Estado_Novo_(Portugal)">Estado Novo</a><sup id="cite_ref-As_eleições_no_Estado_Novo_2-0" class="reference"></sup></p>
<p>&nbsp;</p>
