{"id":7444,"date":"2020-04-29T19:07:14","date_gmt":"2020-04-29T17:07:14","guid":{"rendered":"https:\/\/test.imprimetresde.com\/?post_type=product&#038;p=7444"},"modified":"2025-09-17T12:20:56","modified_gmt":"2025-09-17T10:20:56","slug":"chaveiro-eu-falo-galego","status":"publish","type":"product","link":"https:\/\/test.imprimetresde.com\/gl\/produto\/chaveiro-eu-falo-galego\/","title":{"rendered":"Chaveiro Eu Falo Galego"},"content":{"rendered":"<p>Chaveiro Eu Falo <a href=\"https:\/\/gl.wikipedia.org\/wiki\/Lingua_galega\">Galego<\/a> dese\u00f1o orixinal de\u00a0<a href=\"https:\/\/test.imprimetresde.com\/gl\/\">I3D<\/a>\u00a0en cor azul. Pend\u00farao de onde queiras e presume de lingua \ud83d\ude09<\/p>\n<p>*O material no que est\u00e1 realizado \u00e9 <a href=\"https:\/\/test.imprimetresde.com\/gl\/o-noso-material-de-impresion-o-pla-polimero-biodegradabel-procedente-de-recursos-vexetais\/\">PLA<\/a>, material procedente de materia vexetal, biodegrad\u00e1bel, non t\u00f3xico e ecol\u00f3xico<\/p>\n","protected":false},"excerpt":{"rendered":"<p>Chaveiro Eu Falo <a href=\"https:\/\/gl.wikipedia.org\/wiki\/Lingua_galega\">Galego<\/a> dese\u00f1o orixinal de\u00a0<a href=\"https:\/\/test.imprimetresde.com\/gl\/\">I3D<\/a>\u00a0en cor azul. Pend\u00farao de onde queiras e presume de lingua \ud83d\ude09<\/p>\n","protected":false},"featured_media":7446,"comment_status":"open","ping_status":"closed","template":"","meta":{"_vp_format_video_url":"","_vp_image_focal_point":[]},"product_brand":[],"product_cat":[421,315,316],"product_tag":[1962,1963,256,1114,1149,1115,1146,410,479,463,1147,2508,2507,414,1148],"class_list":{"0":"post-7444","1":"product","2":"type-product","3":"status-publish","4":"has-post-thumbnail","6":"product_cat-activismo","7":"product_cat-complementos-gl","8":"product_cat-cultura-gl","9":"product_tag-17-de-maio","10":"product_tag-17m","11":"product_tag-chaveiro","12":"product_tag-dia-da-nai","13":"product_tag-dia-das-letras","14":"product_tag-dia-do-pai","15":"product_tag-eu-falo-galego","16":"product_tag-galego","17":"product_tag-galicia","18":"product_tag-galiza","19":"product_tag-idioma","20":"product_tag-impresion-3d-a-coruna","21":"product_tag-impresion-3d-coruna","22":"product_tag-lingua","23":"product_tag-lingua-nai","25":"first","26":"instock","27":"taxable","28":"shipping-taxable","29":"purchasable","30":"product-type-simple"},"exclude_global_add_ons":[],"addons":[],"_links":{"self":[{"href":"https:\/\/test.imprimetresde.com\/gl\/wp-json\/wp\/v2\/product\/7444","targetHints":{"allow":["GET"]}}],"collection":[{"href":"https:\/\/test.imprimetresde.com\/gl\/wp-json\/wp\/v2\/product"}],"about":[{"href":"https:\/\/test.imprimetresde.com\/gl\/wp-json\/wp\/v2\/types\/product"}],"replies":[{"embeddable":true,"href":"https:\/\/test.imprimetresde.com\/gl\/wp-json\/wp\/v2\/comments?post=7444"}],"wp:featuredmedia":[{"embeddable":true,"href":"https:\/\/test.imprimetresde.com\/gl\/wp-json\/wp\/v2\/media\/7446"}],"wp:attachment":[{"href":"https:\/\/test.imprimetresde.com\/gl\/wp-json\/wp\/v2\/media?parent=7444"}],"wp:term":[{"taxonomy":"product_brand","embeddable":true,"href":"https:\/\/test.imprimetresde.com\/gl\/wp-json\/wp\/v2\/product_brand?post=7444"},{"taxonomy":"product_cat","embeddable":true,"href":"https:\/\/test.imprimetresde.com\/gl\/wp-json\/wp\/v2\/product_cat?post=7444"},{"taxonomy":"product_tag","embeddable":true,"href":"https:\/\/test.imprimetresde.com\/gl\/wp-json\/wp\/v2\/product_tag?post=7444"}],"curies":[{"name":"wp","href":"https:\/\/api.w.org\/{rel}","templated":true}]}}

<p>Chaveiro Eu Falo <a href="https://gl.wikipedia.org/wiki/Lingua_galega">Galego</a> deseño orixinal de <a href="https://test.imprimetresde.com/gl/">I3D</a> en cor azul. Pendúrao de onde queiras e presume de lingua 😉</p>
<p>*O material no que está realizado é <a href="https://test.imprimetresde.com/gl/o-noso-material-de-impresion-o-pla-polimero-biodegradabel-procedente-de-recursos-vexetais/">PLA</a>, material procedente de materia vexetal, biodegradábel, non tóxico e ecolóxico</p>

<p>Chaveiro Eu Falo <a href="https://gl.wikipedia.org/wiki/Lingua_galega">Galego</a> deseño orixinal de <a href="https://test.imprimetresde.com/gl/">I3D</a> en cor azul. Pendúrao de onde queiras e presume de lingua 😉</p>
