{"id":7483,"date":"2020-05-05T12:49:05","date_gmt":"2020-05-05T10:49:05","guid":{"rendered":"https:\/\/test.imprimetresde.com\/?post_type=product&#038;p=7483"},"modified":"2025-04-04T15:38:00","modified_gmt":"2025-04-04T13:38:00","slug":"marcapaxinas-manuel-maria","status":"publish","type":"product","link":"https:\/\/test.imprimetresde.com\/gl\/produto\/marcapaxinas-manuel-maria\/","title":{"rendered":"Marcap\u00e1xinas Manuel Mar\u00eda"},"content":{"rendered":"<p>Marcap\u00e1xinas Manuel Mar\u00eda en formato Litofan\u00eda idea orixinal da equipa de <a href=\"https:\/\/test.imprimetresde.com\/gl\/\">Imprimetresde<\/a> en homenaxe a <a href=\"http:\/\/www.casamuseomanuelmaria.gal\/estaticas\/3.htm\">Manuel Mar\u00eda<\/a>, o poeta do Pobo. Escritor, poeta, dramaturgo,\u00a0\u00a0destacado polo seu car\u00e1cter combativo e m\u00e1is polo seu compromiso pol\u00edtico.<\/p>\n<p>A <a href=\"http:\/\/www.casamuseomanuelmaria.gal\/estaticas\/manuel-maria.htm\">biograf\u00eda<\/a> de Manuel Mar\u00eda est\u00e1 intimamente vencellada \u00e1 historia de Galiza da segunda metade do s\u00e9culo XX. Como acontece coa obra doutros cl\u00e1sicos da literatura galega, o seu corpus literario \u00e9 un espello da propia evoluci\u00f3n da naci\u00f3n galega na s\u00faa realidade social, cultural e pol\u00edtica. Estamos, en definitiva, ante un autor dunha terra e dun tempo, que traballou a palabra na lingua do pa\u00eds e que traballou polo pa\u00eds m\u00e1is al\u00f3 da palabra. Vela\u00ed a nosa pequena homenaxe con este Marcap\u00e1xinas Manuel Mar\u00eda.<\/p>\n<p>*O material no que est\u00e1 realizado \u00e9 <a href=\"https:\/\/test.imprimetresde.com\/gl\/o-noso-material-de-impresion-o-pla-polimero-biodegradabel-procedente-de-recursos-vexetais\/\">PLA<\/a>, material procedente de materia vexetal, biodegrad\u00e1bel, non t\u00f3xico e ecol\u00f3xico<\/p>\n","protected":false},"excerpt":{"rendered":"<p>Marcap\u00e1xinas Manuel Mar\u00eda en formato Litofan\u00eda idea orixinal da equipa de <a href=\"https:\/\/test.imprimetresde.com\/gl\/\">Imprimetresde<\/a> en homenaxe a <a href=\"http:\/\/www.casamuseomanuelmaria.gal\/estaticas\/3.htm\">Manuel Mar\u00eda<\/a>, o poeta do Pobo.\u00a0Escritor, poeta, dramaturgo,\u00a0\u00a0destacado polo seu car\u00e1cter combativo e m\u00e1is polo seu compromiso pol\u00edtico.<\/p>\n<p>&nbsp;<\/p>\n","protected":false},"featured_media":7583,"comment_status":"open","ping_status":"closed","template":"","meta":{"_vp_format_video_url":"","_vp_image_focal_point":[]},"product_brand":[],"product_cat":[316],"product_tag":[1962,1963,1158,1114,1149,1115,1152,601,410,479,463,2508,2507,470,755,1157,1156,1151,565,1153,1154,464,487,754,1159,1155],"class_list":{"0":"post-7483","1":"product","2":"type-product","3":"status-publish","4":"has-post-thumbnail","6":"product_cat-cultura-gl","7":"product_tag-17-de-maio","8":"product_tag-17m","9":"product_tag-compromiso","10":"product_tag-dia-da-nai","11":"product_tag-dia-das-letras","12":"product_tag-dia-do-pai","13":"product_tag-dramaturgo","14":"product_tag-escritor","15":"product_tag-galego","16":"product_tag-galicia","17":"product_tag-galiza","18":"product_tag-impresion-3d-a-coruna","19":"product_tag-impresion-3d-coruna","20":"product_tag-lingua-galega","21":"product_tag-literatura","22":"product_tag-literatura-galega","23":"product_tag-literatura-infantil","24":"product_tag-manuel-maria","25":"product_tag-nacionalismo","26":"product_tag-nacionalista","27":"product_tag-o-carro","28":"product_tag-pais","29":"product_tag-poesia","30":"product_tag-poeta","31":"product_tag-rag","32":"product_tag-teatro","34":"first","35":"instock","36":"taxable","37":"shipping-taxable","38":"purchasable","39":"product-type-simple"},"exclude_global_add_ons":[],"addons":[],"_links":{"self":[{"href":"https:\/\/test.imprimetresde.com\/gl\/wp-json\/wp\/v2\/product\/7483","targetHints":{"allow":["GET"]}}],"collection":[{"href":"https:\/\/test.imprimetresde.com\/gl\/wp-json\/wp\/v2\/product"}],"about":[{"href":"https:\/\/test.imprimetresde.com\/gl\/wp-json\/wp\/v2\/types\/product"}],"replies":[{"embeddable":true,"href":"https:\/\/test.imprimetresde.com\/gl\/wp-json\/wp\/v2\/comments?post=7483"}],"wp:featuredmedia":[{"embeddable":true,"href":"https:\/\/test.imprimetresde.com\/gl\/wp-json\/wp\/v2\/media\/7583"}],"wp:attachment":[{"href":"https:\/\/test.imprimetresde.com\/gl\/wp-json\/wp\/v2\/media?parent=7483"}],"wp:term":[{"taxonomy":"product_brand","embeddable":true,"href":"https:\/\/test.imprimetresde.com\/gl\/wp-json\/wp\/v2\/product_brand?post=7483"},{"taxonomy":"product_cat","embeddable":true,"href":"https:\/\/test.imprimetresde.com\/gl\/wp-json\/wp\/v2\/product_cat?post=7483"},{"taxonomy":"product_tag","embeddable":true,"href":"https:\/\/test.imprimetresde.com\/gl\/wp-json\/wp\/v2\/product_tag?post=7483"}],"curies":[{"name":"wp","href":"https:\/\/api.w.org\/{rel}","templated":true}]}}

Marcapáxinas Manuel María

<p>Marcapáxinas Manuel María en formato Litofanía idea orixinal da equipa de <a href="https://test.imprimetresde.com/gl/">Imprimetresde</a> en homenaxe a <a href="http://www.casamuseomanuelmaria.gal/estaticas/3.htm">Manuel María</a>, o poeta do Pobo. Escritor, poeta, dramaturgo,  destacado polo seu carácter combativo e máis polo seu compromiso político.</p>
<p>A <a href="http://www.casamuseomanuelmaria.gal/estaticas/manuel-maria.htm">biografía</a> de Manuel María está intimamente vencellada á historia de Galiza da segunda metade do século XX. Como acontece coa obra doutros clásicos da literatura galega, o seu corpus literario é un espello da propia evolución da nación galega na súa realidade social, cultural e política. Estamos, en definitiva, ante un autor dunha terra e dun tempo, que traballou a palabra na lingua do país e que traballou polo país máis aló da palabra. Velaí a nosa pequena homenaxe con este Marcapáxinas Manuel María.</p>
<p>*O material no que está realizado é <a href="https://test.imprimetresde.com/gl/o-noso-material-de-impresion-o-pla-polimero-biodegradabel-procedente-de-recursos-vexetais/">PLA</a>, material procedente de materia vexetal, biodegradábel, non tóxico e ecolóxico</p>

<p>Marcapáxinas Manuel María en formato Litofanía idea orixinal da equipa de <a href="https://test.imprimetresde.com/gl/">Imprimetresde</a> en homenaxe a <a href="http://www.casamuseomanuelmaria.gal/estaticas/3.htm">Manuel María</a>, o poeta do Pobo. Escritor, poeta, dramaturgo,  destacado polo seu carácter combativo e máis polo seu compromiso político.</p>
<p>&nbsp;</p>
