{"id":7492,"date":"2020-05-06T17:39:38","date_gmt":"2020-05-06T15:39:38","guid":{"rendered":"https:\/\/test.imprimetresde.com\/?post_type=product&#038;p=7492"},"modified":"2025-04-03T06:06:44","modified_gmt":"2025-04-03T04:06:44","slug":"coleccion-marcapaxinas-letras-galegas","status":"publish","type":"product","link":"https:\/\/test.imprimetresde.com\/gl\/produto\/coleccion-marcapaxinas-letras-galegas\/","title":{"rendered":"Colecci\u00f3n Marcap\u00e1xinas Letras Galegas"},"content":{"rendered":"<p>Colecci\u00f3n Marcap\u00e1xinas <a href=\"https:\/\/gl.wikipedia.org\/wiki\/D%C3%ADa_das_Letras_Galegas\" target=\"_blank\" rel=\"noopener noreferrer\">Letras Galegas<\/a>. Marcap\u00e1xinas adicados a escritoras e escritores da Galiza. Rosal\u00eda de Castro, Castelao, Eduardo Pondal, Manuel Mar\u00eda, e m\u00e1is que iremos ampliando. Elixe a t\u00faa escritora ou escritor favorito e, se queres, completa a colecci\u00f3n! Podemos personalizalos con quen queiras \ud83d\ude09<\/p>\n<p>*O material no que est\u00e1 realizado \u00e9 <a href=\"https:\/\/test.imprimetresde.com\/gl\/o-noso-material-de-impresion-o-pla-polimero-biodegradabel-procedente-de-recursos-vexetais\/\">PLA<\/a>, material procedente de materia vexetal, biodegrad\u00e1bel, non t\u00f3xico e ecol\u00f3xico<\/p>\n","protected":false},"excerpt":{"rendered":"<p>Colecci\u00f3n Marcap\u00e1xinas Letras Galegas. Marcap\u00e1xinas adicados a escritoras e escritores da Galiza. Rosal\u00eda de Castro, Castelao, Eduardo Pondal, Manuel Mar\u00eda e m\u00e1is que iremos ampliando. Elixe a t\u00faa escritora ou escritor favorito e se queres, completa a colecci\u00f3n! Podemos personalizalos con quen queiras \ud83d\ude09<\/p>\n<p>&nbsp;<\/p>\n","protected":false},"featured_media":7580,"comment_status":"open","ping_status":"closed","template":"","meta":{"_vp_format_video_url":"","_vp_image_focal_point":[]},"product_brand":[],"product_cat":[421,316],"product_tag":[1962,1963,378,1160,1114,1208,1149,1714,1115,1161,1162,479,463,1167,2508,2507,1163,481,755,1151,1164,464,487,1166,1321,1165,969,281],"class_list":{"0":"post-7492","1":"product","2":"type-product","3":"status-publish","4":"has-post-thumbnail","6":"product_cat-activismo","7":"product_cat-cultura-gl","8":"product_tag-17-de-maio","9":"product_tag-17m","10":"product_tag-castelao","11":"product_tag-coleccion","12":"product_tag-dia-da-nai","13":"product_tag-dia-da-patria","14":"product_tag-dia-das-letras","15":"product_tag-dia-do-libro","16":"product_tag-dia-do-pai","17":"product_tag-escritoras-galegas","18":"product_tag-escritores-galegos","19":"product_tag-galicia","20":"product_tag-galiza","21":"product_tag-himno-galego","22":"product_tag-impresion-3d-a-coruna","23":"product_tag-impresion-3d-coruna","24":"product_tag-letras-galegas","25":"product_tag-libros","26":"product_tag-literatura","27":"product_tag-manuel-maria","28":"product_tag-obras-literarias","29":"product_tag-pais","30":"product_tag-poesia","31":"product_tag-poeta-nacional","32":"product_tag-pondal","33":"product_tag-rexurdimento","34":"product_tag-rosalia","35":"product_tag-rosalia-de-castro-gl","37":"first","38":"instock","39":"taxable","40":"shipping-taxable","41":"product-type-grouped"},"exclude_global_add_ons":[],"addons":[],"_links":{"self":[{"href":"https:\/\/test.imprimetresde.com\/gl\/wp-json\/wp\/v2\/product\/7492","targetHints":{"allow":["GET"]}}],"collection":[{"href":"https:\/\/test.imprimetresde.com\/gl\/wp-json\/wp\/v2\/product"}],"about":[{"href":"https:\/\/test.imprimetresde.com\/gl\/wp-json\/wp\/v2\/types\/product"}],"replies":[{"embeddable":true,"href":"https:\/\/test.imprimetresde.com\/gl\/wp-json\/wp\/v2\/comments?post=7492"}],"wp:featuredmedia":[{"embeddable":true,"href":"https:\/\/test.imprimetresde.com\/gl\/wp-json\/wp\/v2\/media\/7580"}],"wp:attachment":[{"href":"https:\/\/test.imprimetresde.com\/gl\/wp-json\/wp\/v2\/media?parent=7492"}],"wp:term":[{"taxonomy":"product_brand","embeddable":true,"href":"https:\/\/test.imprimetresde.com\/gl\/wp-json\/wp\/v2\/product_brand?post=7492"},{"taxonomy":"product_cat","embeddable":true,"href":"https:\/\/test.imprimetresde.com\/gl\/wp-json\/wp\/v2\/product_cat?post=7492"},{"taxonomy":"product_tag","embeddable":true,"href":"https:\/\/test.imprimetresde.com\/gl\/wp-json\/wp\/v2\/product_tag?post=7492"}],"curies":[{"name":"wp","href":"https:\/\/api.w.org\/{rel}","templated":true}]}}

Colección Marcapáxinas Letras Galegas

<p>Colección Marcapáxinas <a href="https://gl.wikipedia.org/wiki/D%C3%ADa_das_Letras_Galegas" target="_blank" rel="noopener noreferrer">Letras Galegas</a>. Marcapáxinas adicados a escritoras e escritores da Galiza. Rosalía de Castro, Castelao, Eduardo Pondal, Manuel María, e máis que iremos ampliando. Elixe a túa escritora ou escritor favorito e, se queres, completa a colección! Podemos personalizalos con quen queiras 😉</p>
<p>*O material no que está realizado é <a href="https://test.imprimetresde.com/gl/o-noso-material-de-impresion-o-pla-polimero-biodegradabel-procedente-de-recursos-vexetais/">PLA</a>, material procedente de materia vexetal, biodegradábel, non tóxico e ecolóxico</p>

<p>Colección Marcapáxinas Letras Galegas. Marcapáxinas adicados a escritoras e escritores da Galiza. Rosalía de Castro, Castelao, Eduardo Pondal, Manuel María e máis que iremos ampliando. Elixe a túa escritora ou escritor favorito e se queres, completa a colección! Podemos personalizalos con quen queiras 😉</p>
<p>&nbsp;</p>
