{"id":7493,"date":"2020-05-06T18:06:08","date_gmt":"2020-05-06T16:06:08","guid":{"rendered":"https:\/\/test.imprimetresde.com\/?post_type=product&#038;p=7493"},"modified":"2025-03-11T18:00:18","modified_gmt":"2025-03-11T16:00:18","slug":"marcapaxinas-eduardo-pondal","status":"publish","type":"product","link":"https:\/\/test.imprimetresde.com\/gl\/produto\/marcapaxinas-eduardo-pondal\/","title":{"rendered":"Marcap\u00e1xinas Eduardo Pondal"},"content":{"rendered":"<p>Marcap\u00e1xinas Eduardo Pondal, poeta rexionalista galego, en lingua castel\u00e1 e lingua galega, autor da letra do <a href=\"https:\/\/gl.wikipedia.org\/wiki\/Os_Pinos\">Himno de Galicia<\/a>. <a href=\"https:\/\/gl.wikipedia.org\/wiki\/Eduardo_Pondal\">Pondal<\/a> foi un dos tres grandes poetas do Rexurdimento, xunto con Rosal\u00eda de Castro e Manuel Curros Enr\u00edquez. En 1965 dedic\u00f3uselle o D\u00eda das Letras Galegas.<\/p>\n<p>OS PINOS\u00a0 &#8211; HIMNO GALEGO<\/p>\n<p>Que din os rumorosos<br \/>\nna costa verdecente,<br \/>\nao raio transparente<br \/>\ndo pr\u00e1cido luar?<br \/>\nQue din as altas copas<br \/>\nde escuro arume arpado<br \/>\nco seu ben compasado<br \/>\nmon\u00f3tono fungar?<\/p>\n<p>&#8230;<\/p>\n<p>*O material no que est\u00e1 realizado \u00e9\u00a0<a href=\"https:\/\/test.imprimetresde.com\/gl\/o-noso-material-de-impresion-o-pla-polimero-biodegradabel-procedente-de-recursos-vexetais\/\">PLA<\/a>, material procedente de materia vexetal, biodegrad\u00e1bel, non t\u00f3xico e ecol\u00f3xico<\/p>\n","protected":false},"excerpt":{"rendered":"<p>Marcap\u00e1xinas Eduardo Pondal, poeta rexionalista galego, en lingua castel\u00e1 e lingua galega, autor da letra do <a href=\"https:\/\/gl.wikipedia.org\/wiki\/Os_Pinos\">Himno de Galicia<\/a>. <a href=\"https:\/\/gl.wikipedia.org\/wiki\/Eduardo_Pondal\">Pondal<\/a> foi un dos tres grandes poetas do Rexurdimento, xunto con Rosal\u00eda de Castro e Manuel Curros Enr\u00edquez. En 1965 dedic\u00f3uselle o D\u00eda das Letras Galegas.<\/p>\n","protected":false},"featured_media":7495,"comment_status":"open","ping_status":"closed","template":"","meta":{"_vp_format_video_url":"","_vp_image_focal_point":[]},"product_brand":[],"product_cat":[316],"product_tag":[1962,1963,1114,1149,1115,1391,1393,1392,1167,2508,2507,805,1394,481,252,486,754,968],"class_list":{"0":"post-7493","1":"product","2":"type-product","3":"status-publish","4":"has-post-thumbnail","6":"product_cat-cultura-gl","7":"product_tag-17-de-maio","8":"product_tag-17m","9":"product_tag-dia-da-nai","10":"product_tag-dia-das-letras","11":"product_tag-dia-do-pai","12":"product_tag-eduardo-pondar","13":"product_tag-himno-de-galicia-gl","14":"product_tag-himno-de-galiza","15":"product_tag-himno-galego","16":"product_tag-impresion-3d-a-coruna","17":"product_tag-impresion-3d-coruna","18":"product_tag-lectura","19":"product_tag-leer-gl","20":"product_tag-libros","21":"product_tag-marcapaxinas-gl","22":"product_tag-poemas","23":"product_tag-poeta","24":"product_tag-regalo-gl","26":"first","27":"instock","28":"taxable","29":"shipping-taxable","30":"purchasable","31":"product-type-simple"},"exclude_global_add_ons":[],"addons":[],"_links":{"self":[{"href":"https:\/\/test.imprimetresde.com\/gl\/wp-json\/wp\/v2\/product\/7493","targetHints":{"allow":["GET"]}}],"collection":[{"href":"https:\/\/test.imprimetresde.com\/gl\/wp-json\/wp\/v2\/product"}],"about":[{"href":"https:\/\/test.imprimetresde.com\/gl\/wp-json\/wp\/v2\/types\/product"}],"replies":[{"embeddable":true,"href":"https:\/\/test.imprimetresde.com\/gl\/wp-json\/wp\/v2\/comments?post=7493"}],"wp:featuredmedia":[{"embeddable":true,"href":"https:\/\/test.imprimetresde.com\/gl\/wp-json\/wp\/v2\/media\/7495"}],"wp:attachment":[{"href":"https:\/\/test.imprimetresde.com\/gl\/wp-json\/wp\/v2\/media?parent=7493"}],"wp:term":[{"taxonomy":"product_brand","embeddable":true,"href":"https:\/\/test.imprimetresde.com\/gl\/wp-json\/wp\/v2\/product_brand?post=7493"},{"taxonomy":"product_cat","embeddable":true,"href":"https:\/\/test.imprimetresde.com\/gl\/wp-json\/wp\/v2\/product_cat?post=7493"},{"taxonomy":"product_tag","embeddable":true,"href":"https:\/\/test.imprimetresde.com\/gl\/wp-json\/wp\/v2\/product_tag?post=7493"}],"curies":[{"name":"wp","href":"https:\/\/api.w.org\/{rel}","templated":true}]}}

Marcapáxinas Eduardo Pondal

<p>Marcapáxinas Eduardo Pondal, poeta rexionalista galego, en lingua castelá e lingua galega, autor da letra do <a href="https://gl.wikipedia.org/wiki/Os_Pinos">Himno de Galicia</a>. <a href="https://gl.wikipedia.org/wiki/Eduardo_Pondal">Pondal</a> foi un dos tres grandes poetas do Rexurdimento, xunto con Rosalía de Castro e Manuel Curros Enríquez. En 1965 dedicóuselle o Día das Letras Galegas.</p>
<p>OS PINOS  &#8211; HIMNO GALEGO</p>
<p>Que din os rumorosos<br />
na costa verdecente,<br />
ao raio transparente<br />
do prácido luar?<br />
Que din as altas copas<br />
de escuro arume arpado<br />
co seu ben compasado<br />
monótono fungar?</p>
<p>&#8230;</p>
<p>*O material no que está realizado é <a href="https://test.imprimetresde.com/gl/o-noso-material-de-impresion-o-pla-polimero-biodegradabel-procedente-de-recursos-vexetais/">PLA</a>, material procedente de materia vexetal, biodegradábel, non tóxico e ecolóxico</p>

<p>Marcapáxinas Eduardo Pondal, poeta rexionalista galego, en lingua castelá e lingua galega, autor da letra do <a href="https://gl.wikipedia.org/wiki/Os_Pinos">Himno de Galicia</a>. <a href="https://gl.wikipedia.org/wiki/Eduardo_Pondal">Pondal</a> foi un dos tres grandes poetas do Rexurdimento, xunto con Rosalía de Castro e Manuel Curros Enríquez. En 1965 dedicóuselle o Día das Letras Galegas.</p>
