{"id":7677,"date":"2021-01-28T13:23:17","date_gmt":"2021-01-28T11:23:17","guid":{"rendered":"https:\/\/test.imprimetresde.com\/?post_type=product&#038;p=7677"},"modified":"2024-03-14T18:55:13","modified_gmt":"2024-03-14T16:55:13","slug":"colgante-pandeireta-xl","status":"publish","type":"product","link":"https:\/\/test.imprimetresde.com\/gl\/produto\/colgante-pandeireta-xl\/","title":{"rendered":"Colar Pandeireta XL"},"content":{"rendered":"<p>Colar <a href=\"https:\/\/gl.wikipedia.org\/wiki\/Pandeireta\">Pandeireta<\/a>\u00a0XL dese\u00f1ado pola equipa de <a href=\"https:\/\/test.imprimetresde.com\/gl\/\">Imprimetresde<\/a>, unha homenaxe \u00e1 nosa pandeireta, ese precioso instrumento que constit\u00fae a base da m\u00fasica tradicional galega. Realizado en Madeira imprim\u00edbel (wooden <a href=\"https:\/\/test.imprimetresde.com\/gl\/o-noso-material-de-impresion-o-pla-polimero-biodegradabel-procedente-de-recursos-vexetais\/\">PLA<\/a>) e PLA, disp\u00f3n dunhas ferre\u00f1as met\u00e1licas que far\u00e1n as delicias de calquer mel\u00f3man@.<\/p>\n<p>*O material no que est\u00e1 realizado \u00e9 PLA, material procedente de materia vexetal, biodegrad\u00e1bel, non t\u00f3xico e ecol\u00f3xico<\/p>\n","protected":false},"excerpt":{"rendered":"<p>Colar <a href=\"https:\/\/gl.wikipedia.org\/wiki\/Pandeireta\">Pandeireta<\/a>\u00a0XL dese\u00f1ado pola equipa de <a href=\"https:\/\/test.imprimetresde.com\/gl\/\">Imprimetresde<\/a>, unha homenaxe \u00e1 nosa pandeireta, ese precioso instrumento que constit\u00fae a base da m\u00fasica tradicional galega. Realizado en Madeira imprim\u00edbel (wooden <a href=\"https:\/\/test.imprimetresde.com\/gl\/o-noso-material-de-impresion-o-pla-polimero-biodegradabel-procedente-de-recursos-vexetais\/\">PLA<\/a>) e PLA, disp\u00f3n dunhas ferre\u00f1as met\u00e1licas que far\u00e1n as delicias de calquer mel\u00f3man@.<\/p>\n","protected":false},"featured_media":11864,"comment_status":"open","ping_status":"closed","template":"","meta":{"_vp_format_video_url":"","_vp_image_focal_point":[]},"product_brand":[],"product_cat":[421,1312,315,316],"product_tag":[884,541,1204,358,1114,2231,542,409,479,463,2508,2507,356,429,499,1205],"class_list":{"0":"post-7677","1":"product","2":"type-product","3":"status-publish","4":"has-post-thumbnail","6":"product_cat-activismo","7":"product_cat-colgantes-gl","8":"product_cat-complementos-gl","9":"product_cat-cultura-gl","10":"product_tag-8-de-marzo","11":"product_tag-8m","12":"product_tag-artesania","13":"product_tag-colgante-gl","14":"product_tag-dia-da-nai","15":"product_tag-dia-internacional-contra-a-violencia-machista","16":"product_tag-dia-internacional-da-muller","17":"product_tag-galega","18":"product_tag-galicia","19":"product_tag-galiza","20":"product_tag-impresion-3d-a-coruna","21":"product_tag-impresion-3d-coruna","22":"product_tag-lila-gl","23":"product_tag-madeira-gl","24":"product_tag-musica-tradicional","25":"product_tag-pandeireta-gl","27":"first","28":"instock","29":"sale","30":"taxable","31":"shipping-taxable","32":"purchasable","33":"product-type-simple"},"exclude_global_add_ons":false,"addons":[{"name":"Material da Cadea (opcional)","type":"checkbox","position":0,"required":false,"title_format":"label","default":"","description_enable":true,"description":"Opci\u00f3n de facer a peza con cadea e accesorios de prata 925, de primera lei.","placeholder_enable":false,"placeholder":"","display":"select","restrictions_type":"any_text","adjust_price":false,"price":"","price_type":"flat_fee","restrictions":false,"min":"0","max":"0","options":[{"label":"Prata","price":"10","price_type":"flat_fee","image":0,"visibility":true}]}],"_links":{"self":[{"href":"https:\/\/test.imprimetresde.com\/gl\/wp-json\/wp\/v2\/product\/7677","targetHints":{"allow":["GET"]}}],"collection":[{"href":"https:\/\/test.imprimetresde.com\/gl\/wp-json\/wp\/v2\/product"}],"about":[{"href":"https:\/\/test.imprimetresde.com\/gl\/wp-json\/wp\/v2\/types\/product"}],"replies":[{"embeddable":true,"href":"https:\/\/test.imprimetresde.com\/gl\/wp-json\/wp\/v2\/comments?post=7677"}],"wp:featuredmedia":[{"embeddable":true,"href":"https:\/\/test.imprimetresde.com\/gl\/wp-json\/wp\/v2\/media\/11864"}],"wp:attachment":[{"href":"https:\/\/test.imprimetresde.com\/gl\/wp-json\/wp\/v2\/media?parent=7677"}],"wp:term":[{"taxonomy":"product_brand","embeddable":true,"href":"https:\/\/test.imprimetresde.com\/gl\/wp-json\/wp\/v2\/product_brand?post=7677"},{"taxonomy":"product_cat","embeddable":true,"href":"https:\/\/test.imprimetresde.com\/gl\/wp-json\/wp\/v2\/product_cat?post=7677"},{"taxonomy":"product_tag","embeddable":true,"href":"https:\/\/test.imprimetresde.com\/gl\/wp-json\/wp\/v2\/product_tag?post=7677"}],"curies":[{"name":"wp","href":"https:\/\/api.w.org\/{rel}","templated":true}]}}

<p>Colar <a href="https://gl.wikipedia.org/wiki/Pandeireta">Pandeireta</a> XL deseñado pola equipa de <a href="https://test.imprimetresde.com/gl/">Imprimetresde</a>, unha homenaxe á nosa pandeireta, ese precioso instrumento que constitúe a base da música tradicional galega. Realizado en Madeira imprimíbel (wooden <a href="https://test.imprimetresde.com/gl/o-noso-material-de-impresion-o-pla-polimero-biodegradabel-procedente-de-recursos-vexetais/">PLA</a>) e PLA, dispón dunhas ferreñas metálicas que farán as delicias de calquer melóman@.</p>
<p>*O material no que está realizado é PLA, material procedente de materia vexetal, biodegradábel, non tóxico e ecolóxico</p>

<p>Colar <a href="https://gl.wikipedia.org/wiki/Pandeireta">Pandeireta</a> XL deseñado pola equipa de <a href="https://test.imprimetresde.com/gl/">Imprimetresde</a>, unha homenaxe á nosa pandeireta, ese precioso instrumento que constitúe a base da música tradicional galega. Realizado en Madeira imprimíbel (wooden <a href="https://test.imprimetresde.com/gl/o-noso-material-de-impresion-o-pla-polimero-biodegradabel-procedente-de-recursos-vexetais/">PLA</a>) e PLA, dispón dunhas ferreñas metálicas que farán as delicias de calquer melóman@.</p>

Opción de facer a peza con cadea e accesorios de prata 925, de primera lei.
