{"id":7940,"date":"2020-08-12T17:11:49","date_gmt":"2020-08-12T15:11:49","guid":{"rendered":"https:\/\/test.imprimetresde.com\/?post_type=product&#038;p=7940"},"modified":"2025-09-17T11:10:24","modified_gmt":"2025-09-17T09:10:24","slug":"brincos-sardinas","status":"publish","type":"product","link":"https:\/\/test.imprimetresde.com\/gl\/produto\/brincos-sardinas\/","title":{"rendered":"Brincos Sardi\u00f1as"},"content":{"rendered":"<p>Brincos Sardi\u00f1as, dese\u00f1o orixinal de I3D. Fermosos brincos ca raspa dunha <a href=\"https:\/\/gl.wikipedia.org\/wiki\/Sardi%C3%B1a\">sardi\u00f1a<\/a> tan t\u00edpica da nosa costa galega. Para ti ou para agasallar, presume dun anaco do noso mar!<\/p>\n<p>*O material no que est\u00e1 realizado \u00e9 <a href=\"https:\/\/test.imprimetresde.com\/gl\/o-noso-material-de-impresion-o-pla-polimero-biodegradabel-procedente-de-recursos-vexetais\/\">PLA<\/a>, material procedente de materia vexetal, biodegrad\u00e1bel, non t\u00f3xico e ecol\u00f3xico<\/p>\n<p>&nbsp;<\/p>\n","protected":false},"excerpt":{"rendered":"<p>Brincos Sardi\u00f1as, dese\u00f1o orixinal de I3D. Fermosos brincos ca raspa dunha <a href=\"https:\/\/gl.wikipedia.org\/wiki\/Sardi%C3%B1a\">sardi\u00f1a<\/a> tan t\u00edpica da nosa costa galega. Para ti ou para agasallar, presume dun anaco do noso mar!<\/p>\n","protected":false},"featured_media":8026,"comment_status":"open","ping_status":"closed","template":"","meta":{"_vp_format_video_url":"","_vp_image_focal_point":[]},"product_brand":[],"product_cat":[315,316,1290],"product_tag":[388,358,1114,880,479,463,2508,2507,1992,860,1984,861,1298,919,1297,1295,1384],"class_list":{"0":"post-7940","1":"product","2":"type-product","3":"status-publish","4":"has-post-thumbnail","6":"product_cat-complementos-gl","7":"product_cat-cultura-gl","8":"product_cat-pendentes","9":"product_tag-colar","10":"product_tag-colgante-gl","11":"product_tag-dia-da-nai","12":"product_tag-furancho","13":"product_tag-galicia","14":"product_tag-galiza","15":"product_tag-impresion-3d-a-coruna","16":"product_tag-impresion-3d-coruna","17":"product_tag-lumeiradas-gl","18":"product_tag-mar","19":"product_tag-noite-meiga","20":"product_tag-peixe","21":"product_tag-raspa","22":"product_tag-riazor","23":"product_tag-san-xoan","24":"product_tag-sardina","25":"product_tag-souvenir","27":"first","28":"instock","29":"taxable","30":"shipping-taxable","31":"purchasable","32":"product-type-variable"},"exclude_global_add_ons":false,"addons":[{"name":"Material de las fornituras (opcional)","type":"checkbox","position":0,"required":false,"title_format":"label","default":"","description_enable":true,"description":"Opci\u00f3n de incorporar fornituras de plata 925, de primera ley.","placeholder_enable":false,"placeholder":"","display":"select","restrictions_type":"any_text","adjust_price":false,"price":"","price_type":"flat_fee","restrictions":false,"min":"0","max":"0","options":[{"label":"Plata","price":"5","price_type":"flat_fee","image":0,"visibility":true}]}],"_links":{"self":[{"href":"https:\/\/test.imprimetresde.com\/gl\/wp-json\/wp\/v2\/product\/7940","targetHints":{"allow":["GET"]}}],"collection":[{"href":"https:\/\/test.imprimetresde.com\/gl\/wp-json\/wp\/v2\/product"}],"about":[{"href":"https:\/\/test.imprimetresde.com\/gl\/wp-json\/wp\/v2\/types\/product"}],"replies":[{"embeddable":true,"href":"https:\/\/test.imprimetresde.com\/gl\/wp-json\/wp\/v2\/comments?post=7940"}],"wp:featuredmedia":[{"embeddable":true,"href":"https:\/\/test.imprimetresde.com\/gl\/wp-json\/wp\/v2\/media\/8026"}],"wp:attachment":[{"href":"https:\/\/test.imprimetresde.com\/gl\/wp-json\/wp\/v2\/media?parent=7940"}],"wp:term":[{"taxonomy":"product_brand","embeddable":true,"href":"https:\/\/test.imprimetresde.com\/gl\/wp-json\/wp\/v2\/product_brand?post=7940"},{"taxonomy":"product_cat","embeddable":true,"href":"https:\/\/test.imprimetresde.com\/gl\/wp-json\/wp\/v2\/product_cat?post=7940"},{"taxonomy":"product_tag","embeddable":true,"href":"https:\/\/test.imprimetresde.com\/gl\/wp-json\/wp\/v2\/product_tag?post=7940"}],"curies":[{"name":"wp","href":"https:\/\/api.w.org\/{rel}","templated":true}]}}

Brincos Sardiñas

<p>Brincos Sardiñas, deseño orixinal de I3D. Fermosos brincos ca raspa dunha <a href="https://gl.wikipedia.org/wiki/Sardi%C3%B1a">sardiña</a> tan típica da nosa costa galega. Para ti ou para agasallar, presume dun anaco do noso mar!</p>
<p>*O material no que está realizado é <a href="https://test.imprimetresde.com/gl/o-noso-material-de-impresion-o-pla-polimero-biodegradabel-procedente-de-recursos-vexetais/">PLA</a>, material procedente de materia vexetal, biodegradábel, non tóxico e ecolóxico</p>
<p>&nbsp;</p>

<p>Brincos Sardiñas, deseño orixinal de I3D. Fermosos brincos ca raspa dunha <a href="https://gl.wikipedia.org/wiki/Sardi%C3%B1a">sardiña</a> tan típica da nosa costa galega. Para ti ou para agasallar, presume dun anaco do noso mar!</p>

Opción de incorporar fornituras de plata 925, de primera ley.
