{"id":7964,"date":"2020-08-15T11:42:44","date_gmt":"2020-08-15T09:42:44","guid":{"rendered":"https:\/\/test.imprimetresde.com\/?post_type=product&#038;p=7964"},"modified":"2025-07-15T13:07:12","modified_gmt":"2025-07-15T11:07:12","slug":"chaveiro-sardina","status":"publish","type":"product","link":"https:\/\/test.imprimetresde.com\/gl\/produto\/chaveiro-sardina\/","title":{"rendered":"Chaveiro Sardi\u00f1a"},"content":{"rendered":"<p>Chaveiro Sardi\u00f1a, dese\u00f1o orixinal de I3D. Orixinal chaveiro ca raspa dunha <a href=\"https:\/\/gl.wikipedia.org\/wiki\/Sardi%C3%B1a\">sardi\u00f1a<\/a> tan t\u00edpica da nosa costa galega. Para ti ou para agasallar, presume dun anaco do noso mar!<\/p>\n<p>*O material no que est\u00e1 realizado \u00e9 <a href=\"https:\/\/test.imprimetresde.com\/gl\/o-noso-material-de-impresion-o-pla-polimero-biodegradabel-procedente-de-recursos-vexetais\/\">PLA<\/a>, material procedente de materia vexetal, biodegrad\u00e1bel, non t\u00f3xico e ecol\u00f3xico<\/p>\n","protected":false},"excerpt":{"rendered":"<p>Chaveiro Sardi\u00f1a, dese\u00f1o orixinal de I3D. Orixinal chaveiro ca raspa dunha sardi\u00f1a tan t\u00edpica da nosa costa galega. Para ti ou para agasallar, presume dun anaco do noso mar!<\/p>\n","protected":false},"featured_media":7965,"comment_status":"open","ping_status":"closed","template":"","meta":{"_vp_format_video_url":"","_vp_image_focal_point":[]},"product_brand":[],"product_cat":[315,316,320],"product_tag":[256,1309,1114,1115,880,409,479,463,2508,2507,860,861,862,1298,1295],"class_list":{"0":"post-7964","1":"product","2":"type-product","3":"status-publish","4":"has-post-thumbnail","6":"product_cat-complementos-gl","7":"product_cat-cultura-gl","8":"product_cat-mascotas-gl","9":"product_tag-chaveiro","10":"product_tag-costa","11":"product_tag-dia-da-nai","12":"product_tag-dia-do-pai","13":"product_tag-furancho","14":"product_tag-galega","15":"product_tag-galicia","16":"product_tag-galiza","17":"product_tag-impresion-3d-a-coruna","18":"product_tag-impresion-3d-coruna","19":"product_tag-mar","20":"product_tag-peixe","21":"product_tag-pesca","22":"product_tag-raspa","23":"product_tag-sardina","25":"first","26":"instock","27":"sale","28":"taxable","29":"shipping-taxable","30":"purchasable","31":"product-type-simple"},"exclude_global_add_ons":false,"addons":[{"name":"Texto personalizado","type":"heading","position":0,"required":false,"title_format":"label","default":"","description_enable":true,"description":"**Texto que llevar\u00e1 el objeto al imprimirlo (8 caracteres m\u00e1ximo)","placeholder_enable":false,"placeholder":"","display":"select","restrictions_type":"any_text","adjust_price":false,"price":"","price_type":"","restrictions":false,"min":"0","max":"0","options":[]},{"name":"Texto","type":"custom_text","position":0,"required":false,"title_format":"label","default":"","description_enable":false,"description":"","placeholder_enable":false,"placeholder":"","display":"select","restrictions_type":"any_text","adjust_price":true,"price":"5","price_type":"quantity_based","restrictions":false,"min":"","max":"","options":[]}],"_links":{"self":[{"href":"https:\/\/test.imprimetresde.com\/gl\/wp-json\/wp\/v2\/product\/7964","targetHints":{"allow":["GET"]}}],"collection":[{"href":"https:\/\/test.imprimetresde.com\/gl\/wp-json\/wp\/v2\/product"}],"about":[{"href":"https:\/\/test.imprimetresde.com\/gl\/wp-json\/wp\/v2\/types\/product"}],"replies":[{"embeddable":true,"href":"https:\/\/test.imprimetresde.com\/gl\/wp-json\/wp\/v2\/comments?post=7964"}],"wp:featuredmedia":[{"embeddable":true,"href":"https:\/\/test.imprimetresde.com\/gl\/wp-json\/wp\/v2\/media\/7965"}],"wp:attachment":[{"href":"https:\/\/test.imprimetresde.com\/gl\/wp-json\/wp\/v2\/media?parent=7964"}],"wp:term":[{"taxonomy":"product_brand","embeddable":true,"href":"https:\/\/test.imprimetresde.com\/gl\/wp-json\/wp\/v2\/product_brand?post=7964"},{"taxonomy":"product_cat","embeddable":true,"href":"https:\/\/test.imprimetresde.com\/gl\/wp-json\/wp\/v2\/product_cat?post=7964"},{"taxonomy":"product_tag","embeddable":true,"href":"https:\/\/test.imprimetresde.com\/gl\/wp-json\/wp\/v2\/product_tag?post=7964"}],"curies":[{"name":"wp","href":"https:\/\/api.w.org\/{rel}","templated":true}]}}

Chaveiro Sardiña

<p>Chaveiro Sardiña, deseño orixinal de I3D. Orixinal chaveiro ca raspa dunha <a href="https://gl.wikipedia.org/wiki/Sardi%C3%B1a">sardiña</a> tan típica da nosa costa galega. Para ti ou para agasallar, presume dun anaco do noso mar!</p>
<p>*O material no que está realizado é <a href="https://test.imprimetresde.com/gl/o-noso-material-de-impresion-o-pla-polimero-biodegradabel-procedente-de-recursos-vexetais/">PLA</a>, material procedente de materia vexetal, biodegradábel, non tóxico e ecolóxico</p>

<p>Chaveiro Sardiña, deseño orixinal de I3D. Orixinal chaveiro ca raspa dunha sardiña tan típica da nosa costa galega. Para ti ou para agasallar, presume dun anaco do noso mar!</p>

**Texto que llevará el objeto al imprimirlo (8 caracteres máximo)
