{"id":8000,"date":"2020-08-19T16:37:29","date_gmt":"2020-08-19T14:37:29","guid":{"rendered":"https:\/\/test.imprimetresde.com\/?post_type=product&#038;p=8000"},"modified":"2025-04-03T23:26:42","modified_gmt":"2025-04-03T21:26:42","slug":"chaveiro-nazon-de-breogan","status":"publish","type":"product","link":"https:\/\/test.imprimetresde.com\/gl\/produto\/chaveiro-nazon-de-breogan\/","title":{"rendered":"Chaveiro Naz\u00f3n de Breog\u00e1n"},"content":{"rendered":"<p>Chaveiro Naz\u00f3n de Breog\u00e1n, dese\u00f1o orixinal de I3D. Orixinal chaveiro baseado na estatua de Breog\u00e1n situada ao p\u00e9 da Torre de H\u00e9rcules da Coru\u00f1a e en homenaxe ao poema\u00a0<i><a title=\"Os Pinos\" href=\"https:\/\/gl.wikipedia.org\/wiki\/Os_Pinos\">Os Pinos<\/a><\/i>\u00a0de\u00a0<a title=\"Eduardo Pondal\" href=\"https:\/\/gl.wikipedia.org\/wiki\/Eduardo_Pondal\">Eduardo Pondal<\/a>, que constit\u00fae a letra do\u00a0<a class=\"mw-redirect\" title=\"Himno galego\" href=\"https:\/\/gl.wikipedia.org\/wiki\/Himno_galego\">himno galego<\/a>.\u00a0 Para ti ou para facer un agasallo ben orixinal!<\/p>\n<p>*O material no que est\u00e1 realizado \u00e9 <a href=\"https:\/\/test.imprimetresde.com\/gl\/o-noso-material-de-impresion-o-pla-polimero-biodegradabel-procedente-de-recursos-vexetais\/\">PLA<\/a>, material procedente de materia vexetal, biodegrad\u00e1bel, non t\u00f3xico e ecol\u00f3xico<\/p>\n","protected":false},"excerpt":{"rendered":"<p>Chaveiro Naz\u00f3n de Breog\u00e1n, dese\u00f1o orixinal de I3D. Orixinal chaveiro baseado na estatua de Breog\u00e1n situada ao p\u00e9 da Torre de H\u00e9rcules da Coru\u00f1a e en homenaxe ao poema\u00a0<i><a title=\"Os Pinos\" href=\"https:\/\/gl.wikipedia.org\/wiki\/Os_Pinos\">Os Pinos<\/a><\/i>\u00a0de\u00a0<a title=\"Eduardo Pondal\" href=\"https:\/\/gl.wikipedia.org\/wiki\/Eduardo_Pondal\">Eduardo Pondal<\/a>, que constit\u00fae a letra do\u00a0<a class=\"mw-redirect\" title=\"Himno galego\" href=\"https:\/\/gl.wikipedia.org\/wiki\/Himno_galego\">himno galego<\/a>.\u00a0 Para ti ou para facer un agasallo ben orixinal!<\/p>\n","protected":false},"featured_media":8001,"comment_status":"open","ping_status":"closed","template":"","meta":{"_vp_format_video_url":"","_vp_image_focal_point":[]},"product_brand":[],"product_cat":[421,316],"product_tag":[1962,1963,1319,256,1114,1149,1115,479,463,1167,2508,2507,578,1320,1321],"class_list":{"0":"post-8000","1":"product","2":"type-product","3":"status-publish","4":"has-post-thumbnail","6":"product_cat-activismo","7":"product_cat-cultura-gl","8":"product_tag-17-de-maio","9":"product_tag-17m","10":"product_tag-breogan","11":"product_tag-chaveiro","12":"product_tag-dia-da-nai","13":"product_tag-dia-das-letras","14":"product_tag-dia-do-pai","15":"product_tag-galicia","16":"product_tag-galiza","17":"product_tag-himno-galego","18":"product_tag-impresion-3d-a-coruna","19":"product_tag-impresion-3d-coruna","20":"product_tag-nazon","21":"product_tag-os-pinos","22":"product_tag-pondal","24":"first","25":"instock","26":"taxable","27":"shipping-taxable","28":"purchasable","29":"product-type-simple"},"exclude_global_add_ons":[],"addons":[],"_links":{"self":[{"href":"https:\/\/test.imprimetresde.com\/gl\/wp-json\/wp\/v2\/product\/8000","targetHints":{"allow":["GET"]}}],"collection":[{"href":"https:\/\/test.imprimetresde.com\/gl\/wp-json\/wp\/v2\/product"}],"about":[{"href":"https:\/\/test.imprimetresde.com\/gl\/wp-json\/wp\/v2\/types\/product"}],"replies":[{"embeddable":true,"href":"https:\/\/test.imprimetresde.com\/gl\/wp-json\/wp\/v2\/comments?post=8000"}],"wp:featuredmedia":[{"embeddable":true,"href":"https:\/\/test.imprimetresde.com\/gl\/wp-json\/wp\/v2\/media\/8001"}],"wp:attachment":[{"href":"https:\/\/test.imprimetresde.com\/gl\/wp-json\/wp\/v2\/media?parent=8000"}],"wp:term":[{"taxonomy":"product_brand","embeddable":true,"href":"https:\/\/test.imprimetresde.com\/gl\/wp-json\/wp\/v2\/product_brand?post=8000"},{"taxonomy":"product_cat","embeddable":true,"href":"https:\/\/test.imprimetresde.com\/gl\/wp-json\/wp\/v2\/product_cat?post=8000"},{"taxonomy":"product_tag","embeddable":true,"href":"https:\/\/test.imprimetresde.com\/gl\/wp-json\/wp\/v2\/product_tag?post=8000"}],"curies":[{"name":"wp","href":"https:\/\/api.w.org\/{rel}","templated":true}]}}

Chaveiro Nazón de Breogán

<p>Chaveiro Nazón de Breogán, deseño orixinal de I3D. Orixinal chaveiro baseado na estatua de Breogán situada ao pé da Torre de Hércules da Coruña e en homenaxe ao poema <i><a title="Os Pinos" href="https://gl.wikipedia.org/wiki/Os_Pinos">Os Pinos</a></i> de <a title="Eduardo Pondal" href="https://gl.wikipedia.org/wiki/Eduardo_Pondal">Eduardo Pondal</a>, que constitúe a letra do <a class="mw-redirect" title="Himno galego" href="https://gl.wikipedia.org/wiki/Himno_galego">himno galego</a>.  Para ti ou para facer un agasallo ben orixinal!</p>
<p>*O material no que está realizado é <a href="https://test.imprimetresde.com/gl/o-noso-material-de-impresion-o-pla-polimero-biodegradabel-procedente-de-recursos-vexetais/">PLA</a>, material procedente de materia vexetal, biodegradábel, non tóxico e ecolóxico</p>

<p>Chaveiro Nazón de Breogán, deseño orixinal de I3D. Orixinal chaveiro baseado na estatua de Breogán situada ao pé da Torre de Hércules da Coruña e en homenaxe ao poema <i><a title="Os Pinos" href="https://gl.wikipedia.org/wiki/Os_Pinos">Os Pinos</a></i> de <a title="Eduardo Pondal" href="https://gl.wikipedia.org/wiki/Eduardo_Pondal">Eduardo Pondal</a>, que constitúe a letra do <a class="mw-redirect" title="Himno galego" href="https://gl.wikipedia.org/wiki/Himno_galego">himno galego</a>.  Para ti ou para facer un agasallo ben orixinal!</p>
