{"id":8041,"date":"2021-01-28T13:19:33","date_gmt":"2021-01-28T11:19:33","guid":{"rendered":"https:\/\/test.imprimetresde.com\/?post_type=product&#038;p=8041"},"modified":"2025-10-23T12:39:53","modified_gmt":"2025-10-23T10:39:53","slug":"colar-polbo","status":"publish","type":"product","link":"https:\/\/test.imprimetresde.com\/gl\/produto\/colar-polbo\/","title":{"rendered":"Colar Polbo"},"content":{"rendered":"<p>Colar Polbo, dese\u00f1o orixinal de I3D. Fermoso colar con forma de raxo de <a href=\"https:\/\/gl.wikipedia.org\/wiki\/Polbo\">polbo<\/a>, do cefal\u00f3podo tan t\u00edpico da nosa costa galega. Para ti ou para agasallar, presume dun anaco do noso mar!<\/p>\n<p>*O material no que est\u00e1 realizado \u00e9 <a href=\"https:\/\/test.imprimetresde.com\/gl\/o-noso-material-de-impresion-o-pla-polimero-biodegradabel-procedente-de-recursos-vexetais\/\">PLA<\/a>, material procedente de materia vexetal, biodegrad\u00e1bel, non t\u00f3xico e ecol\u00f3xico<\/p>\n","protected":false},"excerpt":{"rendered":"<p>Colar Polbo, dese\u00f1o orixinal de I3D. Fermoso colar con forma de raxo de <a href=\"https:\/\/gl.wikipedia.org\/wiki\/Polbo\">polbo<\/a>, do cefal\u00f3podo tan t\u00edpico da nosa costa galega.<\/p>\n<p>&nbsp;<\/p>\n","protected":false},"featured_media":14788,"comment_status":"open","ping_status":"closed","template":"","meta":{"_vp_format_video_url":"","_vp_image_focal_point":[]},"product_brand":[],"product_cat":[1312,315,316],"product_tag":[],"class_list":{"0":"post-8041","1":"product","2":"type-product","3":"status-publish","4":"has-post-thumbnail","6":"product_cat-colgantes-gl","7":"product_cat-complementos-gl","8":"product_cat-cultura-gl","10":"first","11":"instock","12":"featured","13":"taxable","14":"shipping-taxable","15":"purchasable","16":"product-type-simple"},"exclude_global_add_ons":false,"addons":[{"name":"Material da Cadea (opcional)","type":"checkbox","position":0,"required":false,"title_format":"label","default":"","description_enable":true,"description":"Opci\u00f3n de facer a peza con cadea e accesorios de prata 925, de primera lei.","placeholder_enable":false,"placeholder":"","display":"select","restrictions_type":"any_text","adjust_price":false,"price":"","price_type":"flat_fee","restrictions":false,"min":"0","max":"0","options":[{"label":"Prata","price":"10","price_type":"flat_fee","image":0,"visibility":true}]}],"_links":{"self":[{"href":"https:\/\/test.imprimetresde.com\/gl\/wp-json\/wp\/v2\/product\/8041","targetHints":{"allow":["GET"]}}],"collection":[{"href":"https:\/\/test.imprimetresde.com\/gl\/wp-json\/wp\/v2\/product"}],"about":[{"href":"https:\/\/test.imprimetresde.com\/gl\/wp-json\/wp\/v2\/types\/product"}],"replies":[{"embeddable":true,"href":"https:\/\/test.imprimetresde.com\/gl\/wp-json\/wp\/v2\/comments?post=8041"}],"wp:featuredmedia":[{"embeddable":true,"href":"https:\/\/test.imprimetresde.com\/gl\/wp-json\/wp\/v2\/media\/14788"}],"wp:attachment":[{"href":"https:\/\/test.imprimetresde.com\/gl\/wp-json\/wp\/v2\/media?parent=8041"}],"wp:term":[{"taxonomy":"product_brand","embeddable":true,"href":"https:\/\/test.imprimetresde.com\/gl\/wp-json\/wp\/v2\/product_brand?post=8041"},{"taxonomy":"product_cat","embeddable":true,"href":"https:\/\/test.imprimetresde.com\/gl\/wp-json\/wp\/v2\/product_cat?post=8041"},{"taxonomy":"product_tag","embeddable":true,"href":"https:\/\/test.imprimetresde.com\/gl\/wp-json\/wp\/v2\/product_tag?post=8041"}],"curies":[{"name":"wp","href":"https:\/\/api.w.org\/{rel}","templated":true}]}}

<p>Colar Polbo, deseño orixinal de I3D. Fermoso colar con forma de raxo de <a href="https://gl.wikipedia.org/wiki/Polbo">polbo</a>, do cefalópodo tan típico da nosa costa galega. Para ti ou para agasallar, presume dun anaco do noso mar!</p>
<p>*O material no que está realizado é <a href="https://test.imprimetresde.com/gl/o-noso-material-de-impresion-o-pla-polimero-biodegradabel-procedente-de-recursos-vexetais/">PLA</a>, material procedente de materia vexetal, biodegradábel, non tóxico e ecolóxico</p>

<p>Colar Polbo, deseño orixinal de I3D. Fermoso colar con forma de raxo de <a href="https://gl.wikipedia.org/wiki/Polbo">polbo</a>, do cefalópodo tan típico da nosa costa galega.</p>
<p>&nbsp;</p>

Opción de facer a peza con cadea e accesorios de prata 925, de primera lei.
