{"id":8072,"date":"2020-08-28T16:09:24","date_gmt":"2020-08-28T14:09:24","guid":{"rendered":"https:\/\/test.imprimetresde.com\/?post_type=product&#038;p=8072"},"modified":"2025-03-11T17:57:15","modified_gmt":"2025-03-11T15:57:15","slug":"usb-personalizado","status":"publish","type":"product","link":"https:\/\/test.imprimetresde.com\/gl\/produto\/usb-personalizado\/","title":{"rendered":"USB Personalizado"},"content":{"rendered":"<p>USB Personalizado dese\u00f1ado pola equipa de <a href=\"https:\/\/test.imprimetresde.com\/gl\/\">Imprimetresde <\/a>, \u00e9 ideal para regalar. Personaliza o USB co teu nome ou para facer o agasallo m\u00e1is orixinal. Preg\u00fantanos para incorportar dese\u00f1os a maiores.<\/p>\n<p>COMPATIBLE CON <a href=\"https:\/\/es.wikipedia.org\/wiki\/Chromebook\">CHROMEBOOK\u00a0<\/a><\/p>\n<p>*O material no que est\u00e1 realizado \u00e9 <a href=\"https:\/\/test.imprimetresde.com\/nuestro-material-de-impresion-el-pla-polimero-biodegradable-procedente-de-recursos-vegetales\/\">PLA<\/a>, material procedente de materia vexetal, <a href=\"https:\/\/es.wikipedia.org\/wiki\/Biodegradabilidad\">biodegrad\u00e1bel<\/a>, non t\u00f3xico e ecol\u00f3xico<\/p>\n","protected":false},"excerpt":{"rendered":"<p>USB Personalizado dese\u00f1ado pola equipa de <a href=\"https:\/\/test.imprimetresde.com\/gl\/\">Imprimetresde <\/a>, \u00e9 ideal para regalar. Personaliza o USB co teu nome ou para facer o agasallo m\u00e1is orixinal. Preg\u00fantanos para incorportar dese\u00f1os a maiores.<\/p>\n","protected":false},"featured_media":8374,"comment_status":"open","ping_status":"closed","template":"","meta":{"_vp_format_video_url":"","_vp_image_focal_point":[]},"product_brand":[],"product_cat":[2189],"product_tag":[1458,1457,1459,1114,2518,1879,1115,2508,2507,1331,1332,1456,1329,274,968,1454,2867,2866],"class_list":{"0":"post-8072","1":"product","2":"type-product","3":"status-publish","4":"has-post-thumbnail","6":"product_cat-sin-categorizar-gl","7":"product_tag-aula","8":"product_tag-clase","9":"product_tag-despacho","10":"product_tag-dia-da-nai","11":"product_tag-dia-de-la-madre-gl","12":"product_tag-dia-del-padre-gl","13":"product_tag-dia-do-pai","14":"product_tag-impresion-3d-a-coruna","15":"product_tag-impresion-3d-coruna","16":"product_tag-lapiz","17":"product_tag-memoria","18":"product_tag-oficina","19":"product_tag-pendrive","20":"product_tag-personalizado-gl","21":"product_tag-regalo-gl","22":"product_tag-usb","23":"product_tag-vuelta-a-las-aulas-gl","24":"product_tag-vuelta-ao-cole-gl","26":"first","27":"instock","28":"taxable","29":"shipping-taxable","30":"purchasable","31":"product-type-variable"},"exclude_global_add_ons":true,"addons":[{"name":"Texto personalizado","type":"custom_text","position":0,"required":true,"title_format":"label","default":"","description_enable":true,"description":"**Texto que levar\u00e1 o obxeto no momento de imprimilo (8 caracteres m\u00e1ximo)","placeholder_enable":false,"placeholder":"","display":"select","restrictions_type":"any_text","adjust_price":false,"price":"","price_type":"flat_fee","restrictions":true,"min":"0","max":"8","options":[]}],"_links":{"self":[{"href":"https:\/\/test.imprimetresde.com\/gl\/wp-json\/wp\/v2\/product\/8072","targetHints":{"allow":["GET"]}}],"collection":[{"href":"https:\/\/test.imprimetresde.com\/gl\/wp-json\/wp\/v2\/product"}],"about":[{"href":"https:\/\/test.imprimetresde.com\/gl\/wp-json\/wp\/v2\/types\/product"}],"replies":[{"embeddable":true,"href":"https:\/\/test.imprimetresde.com\/gl\/wp-json\/wp\/v2\/comments?post=8072"}],"wp:featuredmedia":[{"embeddable":true,"href":"https:\/\/test.imprimetresde.com\/gl\/wp-json\/wp\/v2\/media\/8374"}],"wp:attachment":[{"href":"https:\/\/test.imprimetresde.com\/gl\/wp-json\/wp\/v2\/media?parent=8072"}],"wp:term":[{"taxonomy":"product_brand","embeddable":true,"href":"https:\/\/test.imprimetresde.com\/gl\/wp-json\/wp\/v2\/product_brand?post=8072"},{"taxonomy":"product_cat","embeddable":true,"href":"https:\/\/test.imprimetresde.com\/gl\/wp-json\/wp\/v2\/product_cat?post=8072"},{"taxonomy":"product_tag","embeddable":true,"href":"https:\/\/test.imprimetresde.com\/gl\/wp-json\/wp\/v2\/product_tag?post=8072"}],"curies":[{"name":"wp","href":"https:\/\/api.w.org\/{rel}","templated":true}]}}

<p>USB Personalizado deseñado pola equipa de <a href="https://test.imprimetresde.com/gl/">Imprimetresde </a>, é ideal para regalar. Personaliza o USB co teu nome ou para facer o agasallo máis orixinal. Pregúntanos para incorportar deseños a maiores.</p>
<p>COMPATIBLE CON <a href="https://es.wikipedia.org/wiki/Chromebook">CHROMEBOOK </a></p>
<p>*O material no que está realizado é <a href="https://test.imprimetresde.com/nuestro-material-de-impresion-el-pla-polimero-biodegradable-procedente-de-recursos-vegetales/">PLA</a>, material procedente de materia vexetal, <a href="https://es.wikipedia.org/wiki/Biodegradabilidad">biodegradábel</a>, non tóxico e ecolóxico</p>

<p>USB Personalizado deseñado pola equipa de <a href="https://test.imprimetresde.com/gl/">Imprimetresde </a>, é ideal para regalar. Personaliza o USB co teu nome ou para facer o agasallo máis orixinal. Pregúntanos para incorportar deseños a maiores.</p>

**Texto que levará o obxeto no momento de imprimilo (8 caracteres máximo)
