{"id":8149,"date":"2020-09-02T16:35:31","date_gmt":"2020-09-02T14:35:31","guid":{"rendered":"https:\/\/test.imprimetresde.com\/?post_type=product&#038;p=8149"},"modified":"2025-03-11T17:53:51","modified_gmt":"2025-03-11T15:53:51","slug":"soporte-mobil-polbo","status":"publish","type":"product","link":"https:\/\/test.imprimetresde.com\/gl\/produto\/soporte-mobil-polbo\/","title":{"rendered":"Soporte m\u00f3bil Polbo"},"content":{"rendered":"<p>Soporte m\u00f3bil Polbo dese\u00f1ado pola equipa de <a href=\"https:\/\/test.imprimetresde.com\/gl\/\">Imprimetresde<\/a> que permite colocar calqueira modelo de smartphone ou tablet en formato vertical ou apaisado. Unha pequena homenaxe ao noso cefal\u00f3podo favorito, o <a href=\"https:\/\/gl.wikipedia.org\/wiki\/Polbo\">polbo<\/a>.<\/p>\n<p>*O material no que est\u00e1 realizado \u00e9 <a href=\"https:\/\/test.imprimetresde.com\/nuestro-material-de-impresion-el-pla-polimero-biodegradable-procedente-de-recursos-vegetales\/\">PLA<\/a>, material procedente de materia vexetal, biodegrad\u00e1bel, non t\u00f3xico e ecol\u00f3xico<\/p>\n","protected":false},"excerpt":{"rendered":"<p>Soporte m\u00f3bil Polbo dese\u00f1ado pola equipa de <a href=\"https:\/\/test.imprimetresde.com\/gl\/\">Imprimetresde<\/a> que permite colocar calqueira modelo de smartphone ou tablet en formato vertical ou apaisado. Unha pequena homenaxe ao noso cefal\u00f3podo favorito, o <a href=\"https:\/\/gl.wikipedia.org\/wiki\/Polbo\">polbo<\/a>.<\/p>\n","protected":false},"featured_media":8150,"comment_status":"open","ping_status":"closed","template":"","meta":{"_vp_format_video_url":"","_vp_image_focal_point":[]},"product_brand":[],"product_cat":[315,313,317,320],"product_tag":[1114,1115,2508,2507,266],"class_list":{"0":"post-8149","1":"product","2":"type-product","3":"status-publish","4":"has-post-thumbnail","6":"product_cat-complementos-gl","7":"product_cat-ambiente-gl","8":"product_cat-gadgets-gl","9":"product_cat-mascotas-gl","10":"product_tag-dia-da-nai","11":"product_tag-dia-do-pai","12":"product_tag-impresion-3d-a-coruna","13":"product_tag-impresion-3d-coruna","14":"product_tag-mobil","16":"first","17":"instock","18":"taxable","19":"shipping-taxable","20":"purchasable","21":"product-type-simple"},"exclude_global_add_ons":[],"addons":[],"_links":{"self":[{"href":"https:\/\/test.imprimetresde.com\/gl\/wp-json\/wp\/v2\/product\/8149","targetHints":{"allow":["GET"]}}],"collection":[{"href":"https:\/\/test.imprimetresde.com\/gl\/wp-json\/wp\/v2\/product"}],"about":[{"href":"https:\/\/test.imprimetresde.com\/gl\/wp-json\/wp\/v2\/types\/product"}],"replies":[{"embeddable":true,"href":"https:\/\/test.imprimetresde.com\/gl\/wp-json\/wp\/v2\/comments?post=8149"}],"wp:featuredmedia":[{"embeddable":true,"href":"https:\/\/test.imprimetresde.com\/gl\/wp-json\/wp\/v2\/media\/8150"}],"wp:attachment":[{"href":"https:\/\/test.imprimetresde.com\/gl\/wp-json\/wp\/v2\/media?parent=8149"}],"wp:term":[{"taxonomy":"product_brand","embeddable":true,"href":"https:\/\/test.imprimetresde.com\/gl\/wp-json\/wp\/v2\/product_brand?post=8149"},{"taxonomy":"product_cat","embeddable":true,"href":"https:\/\/test.imprimetresde.com\/gl\/wp-json\/wp\/v2\/product_cat?post=8149"},{"taxonomy":"product_tag","embeddable":true,"href":"https:\/\/test.imprimetresde.com\/gl\/wp-json\/wp\/v2\/product_tag?post=8149"}],"curies":[{"name":"wp","href":"https:\/\/api.w.org\/{rel}","templated":true}]}}

Soporte móbil Polbo

<p>Soporte móbil Polbo deseñado pola equipa de <a href="https://test.imprimetresde.com/gl/">Imprimetresde</a> que permite colocar calqueira modelo de smartphone ou tablet en formato vertical ou apaisado. Unha pequena homenaxe ao noso cefalópodo favorito, o <a href="https://gl.wikipedia.org/wiki/Polbo">polbo</a>.</p>
<p>*O material no que está realizado é <a href="https://test.imprimetresde.com/nuestro-material-de-impresion-el-pla-polimero-biodegradable-procedente-de-recursos-vegetales/">PLA</a>, material procedente de materia vexetal, biodegradábel, non tóxico e ecolóxico</p>

<p>Soporte móbil Polbo deseñado pola equipa de <a href="https://test.imprimetresde.com/gl/">Imprimetresde</a> que permite colocar calqueira modelo de smartphone ou tablet en formato vertical ou apaisado. Unha pequena homenaxe ao noso cefalópodo favorito, o <a href="https://gl.wikipedia.org/wiki/Polbo">polbo</a>.</p>
