{"id":8465,"date":"2020-09-29T19:09:14","date_gmt":"2020-09-29T17:09:14","guid":{"rendered":"https:\/\/test.imprimetresde.com\/?post_type=product&#038;p=8465"},"modified":"2025-03-11T13:56:13","modified_gmt":"2025-03-11T11:56:13","slug":"lapiseiro-adios-rios-adios-fontes","status":"publish","type":"product","link":"https:\/\/test.imprimetresde.com\/gl\/produto\/lapiseiro-adios-rios-adios-fontes\/","title":{"rendered":"Lapiseiro Adios r\u00edos Adios fontes"},"content":{"rendered":"<p>Lapiseiro Adios r\u00edos Adios fontes. Fermoso lapiseiro co poema de <a href=\"https:\/\/gl.wikipedia.org\/wiki\/Cantares_gallegos\">Cantares Gallegos<\/a> de Rosal\u00eda de Castro, a escritora galega m\u00e1is universal.<\/p>\n<p>*O material no que est\u00e1 realizado \u00e9\u00a0<a href=\"https:\/\/test.imprimetresde.com\/nuestro-material-de-impresion-el-pla-polimero-biodegradable-procedente-de-recursos-vegetales\/\">PLA<\/a>, material procedente de materia vexetal, biodegrad\u00e1bel, non t\u00f3xico e ecol\u00f3xico<\/p>\n","protected":false},"excerpt":{"rendered":"<p>Lapiseiro Adios r\u00edos Adios fontes. Fermoso lapiseiro co poema de <a href=\"https:\/\/gl.wikipedia.org\/wiki\/Cantares_gallegos\">Cantares Gallegos<\/a> de Rosal\u00eda de Castro, a escritora galega m\u00e1is universal.<\/p>\n","protected":false},"featured_media":8475,"comment_status":"open","ping_status":"closed","template":"","meta":{"_vp_format_video_url":"","_vp_image_focal_point":[]},"product_brand":[],"product_cat":[421,313],"product_tag":[1397,1458,1457,1459,1114,1115,1399,2508,2507,1396,1398,1456,281,1400,1401],"class_list":{"0":"post-8465","1":"product","2":"type-product","3":"status-publish","4":"has-post-thumbnail","6":"product_cat-activismo","7":"product_cat-ambiente-gl","8":"product_tag-adios-rios-adios-fontes","9":"product_tag-aula","10":"product_tag-clase","11":"product_tag-despacho","12":"product_tag-dia-da-nai","13":"product_tag-dia-do-pai","14":"product_tag-escritorio","15":"product_tag-impresion-3d-a-coruna","16":"product_tag-impresion-3d-coruna","17":"product_tag-lapiseiro","18":"product_tag-mesa","19":"product_tag-oficina","20":"product_tag-rosalia-de-castro-gl","21":"product_tag-volta-ao-cole","22":"product_tag-volta-as-aulas","24":"first","25":"instock","26":"taxable","27":"shipping-taxable","28":"purchasable","29":"product-type-simple"},"exclude_global_add_ons":[],"addons":[],"_links":{"self":[{"href":"https:\/\/test.imprimetresde.com\/gl\/wp-json\/wp\/v2\/product\/8465","targetHints":{"allow":["GET"]}}],"collection":[{"href":"https:\/\/test.imprimetresde.com\/gl\/wp-json\/wp\/v2\/product"}],"about":[{"href":"https:\/\/test.imprimetresde.com\/gl\/wp-json\/wp\/v2\/types\/product"}],"replies":[{"embeddable":true,"href":"https:\/\/test.imprimetresde.com\/gl\/wp-json\/wp\/v2\/comments?post=8465"}],"wp:featuredmedia":[{"embeddable":true,"href":"https:\/\/test.imprimetresde.com\/gl\/wp-json\/wp\/v2\/media\/8475"}],"wp:attachment":[{"href":"https:\/\/test.imprimetresde.com\/gl\/wp-json\/wp\/v2\/media?parent=8465"}],"wp:term":[{"taxonomy":"product_brand","embeddable":true,"href":"https:\/\/test.imprimetresde.com\/gl\/wp-json\/wp\/v2\/product_brand?post=8465"},{"taxonomy":"product_cat","embeddable":true,"href":"https:\/\/test.imprimetresde.com\/gl\/wp-json\/wp\/v2\/product_cat?post=8465"},{"taxonomy":"product_tag","embeddable":true,"href":"https:\/\/test.imprimetresde.com\/gl\/wp-json\/wp\/v2\/product_tag?post=8465"}],"curies":[{"name":"wp","href":"https:\/\/api.w.org\/{rel}","templated":true}]}}

Lapiseiro Adios ríos Adios fontes

<p>Lapiseiro Adios ríos Adios fontes. Fermoso lapiseiro co poema de <a href="https://gl.wikipedia.org/wiki/Cantares_gallegos">Cantares Gallegos</a> de Rosalía de Castro, a escritora galega máis universal.</p>
<p>*O material no que está realizado é <a href="https://test.imprimetresde.com/nuestro-material-de-impresion-el-pla-polimero-biodegradable-procedente-de-recursos-vegetales/">PLA</a>, material procedente de materia vexetal, biodegradábel, non tóxico e ecolóxico</p>

<p>Lapiseiro Adios ríos Adios fontes. Fermoso lapiseiro co poema de <a href="https://gl.wikipedia.org/wiki/Cantares_gallegos">Cantares Gallegos</a> de Rosalía de Castro, a escritora galega máis universal.</p>
