{"id":8673,"date":"2020-10-31T13:54:42","date_gmt":"2020-10-31T11:54:42","guid":{"rendered":"https:\/\/test.imprimetresde.com\/?post_type=product&#038;p=8673"},"modified":"2024-03-14T19:31:53","modified_gmt":"2024-03-14T17:31:53","slug":"marcapaxinas-carvalho-calero","status":"publish","type":"product","link":"https:\/\/test.imprimetresde.com\/gl\/produto\/marcapaxinas-carvalho-calero\/","title":{"rendered":"Marcap\u00e1xinas Carvalho Calero"},"content":{"rendered":"<p>Marcap\u00e1xinas Carvalho Calero para conmemorar un D\u00eda das Letras Galegas bastante especial este ano 2020. Sum\u00e1monos, asimesmo, \u00e1 reivindicaci\u00f3n de extender a 2021 este d\u00eda adicado ao historiador da literatura, cr\u00edtico literario,\u00a0<a title=\"Filolox\u00eda\" href=\"https:\/\/gl.wikipedia.org\/wiki\/Filolox%C3%ADa\">fil\u00f3logo<\/a>,\u00a0<a title=\"Ling\u00fc\u00edstica\" href=\"https:\/\/gl.wikipedia.org\/wiki\/Ling%C3%BC%C3%ADstica\">ling\u00fcista<\/a>\u00a0e escritor\u00a0<a title=\"Pobo galego\" href=\"https:\/\/gl.wikipedia.org\/wiki\/Pobo_galego\">galego<\/a> , <a href=\"https:\/\/gl.wikipedia.org\/wiki\/Ricardo_Carballo_Calero\">Ricardo Carvalho Calero<\/a>. Autor dunha extensa obra, est\u00e1 considerado o ide\u00f3logo do\u00a0<a title=\"Reintegracionismo\" href=\"https:\/\/gl.wikipedia.org\/wiki\/Reintegracionismo\">reintegracionismo ling\u00fc\u00edstico<\/a>, postura que defende que a\u00a0<a title=\"Lingua galega\" href=\"https:\/\/gl.wikipedia.org\/wiki\/Lingua_galega\">lingua galega<\/a>\u00a0\u00e9 unha variedade da\u00a0<a title=\"Lingua portuguesa\" href=\"https:\/\/gl.wikipedia.org\/wiki\/Lingua_portuguesa\">lingua portuguesa<\/a>\u00a0ou, no \u00e1mbito cient\u00edfico, do\u00a0<a title=\"Galego-portugu\u00e9s\" href=\"https:\/\/gl.wikipedia.org\/wiki\/Galego-portugu%C3%A9s\">galego-portugu\u00e9s<\/a>.<\/p>\n<p>*O material no que est\u00e1 realizado \u00e9\u00a0<a href=\"https:\/\/test.imprimetresde.com\/gl\/o-noso-material-de-impresion-o-pla-polimero-biodegradabel-procedente-de-recursos-vexetais\/\">PLA<\/a>, material procedente de materia vexetal, biodegrad\u00e1bel, non t\u00f3xico e ecol\u00f3xico<\/p>\n<p>&nbsp;<\/p>\n","protected":false},"excerpt":{"rendered":"<p>Marcap\u00e1xinas Carvalho Calero para conmemorar un D\u00eda das Letras Galegas bastante especial este ano 2020. Sum\u00e1monos, asimesmo, \u00e1 reivindicaci\u00f3n de extender a 2021 este d\u00eda adicado ao historiador da literatura, cr\u00edtico literario,\u00a0<a title=\"Filolox\u00eda\" href=\"https:\/\/gl.wikipedia.org\/wiki\/Filolox%C3%ADa\">fil\u00f3logo<\/a>,\u00a0<a title=\"Ling\u00fc\u00edstica\" href=\"https:\/\/gl.wikipedia.org\/wiki\/Ling%C3%BC%C3%ADstica\">ling\u00fcista<\/a>\u00a0e escritor\u00a0<a title=\"Pobo galego\" href=\"https:\/\/gl.wikipedia.org\/wiki\/Pobo_galego\">galego<\/a> , <a href=\"https:\/\/gl.wikipedia.org\/wiki\/Ricardo_Carballo_Calero\">Ricardo Carvalho Calero<\/a>.<\/p>\n<p>*O material no que est\u00e1 realizado \u00e9\u00a0<a href=\"https:\/\/test.imprimetresde.com\/gl\/o-noso-material-de-impresion-o-pla-polimero-biodegradabel-procedente-de-recursos-vexetais\/\">PLA<\/a>, material procedente de materia vexetal, biodegrad\u00e1bel, non t\u00f3xico e ecol\u00f3xico<\/p>\n<p>&nbsp;<\/p>\n","protected":false},"featured_media":8678,"comment_status":"open","ping_status":"closed","template":"","meta":{"_vp_format_video_url":"","_vp_image_focal_point":[]},"product_brand":[],"product_cat":[421,316],"product_tag":[1962,1963,1435,1149,1434,601,1436,2508,2507],"class_list":{"0":"post-8673","1":"product","2":"type-product","3":"status-publish","4":"has-post-thumbnail","6":"product_cat-activismo","7":"product_cat-cultura-gl","8":"product_tag-17-de-maio","9":"product_tag-17m","10":"product_tag-carvalho-calero","11":"product_tag-dia-das-letras","12":"product_tag-dia-das-letras-galegas","13":"product_tag-escritor","14":"product_tag-historiador","15":"product_tag-impresion-3d-a-coruna","16":"product_tag-impresion-3d-coruna","18":"first","19":"instock","20":"taxable","21":"shipping-taxable","22":"purchasable","23":"product-type-simple"},"exclude_global_add_ons":[],"addons":[],"_links":{"self":[{"href":"https:\/\/test.imprimetresde.com\/gl\/wp-json\/wp\/v2\/product\/8673","targetHints":{"allow":["GET"]}}],"collection":[{"href":"https:\/\/test.imprimetresde.com\/gl\/wp-json\/wp\/v2\/product"}],"about":[{"href":"https:\/\/test.imprimetresde.com\/gl\/wp-json\/wp\/v2\/types\/product"}],"replies":[{"embeddable":true,"href":"https:\/\/test.imprimetresde.com\/gl\/wp-json\/wp\/v2\/comments?post=8673"}],"wp:featuredmedia":[{"embeddable":true,"href":"https:\/\/test.imprimetresde.com\/gl\/wp-json\/wp\/v2\/media\/8678"}],"wp:attachment":[{"href":"https:\/\/test.imprimetresde.com\/gl\/wp-json\/wp\/v2\/media?parent=8673"}],"wp:term":[{"taxonomy":"product_brand","embeddable":true,"href":"https:\/\/test.imprimetresde.com\/gl\/wp-json\/wp\/v2\/product_brand?post=8673"},{"taxonomy":"product_cat","embeddable":true,"href":"https:\/\/test.imprimetresde.com\/gl\/wp-json\/wp\/v2\/product_cat?post=8673"},{"taxonomy":"product_tag","embeddable":true,"href":"https:\/\/test.imprimetresde.com\/gl\/wp-json\/wp\/v2\/product_tag?post=8673"}],"curies":[{"name":"wp","href":"https:\/\/api.w.org\/{rel}","templated":true}]}}

Marcapáxinas Carvalho Calero

<p>Marcapáxinas Carvalho Calero para conmemorar un Día das Letras Galegas bastante especial este ano 2020. Sumámonos, asimesmo, á reivindicación de extender a 2021 este día adicado ao historiador da literatura, crítico literario, <a title="Filoloxía" href="https://gl.wikipedia.org/wiki/Filolox%C3%ADa">filólogo</a>, <a title="Lingüística" href="https://gl.wikipedia.org/wiki/Ling%C3%BC%C3%ADstica">lingüista</a> e escritor <a title="Pobo galego" href="https://gl.wikipedia.org/wiki/Pobo_galego">galego</a> , <a href="https://gl.wikipedia.org/wiki/Ricardo_Carballo_Calero">Ricardo Carvalho Calero</a>. Autor dunha extensa obra, está considerado o ideólogo do <a title="Reintegracionismo" href="https://gl.wikipedia.org/wiki/Reintegracionismo">reintegracionismo lingüístico</a>, postura que defende que a <a title="Lingua galega" href="https://gl.wikipedia.org/wiki/Lingua_galega">lingua galega</a> é unha variedade da <a title="Lingua portuguesa" href="https://gl.wikipedia.org/wiki/Lingua_portuguesa">lingua portuguesa</a> ou, no ámbito científico, do <a title="Galego-portugués" href="https://gl.wikipedia.org/wiki/Galego-portugu%C3%A9s">galego-portugués</a>.</p>
<p>*O material no que está realizado é <a href="https://test.imprimetresde.com/gl/o-noso-material-de-impresion-o-pla-polimero-biodegradabel-procedente-de-recursos-vexetais/">PLA</a>, material procedente de materia vexetal, biodegradábel, non tóxico e ecolóxico</p>
<p>&nbsp;</p>

<p>Marcapáxinas Carvalho Calero para conmemorar un Día das Letras Galegas bastante especial este ano 2020. Sumámonos, asimesmo, á reivindicación de extender a 2021 este día adicado ao historiador da literatura, crítico literario, <a title="Filoloxía" href="https://gl.wikipedia.org/wiki/Filolox%C3%ADa">filólogo</a>, <a title="Lingüística" href="https://gl.wikipedia.org/wiki/Ling%C3%BC%C3%ADstica">lingüista</a> e escritor <a title="Pobo galego" href="https://gl.wikipedia.org/wiki/Pobo_galego">galego</a> , <a href="https://gl.wikipedia.org/wiki/Ricardo_Carballo_Calero">Ricardo Carvalho Calero</a>.</p>
<p>*O material no que está realizado é <a href="https://test.imprimetresde.com/gl/o-noso-material-de-impresion-o-pla-polimero-biodegradabel-procedente-de-recursos-vexetais/">PLA</a>, material procedente de materia vexetal, biodegradábel, non tóxico e ecolóxico</p>
<p>&nbsp;</p>
