{"id":8713,"date":"2020-11-06T13:49:50","date_gmt":"2020-11-06T11:49:50","guid":{"rendered":"https:\/\/test.imprimetresde.com\/?post_type=product&#038;p=8713"},"modified":"2024-03-14T19:30:59","modified_gmt":"2024-03-14T17:30:59","slug":"anel-woman-power","status":"publish","type":"product","link":"https:\/\/test.imprimetresde.com\/gl\/produto\/anel-woman-power\/","title":{"rendered":"Anel Woman Power"},"content":{"rendered":"<p>Anel Woman Power. Realizado en lila, cor que identifica mundialmente a loita feminista. Dalle un toque reivindicativo ao teu look e vaite \u00e1s manis do 8M con el! Hai tallas e adem\u00e1is conta cunha pequena abertura que o convirte en adaptable a varias medidas!<\/p>\n<p><a href=\"https:\/\/gl.wikipedia.org\/wiki\/D%C3%ADa_Internacional_da_Muller\">8 de marzo<\/a>, D\u00eda Internacional da Muller Traballadora<\/p>\n<p><a href=\"https:\/\/gl.wikipedia.org\/wiki\/D%C3%ADa_Internacional_para_a_Eliminaci%C3%B3n_da_Violencia_contra_a_Muller\">25 de novembro<\/a>, D\u00eda Internacional para a eliminaci\u00f3n da Violencia contra a Muller<\/p>\n<p>&nbsp;<\/p>\n<p>*O material no que est\u00e1 realizado \u00e9 <a href=\"https:\/\/test.imprimetresde.com\/gl\/o-noso-material-de-impresion-o-pla-polimero-biodegradabel-procedente-de-recursos-vexetais\/\">PLA<\/a>, material procedente de materia vexetal, biodegrad\u00e1bel, non t\u00f3xico e ecol\u00f3xico<\/p>\n<p>&nbsp;<\/p>\n<p>&nbsp;<\/p>\n","protected":false},"excerpt":{"rendered":"<p>Anel Woman Power. Realizado en lila, cor que identifica mundialmente a loita feminista. Dalle un toque reivindicativo ao teu look e vaite \u00e1s manis do 8M con el! Hai tallas e adem\u00e1is conta cunha pequena abertura que o convirte en adaptable a varias medidas!<\/p>\n<p><a href=\"https:\/\/gl.wikipedia.org\/wiki\/D%C3%ADa_Internacional_da_Muller\">8 de marzo<\/a>, D\u00eda Internacional da Muller Traballadora<\/p>\n<p><a href=\"https:\/\/gl.wikipedia.org\/wiki\/D%C3%ADa_Internacional_para_a_Eliminaci%C3%B3n_da_Violencia_contra_a_Muller\">25N<\/a>, D\u00eda Internacional para a eliminaci\u00f3n da Violencia contra a Muller<\/p>\n<p>&nbsp;<\/p>\n","protected":false},"featured_media":9723,"comment_status":"open","ping_status":"closed","template":"","meta":{"_vp_format_video_url":"","_vp_image_focal_point":[]},"product_brand":[],"product_cat":[421,315,316],"product_tag":[970,541,756,1440,1446,357,354,2508,2507,973,1441,1452],"class_list":{"0":"post-8713","1":"product","2":"type-product","3":"status-publish","4":"has-post-thumbnail","6":"product_cat-activismo","7":"product_cat-complementos-gl","8":"product_cat-cultura-gl","9":"product_tag-25n","10":"product_tag-8m","11":"product_tag-anel","12":"product_tag-barbarie","13":"product_tag-dia-internacional","14":"product_tag-feminismo-gl","15":"product_tag-feminista-gl","16":"product_tag-impresion-3d-a-coruna","17":"product_tag-impresion-3d-coruna","18":"product_tag-muller-gl","19":"product_tag-mulleres-gl","20":"product_tag-violencia-machista","22":"first","23":"instock","24":"sale","25":"taxable","26":"shipping-taxable","27":"purchasable","28":"product-type-variable"},"exclude_global_add_ons":[],"addons":[],"_links":{"self":[{"href":"https:\/\/test.imprimetresde.com\/gl\/wp-json\/wp\/v2\/product\/8713","targetHints":{"allow":["GET"]}}],"collection":[{"href":"https:\/\/test.imprimetresde.com\/gl\/wp-json\/wp\/v2\/product"}],"about":[{"href":"https:\/\/test.imprimetresde.com\/gl\/wp-json\/wp\/v2\/types\/product"}],"replies":[{"embeddable":true,"href":"https:\/\/test.imprimetresde.com\/gl\/wp-json\/wp\/v2\/comments?post=8713"}],"wp:featuredmedia":[{"embeddable":true,"href":"https:\/\/test.imprimetresde.com\/gl\/wp-json\/wp\/v2\/media\/9723"}],"wp:attachment":[{"href":"https:\/\/test.imprimetresde.com\/gl\/wp-json\/wp\/v2\/media?parent=8713"}],"wp:term":[{"taxonomy":"product_brand","embeddable":true,"href":"https:\/\/test.imprimetresde.com\/gl\/wp-json\/wp\/v2\/product_brand?post=8713"},{"taxonomy":"product_cat","embeddable":true,"href":"https:\/\/test.imprimetresde.com\/gl\/wp-json\/wp\/v2\/product_cat?post=8713"},{"taxonomy":"product_tag","embeddable":true,"href":"https:\/\/test.imprimetresde.com\/gl\/wp-json\/wp\/v2\/product_tag?post=8713"}],"curies":[{"name":"wp","href":"https:\/\/api.w.org\/{rel}","templated":true}]}}

<p>Anel Woman Power. Realizado en lila, cor que identifica mundialmente a loita feminista. Dalle un toque reivindicativo ao teu look e vaite ás manis do 8M con el! Hai tallas e ademáis conta cunha pequena abertura que o convirte en adaptable a varias medidas!</p>
<p><a href="https://gl.wikipedia.org/wiki/D%C3%ADa_Internacional_da_Muller">8 de marzo</a>, Día Internacional da Muller Traballadora</p>
<p><a href="https://gl.wikipedia.org/wiki/D%C3%ADa_Internacional_para_a_Eliminaci%C3%B3n_da_Violencia_contra_a_Muller">25 de novembro</a>, Día Internacional para a eliminación da Violencia contra a Muller</p>
<p>&nbsp;</p>
<p>*O material no que está realizado é <a href="https://test.imprimetresde.com/gl/o-noso-material-de-impresion-o-pla-polimero-biodegradabel-procedente-de-recursos-vexetais/">PLA</a>, material procedente de materia vexetal, biodegradábel, non tóxico e ecolóxico</p>
<p>&nbsp;</p>
<p>&nbsp;</p>

<p>Anel Woman Power. Realizado en lila, cor que identifica mundialmente a loita feminista. Dalle un toque reivindicativo ao teu look e vaite ás manis do 8M con el! Hai tallas e ademáis conta cunha pequena abertura que o convirte en adaptable a varias medidas!</p>
<p><a href="https://gl.wikipedia.org/wiki/D%C3%ADa_Internacional_da_Muller">8 de marzo</a>, Día Internacional da Muller Traballadora</p>
<p><a href="https://gl.wikipedia.org/wiki/D%C3%ADa_Internacional_para_a_Eliminaci%C3%B3n_da_Violencia_contra_a_Muller">25N</a>, Día Internacional para a eliminación da Violencia contra a Muller</p>
<p>&nbsp;</p>
