{"id":8749,"date":"2020-11-10T20:13:11","date_gmt":"2020-11-10T18:13:11","guid":{"rendered":"https:\/\/test.imprimetresde.com\/?post_type=product&#038;p=8749"},"modified":"2024-03-14T19:30:43","modified_gmt":"2024-03-14T17:30:43","slug":"broche-pandeireta-woman-power","status":"publish","type":"product","link":"https:\/\/test.imprimetresde.com\/gl\/produto\/broche-pandeireta-woman-power\/","title":{"rendered":"Broche Pandeireta Woman Power"},"content":{"rendered":"<p>Broche Pandeireta Woman Power, dese\u00f1ado pola equipa de <a href=\"https:\/\/test.imprimetresde.com\/gl\/\">Imprimetresde<\/a> . Fermos\u00edsimo broche co s\u00edmbolo <a href=\"https:\/\/gl.wikipedia.org\/wiki\/Feminismo\">feminista<\/a> e con forma de pandeireta, instrumento que constit\u00fae a base da m\u00fasica tradicional galega. Feita en cor lila, a cor da loita feminista. Asimesmo, disp\u00f3n dunhas ferre\u00f1as met\u00e1licas que far\u00e1n as delicias de calquer mel\u00f3man@.<\/p>\n<p>Realizado en madeira imprim\u00edbel (wooden PLA) e <a href=\"https:\/\/test.imprimetresde.com\/gl\/o-noso-material-de-impresion-o-pla-polimero-biodegradabel-procedente-de-recursos-vexetais\/\">PLA<\/a>.<\/p>\n","protected":false},"excerpt":{"rendered":"<p>Broche Pandeireta Woman Power, dese\u00f1ado pola equipa de <a href=\"https:\/\/test.imprimetresde.com\/gl\/\">Imprimetresde<\/a> . Fermos\u00edsimo broche co s\u00edmbolo feminista e con forma de pandeireta, instrumento que constit\u00fae a base da m\u00fasica tradicional galega. Feita en cor lila, a cor da loita feminista. Asimesmo, disp\u00f3n dunhas ferre\u00f1as met\u00e1licas que far\u00e1n as delicias de calquer mel\u00f3man@.<\/p>\n<p>&nbsp;<\/p>\n","protected":false},"featured_media":8753,"comment_status":"open","ping_status":"closed","template":"","meta":{"_vp_format_video_url":"","_vp_image_focal_point":[]},"product_brand":[],"product_cat":[421,315,316],"product_tag":[970,541,365,357,354,2508,2507,413,1205,355],"class_list":{"0":"post-8749","1":"product","2":"type-product","3":"status-publish","4":"has-post-thumbnail","6":"product_cat-activismo","7":"product_cat-complementos-gl","8":"product_cat-cultura-gl","9":"product_tag-25n","10":"product_tag-8m","11":"product_tag-broche","12":"product_tag-feminismo-gl","13":"product_tag-feminista-gl","14":"product_tag-impresion-3d-a-coruna","15":"product_tag-impresion-3d-coruna","16":"product_tag-loita-feminista","17":"product_tag-pandeireta-gl","18":"product_tag-woman-power-gl","20":"first","21":"instock","22":"sale","23":"taxable","24":"shipping-taxable","25":"purchasable","26":"product-type-simple"},"exclude_global_add_ons":[],"addons":[],"_links":{"self":[{"href":"https:\/\/test.imprimetresde.com\/gl\/wp-json\/wp\/v2\/product\/8749","targetHints":{"allow":["GET"]}}],"collection":[{"href":"https:\/\/test.imprimetresde.com\/gl\/wp-json\/wp\/v2\/product"}],"about":[{"href":"https:\/\/test.imprimetresde.com\/gl\/wp-json\/wp\/v2\/types\/product"}],"replies":[{"embeddable":true,"href":"https:\/\/test.imprimetresde.com\/gl\/wp-json\/wp\/v2\/comments?post=8749"}],"wp:featuredmedia":[{"embeddable":true,"href":"https:\/\/test.imprimetresde.com\/gl\/wp-json\/wp\/v2\/media\/8753"}],"wp:attachment":[{"href":"https:\/\/test.imprimetresde.com\/gl\/wp-json\/wp\/v2\/media?parent=8749"}],"wp:term":[{"taxonomy":"product_brand","embeddable":true,"href":"https:\/\/test.imprimetresde.com\/gl\/wp-json\/wp\/v2\/product_brand?post=8749"},{"taxonomy":"product_cat","embeddable":true,"href":"https:\/\/test.imprimetresde.com\/gl\/wp-json\/wp\/v2\/product_cat?post=8749"},{"taxonomy":"product_tag","embeddable":true,"href":"https:\/\/test.imprimetresde.com\/gl\/wp-json\/wp\/v2\/product_tag?post=8749"}],"curies":[{"name":"wp","href":"https:\/\/api.w.org\/{rel}","templated":true}]}}

<p>Broche Pandeireta Woman Power, deseñado pola equipa de <a href="https://test.imprimetresde.com/gl/">Imprimetresde</a> . Fermosísimo broche co símbolo <a href="https://gl.wikipedia.org/wiki/Feminismo">feminista</a> e con forma de pandeireta, instrumento que constitúe a base da música tradicional galega. Feita en cor lila, a cor da loita feminista. Asimesmo, dispón dunhas ferreñas metálicas que farán as delicias de calquer melóman@.</p>
<p>Realizado en madeira imprimíbel (wooden PLA) e <a href="https://test.imprimetresde.com/gl/o-noso-material-de-impresion-o-pla-polimero-biodegradabel-procedente-de-recursos-vexetais/">PLA</a>.</p>

<p>Broche Pandeireta Woman Power, deseñado pola equipa de <a href="https://test.imprimetresde.com/gl/">Imprimetresde</a> . Fermosísimo broche co símbolo feminista e con forma de pandeireta, instrumento que constitúe a base da música tradicional galega. Feita en cor lila, a cor da loita feminista. Asimesmo, dispón dunhas ferreñas metálicas que farán as delicias de calquer melóman@.</p>
<p>&nbsp;</p>
